(1962,'','A comparative study of event-related coupling patterns during an auditory oddball task in schizophrenia','Journal of Neural Engineering','',12,2015,1,'','','','','','','','','10','76','Engineering, Biomedical','Alejandro Bachiller, Jesús Poza, Carlos Gómez, Vicente Molina, Vanessa Suazo, Roberto Hornero','','','',6),(1963,'','Positive airway pressure and electrical stimulation methods for obstructive sleep apnea treatment: a patent review (2005-2014)','Expert Opinion On Therapeutic Patents','',9,2015,25,'971-989','1354-3776','','','','','','','4','59','Chemestry, Medicinal','Daniel Álvarez, Gonzalo C. Gutiérrez-Tobal, Félix del Campo, Roberto Hornero','','','',6),(1964,'','Adaptive Stacked Generalization for Multiclass Motor Imagery-based Brain Computer Interfaces','IEEE Transactions on Neural Systems and Rehabilitation Engineering','',23,2015,4,'702-712,','1534-4320','','','','','','','6','65','Rehabilitation','Luis F. Nicolás-Alonso, Rebeca Corralejo, Javier Gómez-Pilar, Daniel Alvarez, Roberto Hornero','','','',6),(1965,'','Auditory P3a and P3b neural generators in schizophrenia: An adaptive sLORETA P300 localization approach','Schizophrenia Research','',169,2015,0,'318-325','0920-9964','','','','','','','25','142','Psychiatry','Alejandro Bachiller, Sergio Romero, Vicente Molina, Joan F. Alonso, Miguel A. Mañanas, Jesús Poza, Roberto Hornero','','','',1),(1966,'','Decreased entropy modulation of EEG response to novelty and relevance in schizophrenia during a P300 task','European Archives of Psychiatry and Clinical Neuroscience','',265,2015,0,'525-535','0940-1334','','','','','','','36','193','Clinical Neurology','Alejandro Bachiller, Alba Lubeiro, Álvaro Díez, Vanessa Suazo, Cristina Domínguez, José A. Blanco, Marta Ayuso, Roberto Hornero, Jesús Poza, Vicente Molina','','','',6),(1967,'','Adaptive semi-supervised classification to reduce intersession non-stationarity in multiclass motor imagery-based brain computer interfaces','Neurocomputing','',159,2015,2,'186-196','0925-2312','','','','','','','31','130','Computer Science, Artificial Intelligence','Luis F. Nicolás-Alonso, Rebeca Corralejo, Javier Gómez-Pilar, Daniel Alvarez, Roberto Hornero','','','',6),(1968,'','Neural Network Reorganization Analysis during an Auditory Oddball Task in Schizophrenia using Wavelet Entropy','Entropy','',17,2015,0,'5241-5256','1099-4300','','','','','','','34','78','Physics, Multidisciplinary','Javier Gomez-Pilar, Jesús Poza, Alejandro Bachiller, Carlos Gómez, Vicente Molina, Roberto Hornero','','','',6),(1969,'','Assessment of Time and Frequency Domain Entropies to Detect Sleep Apnoea in Heart Rate Variability Recordings from Men and Women','Entropy','',17,2015,1,'123-141','1099-4300','','','','','','','25','79',' Physics, Multidisciplinary','Gonzalo C. Gutiérrez-Tobal, Daniel Álvarez, Javier Gomez-Pilar, Félix del Campo, Roberto Hornero','','','',6),(1970,'','MEG analysis of neural dynamics in Attention-Deficit/Hyperactivity Disorder with Fuzzy Entropy','Medical Engineering & Physics','',37,2015,0,'416–423','1350-4533','','','','','','','25','79','Physics, Multidisciplinary','Jesús Monge, Carlos Gómez, Jesús Poza, Alberto Fernández, Javier Quintero, Roberto Hornero','','','',6),(1971,'','Diagnosis of pediatric obstructive sleep apnea: preliminary findings using automatic analysis of airflow and oximetry recordings obtained at patients\' home','Biomedical Signal Processing and Control','',18,2015,0,'401-407','1746-8094','','','','','','','47','76','Engineering, Biomedical','Gonzalo C. Gutiérrez-Tobal, M. Luz Alonso-Álvarez, Daniel Álvarez, Félix del Campo, Joaquín Terán-Santos, Roberto Hornero','','','',6),(1972,'','Healthcare Engineering Defined: A White Paper','Journal of Healthcare Engineering','',6,2015,4,'635–648','2040-2295','','','','','','','75','88','Health Care Sciences & Services','Ming-Chien Chyu, Tony Austin, Fethi Calisir, Samuel Chanjaplammootil, Mark J. Davis, BSIE, Jesus Favela, Heng Gan, Amit Gefen, Ram Haddas, Shoshana Hahn-Goldberg, Roberto Hornero, Yu-Li Huang, Øystein Jensen, Zhongwei Jiang, J.S. Katsanis, Jeong-A Lee, Gl','','','',6),(1973,'Aceptado para publicación en European Archives of Psychiatry and Clinical Neuroscience','Variation at NRG1 genotype related to modulation of small-world properties of the functional cortical network','European Archives of Psychiatry and Clinical Neuroscience','',0,2015,0,'','0940-1334','','','','','','','36','193','Clinical Neurology','Alba Lubeiro, Javier Gomez-Pilar, Oscar Martín, Aitor Palomino, Myriam Fernández, Ana González Pinto, Jesús Poza, Roberto Hornero, Vicente Molina','','','',6),(1974,'','Analysis of neural dynamics in mild cognitive impairment and Alzheimer\'s disease using the wavelet turbulence','Journal of Neural Engineering','',11,2014,2,'','1741-2560','','','','','','','14','76','Engineering, Biomedical','Jesús Poza, Carlos Gómez, María García, Rebeca Corralejo, Alberto Fernández, Roberto Hornero','','','',6),(1975,'','Reduced predictable information in brain signals in Autism Spectrum Disorder','Frontiers in Neuroinformatics','',8,2014,0,'9','1662-5196','','','','','','','8','192','Mathematical & Computational Biology','Carlos Gómez, Joseph Troy Lizier, Michael Schaum, Patricia Wollstadt, Christine Grützner, Peter Uhlhaas, Christine M. Freitag, Sabine Schlitt, Sven Bölte, Roberto Hornero, Michael Wibral','','','',6),(1976,'','Decreased spectral entropy modulation in patients with schizophrenia during a P300 task','European Archives of Psychiatry and Clinical Neuroscience','',264,2014,0,'533-543','0940-1334','','','','','','','47','192','Clinical Neurology','Alejandro Bachiller, Alvaro Díez, Vanessa Suazo, Cristina Domínguez, Marta Ayuso, Roberto Hornero, Jesús Poza, Vicente Molina','','','',6),(1978,'','A P300-based brain–computer interface aimed at operating electronic devices at home for severely disabled people','Medical & Biological Engineering & Computing','',52,2014,10,'861-872','0140-0118','','','','','','','35','102','Computer Science, Interdisciplinary Applications','Rebeca Corralejo, Luis F. Nicolás-Alonso, Daniel Álvarez, Roberto Hornero','','','',6),(1979,'','Assessment of feature selection and classification approaches to enhance information from overnight oximetry in the context of sleep apnea diagnosis','International Journal of Neural Systems','',23,2013,5,'1-18','0129-0657','','','','','','','3','121','Computer Science, Artificial Engineering','Daniel Alvarez, Roberto Hornero, J. Víctor Marcos, Niels Wessel, Thomas Penzel and Félix del Campo','','','',6),(1980,'','Spectral changes in spontaneous MEG activity across the life span','Journal of Neural Engineering','',10,2013,6,'','1741-2560','','','','','','','10','77','Engineering, Biomedical','Carlos Gómez, Jose M. Pérez-Macías, Jesús Poza, Alberto Fernández, Roberto Hornero.','','','',6),(1981,'','Effects of a multi-sensory environment on brain-injured patients: assessment of spectral patterns','Medical Engineering & Physics','',35,2013,3,'368-375','1350-4533','','','','','','','32','77','Engineering, Biomedical','Jesús Poza, Carlos Gómez, María T. Gutiérrez, Nuria Mendoza, Roberto Hornero','','','',6),(1982,'','Changes in the MEG background activity in patients with positive symptoms of schizophrenia: spectral analysis and impact of age','Physiological Measurement','',34,2013,0,'265-279','0967-3334','','','','','','','38','77','Engineering, Biomedical','Javier Escudero, Emmanuel Ifeachor, Alberto Fernández, Juan J. López-Ibor, Roberto Hornero','','','',6),(1983,'','Pattern recognition in airflow recordings to assist in the sleep apnoea-hypopnoea syndrome diagnosis','Medical & Biological Engineering & Computing','',51,2013,12,'1367-1380','0140-0118','','','','','','','42','77','Engineering, Biomedical','Gonzalo C. Gutiérrez-Tobal, Daniel Álvarez, J. Víctor Marcos, Félix del Campo, Roberto Hornero','','','',6),(1984,'','Spectral analysis of intracranial pressure signals recorded during infusion studies in patients with hydrocephalus','Medical Engineering & Physics','',35,2013,10,'1490-1498','1350-4533','','','','','','','32','77','Engineering, Biomedical','María García, Jesús Poza, David Santamarta, Daniel Abásolo, Patricia Barrio, Roberto Hornero','','','',6),(1985,'',' The influence of the refractive correction on the vision-related quality of life in keratoconus patients','QUALITY OF LIFE RESEARCH','',25,2016,4,'1043-1051','0962-9343','','','','10.1007/s11136-015-1117-1','','','29','88','','Ortiz-Toquero, Sara; Perez, Sofia; Rodriguez, Guadalupe; de Juan, Victoria; Mayo-Iscar, Agustin; Martin, Raul','','','',1),(1986,'','Design and Evaluation of a Customized Reading Rehabilitation Program for Patients with Age-related Macular Degeneration','OPHTHALMOLOGY','',120,2013,1,'151-159','0161-6420','','','','10.1016/j.ophtha.2012.07.035','','','2','58','','Coco-Martin, MB ; Cuadrado-Asensio, R ; Lopez-Miguel, A ; Mayo-Iscar, A  ; Maldonado, MJ  ; Pastor, JC ','','','',1),(1987,'','The PARP inhibitor olaparib enhances the sensitivity of Ewing sarcoma to trabectedin','ONCOTARGET','',6,2015,22,'18875-18890','1949-2553','','','','10.18632/oncotarget.4303','','','36','213','','Ordonez, JL ; Amaral, AT ; Carcaboso, AM ; Herrero-Martin, D ; Garcia-Macias, MDC  ; Sevillano, V ; Alonso, D  ; Pascual-Pasto, G  ; San-Segundo, L  ; Vila-Ubach, M  ; Rodrigues, T  ; Fraile, S  ; Teodosio, C  ; Mayo-Iscar, A  ; Aracil, M ; Galmarini, CM ','','','',1),(1988,'','Cross-approximate entropy parallel computation on GPUs for biomedical signal analysis. Application to MEG recordings','Computer Methods and Programs in Biomedicine','',112,2013,1,'189-199','0169-2607','','','','','','','54','77','Engineering, Biomedical','Mario Martínez-Zarzuela, Carlos Gómez, Francisco Javier Díaz-Pernas, Alberto Fernández, Roberto Hornero','','','',6),(1989,'','Complexity and Schizophrenia','Progress in Neuro-Psychopharmacology & Biological Psychiatry','',45,2013,0,'267-276','0278-5846','','','','','','','33','194','Clinical Neurology','Alberto Fernández, Carlos Gómez, Roberto Hornero, Juan José López-Ibor','','','',6),(1990,'','Automated Prediction of the Apnea-Hypopnea Index from Nocturnal Oximetry Recordings','IEEE Transactions on Biomedical Engineering, vol. 59, 1, pp. 141-149, Enero, 2012. ISSN: 0018-9294','',59,2012,1,'141-149','0018-9294','','','','','','','26','79','Engineering, Biomedical','J. Víctor Marcos, Roberto Hornero, Daniel Álvarez, Mateo Aboy, Félix Del Campo.','','','',6),(1991,'','Feature selection from nocturnal oximetry using genetic algorithms to assist in obstructive sleep apnoea diagnosis','Medical Engineering & Physics','',34,2012,0,'1049-1057','1350-4533','','','','','','','34','79','Engineering, Biomedical','Daniel Álvarez, Roberto Hornero, J. Víctor Marcos, Félix del Campo Javier Escudero, Roberto Hornero, Daniel Abásolo.','','','',6),(1992,'','Linear and nonlinear analysis of airflow recordings to help in sleep apnoea-hypopnoea syndrome diagnosis','Physiological Measurement','',33,2012,0,'1261-1275','0967-3334','','','','','','','44','79','Engineering, Biomedical','Gonzalo C. Gutiérrez-Tobal, Roberto Hornero, Daniel Álvarez, J. Víctor Marcos, Félix del Campo','','','',6),(1993,'','Ricardo Bruña, Jesús Poza, Carlos Gómez, Alberto Fernández, Maria García and Roberto Hornero','Journal of Neural Engineering','',9,2012,3,'','1741-2560','','','','','','','11','79','Engineering, Biomedical','Analysis of spontaneous MEG activity in mild cognitive impairment and Alzheimer\'s disease using spectral entropies and statistical complexity measures','','','',6),(1994,'','Characterisation of the intracranial pressure waveform during infusion studies by means of central tendency measure','Acta Neurochirurgica','',154,2012,0,'1595-1602','0001-6268','','','','','','','85','199','Surgery','David Santamarta, Daniel Abásolo, Manuel Martínez-Madrigal, Roberto Hornero','','','',6),(1995,'','Complexity analysis of spontaneous brain activity in Major Depression: an approach to understand the process of symtom remisison','Journal of Psychopharmacology','',26,2012,0,'636-643','269-8811','','','','','','','46','193','Clinical Neurology','María Andreína Méndez, Pilar Zuluaga, Alfonso Rodríguez-Palancas, Roberto Hornero, Carlos Gómez, Javier Escudero, Tomás Ortiz, Alberto Fernández','','','',6),(1996,'','Brain oscillatory complexity across the life-span','Clinical Neurophysiology','',123,2012,11,'2154-2162','1388-2457','','','','','','','55','193','Clinical Neurology','Alberto Fernández, Pilar Zuluaga, Daniel Abásolo, Carlos Gómez, Anahi Serra, María Andreína Méndez, Roberto Hornero','','','',1),(1997,'','Spectral and non-linear analyses of spontaneous MEG activity in Alzheimer’s disease','Journal of Healthcare Engineering','',3,2012,2,'299-322','1456-7865','','','','','','','78','83','Health Care Sciences & Services','Jesús Poza, Carlos Gómez, Alejandro Bachiller, Roberto Hornero','','','',6),(1998,'','Performance Evaluation of a Web-Based System to Exchange Electronic Health Records Using Queueing Model (M/M/1)','Journal of Medical Systems','',36,0,0,'915-924','0300-2896','','','','','','','11','23','Medical Informatics','Isabel de la Torre, Francisco Javier Díaz, Míriam Antón, Mario Martínez, José Fernando Díez, Daniel Boto, Miguel López, Roberto Hornero, María Isabel López','','','',6),(1999,'','Complexity analysis of resting-state MEG activity in early-stage Parkinson\'s disease patients','Annals of Biomedical Engineering','',39,2011,12,'2935-2944','0090-6964','','','','','','','20','72','Engineering, Biomedical','Carlos Gómez, Kim T. E. Olde Dubbelink, Cornelis J. Stam, Daniel Abásolo, Henk W. Berendse, Roberto Hornero','','','',6),(2000,'','Quantitative Evaluation of Artifact Removal in Real Magnetoencephalogram Signals With Blind Source Separation','Annals of Biomedical Engineering','',39,2011,8,'2274-2286','0090-6964','','','','','','','20','72','Engineering, Biomedical','Javier Escudero, Roberto Hornero, Daniel Abásolo, Alberto Fernández','','','',6),(2001,'','A bellboy robot: Study of the effects of robot behaviour on user engagement and comfort ','International Journal of Human-Computer Studies','',82,2015,0,'83--95','1071-5819 ','','','','10.1016/j.ijhcs.2015.06.001 ','http://www.sciencedirect.com/science/article/pii/S1071581915001032','','4','16','','Rodriguez-Lizundia, Eduardo and  Marcos, Samuel and Zalama, Edeuardo and Gomez-Garcia-Bermejo, Jaime and Gordaliza, Alfonso','','','',5),(2002,'','MEG connectivity analysis in patients with Alzheimer\'s disease using cross mutual information and spectral coherence','Annals of Biomedical Engineering','',39,2011,1,'524-536','0090-6964','','','','','','','20','72','Engineering, Biomedical','Joan Francesc Alonso, Jesús Poza, Miguel A. Mañanas, Sergio Romero, Alberto Fernández, Roberto Hornero','','','',6),(2003,'','Regional coherence evaluation in mild cognitive impairment and Alzheimer\'s disease based on adaptively extracted magnetoencephalogram rhythms','Physiological Measurement','',32,2011,0,'1163-1180','0967-3334','','','','','','','37','72','Engineering, Biomedical','Javier Escudero, Saeid Sanei, Delaram Jarchi, Daniel Abásolo, Roberto Hornero','','','',6),(2004,'','The correlation between white-matter microstructure and the complexity of spontaneous brain activity: a difussion tensor imaging-MEG study','Neuroimage','',57,2011,0,'1300-1307','1053-8119','','','','','','','1','14','Neuroimaging','Alberto Fernandez, Marcos Ríos-Lago, Daniel Abásolo, Roberto Hornero, Juan Alvarez-Linera, Nuria Paul, Fernando Maestú, Tomás Ortiz','','','',6),(2005,'','Lempel-Ziv complexity in schizophrenia: a MEG study','Clinical Neurophysiology','',122,2011,0,'2227-2235','1388-2457','','','','','','','46','192','Clinical Neurology','Alberto Fernández, María-Inés López-Ibor, Agustín Turrero, Juan-Matías Santos, María-Dolores Morón, Roberto Hornero, Carlos Gómez, María Andreina Méndez, Tomás Ortiz, Juan José López-Ibor','','','',6),(2006,'','Choosing the most efficient database for a Web-based system to store and exchange Ophthalmologic Health Records','Journal of Medical Systems','',35,2011,0,'1455-1464','0300-2896','','','','','','','17','23','Medical Informatics','sabel de la Torre, Francisco Javier Díaz, Miriam Antón, José Fernando Díez, Beatriz Sainz, Miguel López, Roberto Hornero, María Isabel López','','','',6),(2007,'','Consistency of the Blind Source Separation Computed With Five Common Algorithms for Magnetoencephalogram Background Activity','Medical Engineering & Physics','',32,2010,0,'1137-1144','1350-4533','','','','','','','28','70','Engineering, Biomedical','Javier Escudero, Roberto Hornero, Daniel Abásolo','','','',6),(2009,'MR3589786','Quality of Life and Poverty: Measurement and Comparability','Internat. J. Uncertain. Fuzziness Knowledge-Based Systems','International Journal of Uncertainty, Fuzziness and Knowledge-Based Systems',24,2016,0,'63--85','0218-4885','91B15','3589786','','10.1142/S0218488516400043','http://dx.doi.org/10.1142/S0218488516400043','','','','','Molpeceres-Abella, Mercedes and García-Lapresta, José Luis','','','',1),(2010,'MR2802954','A distance-based extension of the majority judgement voting system','Acta Univ. M. Belii Ser. Math.','Acta Universitatis Matthiae Belii. Series Mathematics',18,2011,0,'17--27','1338-712X','91B12 (91B14)','2802954','Vicki Knoblauch','','','','','','','Falcó, Edurne and García-Lapresta, José Luis','','','',1),(2011,'MR3589790','Foreword','Internat. J. Uncertain. Fuzziness Knowledge-Based Systems','International Journal of Uncertainty, Fuzziness and Knowledge-Based Systems',24,2016,0,'v--ix','0218-4885','91-06','3589790','','10.1142/S0218488516020013','http://dx.doi.org/10.1142/S0218488516020013','','','','','García-Lapresta, José Luis and Marques Pereira, Ricardo Alberto','','','',1),(2012,'MR2098225','An improved class of generalized Runge-Kutta methods for stiff problems. II. The separated system case','Appl. Math. Comput.','Applied Mathematics and Computation',159,2004,3,'717--758','0096-3003','65L06','2098225','','10.1016/j.amc.2003.09.023','http://dx.doi.org/10.1016/j.amc.2003.09.023','','82','162','','Alvarez, Jorge and Rojo, Jesús','','','',1),(2013,'MR2044134','An improved class of generalized Runge-Kutta-Nyström methods for special second-order differential equations','Commun. Nonlinear Sci. Numer. Simul.','Communications in Nonlinear Science and Numerical Simulation',9,2004,2,'217--227','1007-5704','65L06','2044134','','10.1016/S1007-5704(03)00111-4','http://dx.doi.org/10.1016/S1007-5704(03)00111-4','','','','','Alvarez, Jorge and Rojo, Jesús','','','',1),(2014,'MR1912228','An improved class of generalized Runge-Kutta methods for stiff problems. I. The scalar case','Appl. Math. Comput.','Applied Mathematics and Computation',130,2002,0,'537--560','0096-3003','65L05 (65L06)','1912228','','10.1016/S0096-3003(01)00115-1','http://dx.doi.org/10.1016/S0096-3003(01)00115-1','','','','','\'Alvarez, Jorge and Rojo, Jesús','','','',1),(2015,'MR1705629','Obtaining new explicit two-stage methods for the scalar autonomous IVP with prefixed stability functions','Internat. J. Appl. Sci. Comput.','International Journal of Applied Science and Computations',6,1999,1,'39--44','1089-0025','65L05','1705629','','','','','','','','Alvarez, Jorge','','','',1),(2016,'MR1672952','A new family of explicit two-stage methods of order three for the scalar autonomous IVP','Internat. J. Appl. Sci. Comput.','International Journal of Applied Science and Computations',5,1999,3,'246--251','1089-0025','65L05','1672952','','','','','','','','Alvarez, Jorge and Rojo, Jesús','','','',1),(2017,'MR1320008','On certain partial derivatives involved in a Delaunay normalization process','Rev. Acad. Cienc. Zaragoza (2)','Revista de la Academia de Ciencias Exactas, Físicas Químicas y Naturales de Zaragoza. Serie 2',49,1994,0,'93--104','0370-3207','70F05 (70M20)','1320008','','','','','','','','\'Alvarez, J. and Floría, L.','','','',1),(2018,'','Special methods for the numerical integration of some ODEs systems','','Nonlinear Analysis: Theory, Methods & Applications',47,2001,8,'5703–5708','0362546X','','','','10.1016/S0362-546X(01)00672-1','http://dx.doi.org/10.1016/S0362-546X(01)00672-1','','','','','Alvarez, Jorge and Rojo, Jesús','','','',1),(2019,'','A direct method to calculate the energy evolution of a turbulent flow','Appl. Math. Model.','Applied Mathematical Modelling',31,2007,6,'1067–1078','0307-904X','','','','10.1016/j.apm.2006.03.025','http://dx.doi.org/10.1016/j.apm.2006.03.025','','52','74','','Manuel Núñez, Jorge Álvarez and Jesús Rojo','','','',1),(2020,'','Blowup of certain analytic solutions of the Hall magnetohydrodynamic equations','Phys. Plasmas','Physics of Plasmas',15,2008,6,'062104-1 a 062104-6','1070-664X','','','','10.1063/1.2930471','http://dx.doi.org/10.1063/1.2930471','','7','26','','Manuel Núñez, Jorge Álvarez and Jesús Rojo','','','',1),(2021,'MR3510918','On complete monomial ideals','J. Commut. Algebra','Journal of Commutative Algebra',8,2016,2,'207--226','1939-0807','13A30 (13F20)','3510918','Amir Mafi','10.1216/JCA-2016-8-2-207','http://dx.doi.org/10.1216/JCA-2016-8-2-207','','247','312','','Gimenez, Philippe and Simis, Aron and Vasconcelos, Wolmer V. and Villarreal, Rafael H.','','','',1),(2022,'','Filtering of multidimensional semiperiodic signals','IEEE Transactions on Signal Processing','',46,1998,0,'3140-3142','1053-587X','','','','','','','18','208 (Electrical and Electronic Engineering)','','Félix Galindo Soto, Javier Sanz Gil','','','',1),(2023,'','Checking unimodality using isotonic regression: an application to breast cancer mortality rates. ','Stochastic Environmental Research and Risk Assessment. ','',30,2016,4,'1277-1288','','','','','','','','8','123','','Rueda, C., Ugarte, D. and Militino, A.','','','',1),(2024,'','Identification of two clusters within schizophrenia with different structural, functional and clinical characteristics.','Progress in Neuro-Psychopharmacology & Biological Psychiatry.','',0,2016,0,'','','','','','','','','34','193','','Molina. V., Lubeiro. A., Rueda,C., Sanz, J. and  Hernández, J.A.','','','',1),(2025,'','An automated image analysis method to measure regularity in biological patterns: A case study in a Drosophila neurodegenerative model. ','Molecular neurodegeneration,','',10,2015,1,'1-10','','','','','','','','20','256','','Diez-Hermano, S., Valero, J. Rueda, C., Ganfornina, M.D and Sanchez, D.','','','',1),(2027,'',' State-Space Models to Estimate and Forecast fertility.','International Journal of Forecasting','',0,2010,26,'712-724','','','','','','','','77','345','','Rueda, C. and Rodriguez, P','','','',1),(2028,'','Biometry and statistical analysis of the styloid process.','The Anatomical Records.','',295,2012,0,'','','','','','','','','10','21','','De Paz, F.J, Rueda, C., Barbosa, M., García, M. and Pastor, J.F','','','',1),(2029,'MR3466072','Strongly regular sequences and proximate orders','J. Math. Anal. Appl.','Journal of Mathematical Analysis and Applications',438,2016,2,'920--945','0022-247X','40A05 (30B10)','3466072','Shea-Ming Oon','10.1016/j.jmaa.2016.02.010','http://dx.doi.org/10.1016/j.jmaa.2016.02.010','','56','312 (Mathematics)','','Jiménez-Garrido, Javier and Sanz, Javier','','','',1),(2030,'MR3544879','Strongly regular multi-level solutions of singularly perturbed linear partial differential equations','Results Math.','Results in Mathematics',70,2016,0,'581--614','1422-6383','35G05 (35B25 35C10 35C20 40C10)','3544879','','10.1007/s00025-015-0493-8','http://dx.doi.org/10.1007/s00025-015-0493-8','','102','312 (Mathematics)','','Lastra, A. and Malek, S. and Sanz, J.','','','',1),(2031,'','Tip-tilt restoration of a segmented optical mirror using a geometric sensor','Optical Engineering','',52,2013,5,'056601','0091-3286','','','','doi:10.1117/1.OE.52.5.056601','','','55','83 (Optics)','','J. José Fernández-Valdivia; Alberto Lastra; Sergio Chueca; Javier Sanz; José Manuel Rodríguez-Ramos','','','',1),(2032,'','The energy level structure of a variety of one-dimensional confining potentials and the effects of a local singular perturbation','Can. J. Phys.','',93,2015,12,'1588-1596','','','','','10.1139/cjp-2015-0356','','','58','79','','Glasser, M. L.; Nieto, L. M.','','','',6),(2033,'','Ground-state energy of an s-state model of the inhomogeneous electron liquid in relation to an exactly solvable model of He with additional radial correlation','PHYSICS AND CHEMISTRY OF LIQUIDS','',52,2014,4,' 571-575 ','','','','','10.1080/00319104.2014.888427','','','56','67','','Glasser, M. L.; March, N. H.; Nieto, L. M.','','','',6),(2035,'','An analytically solvable model of confined electrons in a magnetic field and its relation to Landau diamagnetism','Physics Letters A','',376,2012,17,'1477-1480','','','','',' 10.1016/j.physleta.2012.01.016','','','28','78','','Glasser, M. L.; March, N. H.; Nieto, L. M.','','','',6),(2036,'','Proposed interpretation of the transverse magnetic field dependence of the melting temperature $T_m(B)$ of a two-dimensional one-component plasma driven by logarithmic interactions','Phase Transitions','',85,2012,11,'1018-1021','','','','','10.1080/01411594.2012.656121','','','50','68','','Glasser, M. L.; March, N. H.; Nieto, L. M.','','','',6),(2037,'','Analytic structure of ground-state energies and wave functions for the inhomogeneous electron liquid in non-relativistic He-like atomic ions with nuclear charge $Ze$','PHYSICS AND CHEMISTRY OF LIQUIDS','',50,2012,3,'389-398','','','','','10.1080/00319104.2011.644992','','','52','68','','Glasser, M. L.; March, N. H.; Nieto, L. M.','','','',6),(2038,'','Models including electron correlation in relation to Fock\'s proposed expansion of the ground-state wave function of He-like atomic ions','Physical Review A','',84,2011,6,' 062119','','','','','10.1103/PhysRevA.84.062119','','','10','79','','Glasser, M. L.; March, N. H.; Nieto, L. M.','','','',6),(2039,'','Special Issue in Honour of Prof. M. Gadella with Occasion of His 60th Birthday','INTERNATIONAL JOURNAL OF THEORETICAL PHYSICS','',50,2011,0,'1991-1992','','','','','10.1007/s10773-011-0841-8','','','48','84','','Alvarez-Sanchez, JJ, Gomez-Cubillo, F, Kuru, S, Negro, J and Nieto, LM ','','','',6),(2040,'','Exotic supersymmetry of the kink-antikink crystal, and the infinite period limit','Physical Review D','',83,2011,6,' 065025','','','','','10.1103/PhysRevD.83.065025','','','6','27','','Plyushchay, Mikhail S.; Arancibia, Adrian; Nieto, Luis-Miguel','','','',6),(2041,'','Klein tunneling in carbon nanostructures: A free-particle dynamics in disguise','Physical Review D','',83,2011,4,' 047702','','','','','10.1103/PhysRevD.83.047702','','','6','27','','Jakubsky, Vit; Nieto, Luis-Miguel; Plyushchay, Mikhail S.','','','',6),(2043,' MR2960696','Action-angle variables, ladder operators and coherent states','Physics Letters A','',376,2012,0,'2515-2521','0375-9601','','','','10.1016/j.physleta.2012.06.027','','','26','79','','R. Campoamor-Stursberg, M. Gadella, S. Kuru, J. Negro','','','',6),(2044,'','Analyticity of the time dependence of resonance poles: Solving the Friedrichs model with a time-dependent interaction','Physical Review C','',86,2012,0,'024602+6','2469-9985','','','','','10.1103/PhysRevC.86.024602','','7','21','','','','','',6),(2045,'','Dirac comb with a periodic mass jump','Revista Mexicana de Física','',59,2013,0,'606-612','0035-001X','','','','','','','71','78','','J.J. Alvarez, M. Gadella, L.M. Nieto','','','',6),(2046,'','On the solutions of a nonlinear `pseudo\'-oscillator equation','Physica scripta','',89,2014,0,'105205+4','0031-8949','','','','10.1088/0031-8949/89/10/105205','','','40','79','','M. Gadella, L.P. Lara','','','',6),(2047,' MR3476067','Resonances and antibound states for the Poschl-Teller potential: Ladder operators and SUSY partners','Physics Letters A','',380,2016,0,'1600-1609','0375-9601','','','','10.1016/j.physleta.2016.03.003','','','26','79','','D. Cevik, M. Gadella, S. Kuru, J. Negro','','','',6),(2048,'MR3485026','Approximate solutions to the quantum problem of two opposite charges in a constant magnetic field','Physics Letters A','',380,2016,0,'1817-1823','0375-9601','','','','10.1016/j.physleta.2016.03.038','','','26','79','','J.S. Ardenghi, M. Gadella, J. Negro','','','',6),(2049,' MR3528659','Applications of rigged Hilbert spaces in quantum mechanics and signal processing','Journal of Mathematical Physics','',57,2016,0,'072105+21','','','','','10.1063/1.4958725','','','25','53','','E. Celeghini, M. Gadella, M.A. del Olmo','','','',6),(2050,'','Gamow states as solutions of a modified Lippmann- Schwinger equation','NTERNATIONAL JOURNAL OF MODERN PHYSICS E-NUCLEAR PHYSICS','',25,2016,0,'1650075-+11','0218-3013','','','','','10.1142/S0218301316500750','','16','21','','O. Civitarese, M. Gadella','','','',6),(2052,'MR3338688','Euler-Lagrange equations of stochastic differential games: application to a game of a productive asset','Econom. Theory','Economic Theory',59,2015,1,'61--108','0938-2259','91A15 (35Q91 49N70 91A06 91A23)','3338688','Sa~A$overline$d Hamadene','10.1007/s00199-015-0873-z','http://dx.doi.org/10.1007/s00199-015-0873-z','','127 (ECONOMICS)','345','','Josa-Fombellida, Ricardo and Rincón-Zapatero, Juan Pablo','','','',1),(2053,'','Optimal asset allocation for aggregated defined benefit pension funds with stochastic interest rates','European Journal of Operational Research','',193,2010,0,'211-221','','','','','','','','6 (OPERATIONS RESEARCH & MANAGEMENT SCIENCE)','75','','Josa-Fombellida, R., J.P. Rincón-Zapatero ','','','',5),(2056,'','A new look at the Feynman ‘hodograph’ approach to the Kepler first law','Eur. J. Phys. ','',37,2016,0,'025004','','','','','10.1088/0143-0807/37/2/025004','','','30','40','','José F. Cariñena, Manuel F. Rañada and Mariano Santander','','','',1),(2057,'Aceptado para publicación','Multivariable codes in principal ideal polynomial quotient rings with applications to additive modular bivariate codes over F4','Journal of Pure and Applied Algebra','',0,2017,0,'','','','','','10.1016/j.jpaa.2017.04.007','http://www.sciencedirect.com/science/article/pii/S0022404917300774','','','','','E. Martínez-Moro, A. Piñera-Nicolás, I.F. Rúa ','','','',3),(2058,'','Assessing the Profitability of Cooperative Advertising Programs in Competing Channels',' International Journal of Production Economics','',187,2017,0,'142-158','','','','','','','','7','82','','Salma Karray, Guiomar Martín-Herrán, Georges Zaccour','','','',6),(2059,'','Retailer and Manufacturer Advertising Scheduling in a Marketing Channel','Journal of Business Research','',78,2017,0,'93-100','','','','','','','','40','120','','Guiomar Martín-Herrán & Simon-Pierre Sigué','','','',6),(2060,'https://doi.org/10.1016/j.jeem.2017.08.001','Spatial effects and strategic behaviour in a multiregional transboundary pollution dynamic game','Journal of Environmental Economics and Management','',97,2019,0,'182-207','','','','','https://doi.org/10.1016/j.jeem.2017.08.001','','','42','373','','Javier de Frutos, Guiomar Martín-Herrán','','','',4),(2064,'MR3651385','Analysis of order reduction when integrating linear initial boundary value problems with Lawson methods','Appl. Numer. Math.','Applied Numerical Mathematics. An IMACS Journal',118,2017,0,'64--74','0168-9274','65J08 (65M20)','3651385','Christian Gout','','https://doi.org/10.1016/j.apnum.2017.02.010','','','','','Alonso-Mallo, I. and Cano, B. and Reguera, N.','','','',1),(2065,'MR3696006','Models for the assessment of treatment improvement: the ideal and the feasible','Statist. Sci.','Statistical Science. A Review Journal of the Institute of Mathematical Statistics',32,2017,3,'469--485','0883-4237','62G10 (60E15)','3696006','','','https://doi.org/10.1214/17-STS616','','','','','Álvarez-Esteban, P. C. and del Barrio, E. and Cuesta-Albertos, J. A. and Matrán, C.','','','',1),(2068,'','An Inverse Problem: Recovery of a Distribution Using Wasserstein Barycenter','Annals of Economics and Statistics','',0,2017,128,'229--259','2115-4430','','','','','10.15609/annaeconstat2009.128.0229 ','','','','','del Barrio, E. and Loubes, J.M. Pelletier, B.','','','',5),(2069,'',' Robust estimation of mixtures of regressions with random covariates, via trimming and constraints','Statistics and Computing','',27,2017,0,'377–402','','','','','','','','','','','García-Escudero, L.A.; Gordaliza, A; Greselin, F., Ingrassia, S.; Mayo-Iscar, A','','','',1),(2070,'','Fitting parabolas in noisy images','Computional Statistics and Data Analysis','',112,2017,0,'80-87','','','','','','','','','','','García-Escudero, L.A.; Mayo Iscar, A; Sánchez-Gutiérrez, C.I','','','',1),(2071,'','Robust detection of incipient faults in VSI-fed induction motors using quality control charts','IEEE Transactions on Industry Applications','',53,2017,0,'3076-3085','','','','','','','','','','','García-Escudero, L.A.; Duque-Perez, O; Fernández-Temprano, M.A.; Morinigo-Sotelo,D','','','',1),(2072,'','Robust Principal Component Analysis Based On Trimming Around Affine Subspaces','Statistica Sinica,','',27,2017,0,'1437-1459 ','','','','','','','','','','','Croux, C.; Garcia-Escudero, L.A.; Gordaliza, A.; Ruwet, Ch.; San Martín, R.','','','',1),(2073,'','Approach to Robust Regression Clustering','Advances in Data Analysis and Classification','',11,2017,0,' 691-710 ','','','','','','','','','','','Dotto, F.; Farcomeni, A.; Garcia-Escudero, L.A.; Mayo-Iscar, A.','','','',1),(2074,'','A Reweighting Approach to Robust Clustering','Statistics and Computing','',28,2018,0,'477–493','','','','','','','','','','','Dotto, F.; Farcomeni, A; Garcia-Escudero, L.A.; Mayo-Iscar, A','','','',1),(2075,'',' Robust, fuzzy, and parsimonious clustering based on mixtures of Factor Analyzers','International Journal of Approximate Reasoning','',94,2018,0,'60–75 ','','','','','','','','','','',' Garcia-Escudero, L.A.; F. Greselin; Mayo-Iscar, A','','','',1),(2077,'','Selection of a Markov Perfect Nash Equilibrium in a Class of Differential Games','Dynamic Games and Applications','',83,2018,3,'620-636','','','','','10.10007/s13235-018-0257-7','','','','','','Javier de Frutos y Guiomar Martín-Herrán','','','',4),(2078,'','Optimal environmental policy for a Polluting Monopoly with Abatement Costs: Taxes versus Standards','Environmental Modelling & Assessment','',236,2018,0,'671-689','','','','','10.10007/s10666-018-9602-x','','','','','','Guiomar Martín-Herrán y Santiago Rubio','','','',6),(2079,'','Second-Best Taxation for a Polluting Monopoly with Abatement Investment','Energy Economics','',73,2018,0,'178-193','','','','','','','','','','','Guiomar Martín-Herrán y Santiago Rubio','','','',1),(2080,'','Vendor Management Inventory with Consignment Contracts and the Benefits of Cooperative Advertising','European Journal of Operational Research','',272,2019,0,'465-480','','','','','','','','','','','Pietro de Giovanni, Salma Karray y Guiomar Martín-Herrán','','','',1),(2082,'','Fighting Store Brands through the Strategic Timing of Pricing and Advertising Decisions','European Journal of Operational Research','',275,2019,0,'635-647','','','','','10.1016/j.ejor.2018.11.066','','','','','','Salma Karray y Guiomar Martín-Herrán','','','',1),(2083,'','Offensive and Defensive Marketing in Spatial Competition','Journal of Sercive Research','',22,2019,2,'189-201','','','','','10.1177/1094670518819853','','','','','','Guiomar Martín-Herrán y Simon-Pierre Sigué','','','',1),(2085,'MR3916938','Central limit theorems for empirical transportation cost in general dimension','Ann. Probab.','The Annals of Probability',47,2019,2,'926--951','0091-1798','60F05 (46N30 62E20)','3916938','','10.1214/18-AOP1275','https://doi.org/10.1214/18-AOP1275','','','','','del Barrio, Eustasio and Loubes, Jean-Michel','','','',1),(2087,'MR3717630','Approximating the survival probability in finite life-span population models','J. Comput. Appl. Math.','Journal of Computational and Applied Mathematics',330,2018,0,'783--793','0377-0427','65M25 (45K05 65D30 92D25)','3717630','Mevlude Yakit Ongun','10.1016/j.cam.2017.05.004','https://doi.org/10.1016/j.cam.2017.05.004','','','','','Abia, L. M. and Angulo, O. and López-Marcos, J. C. and López-Marcos, M. A.','','','',1),(2089,'MR3712187','Avoiding order reduction when integrating linear initial boundary value problems with Lawson methods','IMA J. Numer. Anal.','IMA Journal of Numerical Analysis',37,2017,4,'2091--2119','0272-4979','65L04 (65L20 65M20)','3712187','Bernhard A. Schmitt','10.1093/imanum/drw052','https://doi.org/10.1093/imanum/drw052','','','','','Alonso-Mallo, I. and Cano, B. and Reguera, N.','','','',1),(2090,'MR3651385','Analysis of order reduction when integrating linear initial boundary value problems with Lawson methods','Appl. Numer. Math.','Applied Numerical Mathematics. An IMACS Journal',118,2017,0,'64--74','0168-9274','65J08 (65M20)','3651385','Christian Gout','10.1016/j.apnum.2017.02.010','https://doi.org/10.1016/j.apnum.2017.02.010','','','','','Alonso-Mallo, I. and Cano, B. and Reguera, N.','','','',1),(2091,'MR3829162','Avoiding order reduction when integrating linear initial boundary value problems with exponential splitting methods','IMA J. Numer. Anal.','IMA Journal of Numerical Analysis',38,2018,3,'1294--1323','0272-4979','65J08','3829162','Weimin Han','10.1093/imanum/drx047','https://doi.org/10.1093/imanum/drx047','','','','','Alonso-Mallo, I. and Cano, B. and Reguera, N.','','','',1),(2092,'MR3739948','Time exponential splitting integrator for the Klein-Gordon equation with free parameters in the Hagstrom-Warburton absorbing boundary conditions','J. Comput. Appl. Math.','Journal of Computational and Applied Mathematics',333,2018,0,'185--199','0377-0427','65M06 (65M12 65M20)','3739948','Sergio Amat','10.1016/j.cam.2017.10.038','https://doi.org/10.1016/j.cam.2017.10.038','','','','','Alonso-Mallo, I. and Portillo, A. M.','','','',1),(2093,'MR3924553','Avoiding order reduction when integrating reaction-diffusion boundary value problems with exponential splitting methods','J. Comput. Appl. Math.','Journal of Computational and Applied Mathematics',357,2019,0,'228--250','0377-0427','65J08','3924553','','10.1016/j.cam.2019.02.023','https://doi.org/10.1016/j.cam.2019.02.023','','','','','Alonso-Mallo, I. and Cano, B. and Reguera, N.','','','',1),(2095,'MR3696006','Models for the assessment of treatment improvement: the ideal and the feasible','Statist. Sci.','Statistical Science. A Review Journal of the Institute of Mathematical Statistics',32,2017,3,'469--485','0883-4237','62G10 (60E15)','3696006','John Tuhao Chen','10.1214/17-STS616','https://doi.org/10.1214/17-STS616','','','','','Alvarez-Esteban, P. C. and del Barrio, E. and Cuesta-Albertos, J. A. and Matrán, C.','','','',1),(2096,'MR3779713','Wide consensus aggregation in the Wasserstein space. Application to location-scatter families','Bernoulli','Bernoulli. Official Journal of the Bernoulli Society for Mathematical Statistics and Probability',24,2018,0,'3147--3179','1350-7265','62G35 (60B10)','3779713','','10.3150/17-BEJ957','https://doi.org/10.3150/17-BEJ957','','','','','Álvarez-Esteban, Pedro C. and del Barrio, Eustasio and Cuesta-Albertos, Juan A. and Matrán, Carlos','','','',1),(2097,'MR3588725','Numerical generation of periodic traveling wave solutions of some nonlinear dispersive wave systems','J. Comput. Appl. Math.','Journal of Computational and Applied Mathematics',316,2017,0,'29--39','0377-0427','65M99 (35B10 35C07 35Q53 35R11 65H10)','3588725','','10.1016/j.cam.2016.08.037','https://doi.org/10.1016/j.cam.2016.08.037','','','','','Álvarez, J. and Durán, A.','','','',1),(2098,'MR3539802','A second-order numerical method for a cell population model with asymmetric division','J. Comput. Appl. Math.','Journal of Computational and Applied Mathematics',309,2017,0,'522--531','0377-0427','92D25 (35B40 35F31 35L65 65M12 65M25 92D40)','3539802','','10.1016/j.cam.2016.03.008','https://doi.org/10.1016/j.cam.2016.03.008','','','','','Angulo, O. and López-Marcos, J. C. and López-Marcos, M. A.','','','',1),(2099,'MR3805097','A numerical study on the estimation of the stable size distribution for a cell population balance model','Math. Methods Appl. Sci.','Mathematical Methods in the Applied Sciences',41,2018,8,'2894--2905','0170-4214','92D25 (35B40 35F16 65M25)','3805097','','10.1002/mma.4787','https://doi.org/10.1002/mma.4787','','','','','Abia, Luis M. and Angulo, Óscar and López-Marcos, Juan Carlos and López-Marcos, Miguel Ángel','','','',1),(2100,'MR3717630','Approximating the survival probability in finite life-span population models','J. Comput. Appl. Math.','Journal of Computational and Applied Mathematics',330,2018,0,'783--793','0377-0427','65M25 (45K05 65D30 92D25)','3717630','Mevlude Yakit Ongun','10.1016/j.cam.2017.05.004','https://doi.org/10.1016/j.cam.2017.05.004','','','','','Abia, L. M. and Angulo, O. and López-Marcos, J. C. and López-Marcos, M. A.','','','',1),(2101,'MR3717629','Numerical integration of an erythropoiesis model with explicit growth factor dynamics','J. Comput. Appl. Math.','Journal of Computational and Applied Mathematics',330,2018,0,'770--782','0377-0427','65M25 (35B40 35L60 35Q92 92C17 92C37 92D25)','3717629','Samuel Bernard','10.1016/j.cam.2017.01.033','https://doi.org/10.1016/j.cam.2017.01.033','','','','','Angulo, O. and Crauste, F. and López-Marcos, J. C.','','','',1),(2102,'MR3805097','A numerical study on the estimation of the stable size distribution for a cell population balance model','Math. Methods Appl. Sci.','Mathematical Methods in the Applied Sciences',41,2018,8,'2894--2905','0170-4214','92D25 (35B40 35F16 65M25)','3805097','','10.1002/mma.4787','https://doi.org/10.1002/mma.4787','','','','','Abia, Luis M. and Angulo, Óscar and López-Marcos, Juan Carlos and López-Marcos, Miguel Ángel','','','',1),(2103,'MR3886698','Numerical analysis of a cell dwarfism model','J. Comput. Appl. Math.','Journal of Computational and Applied Mathematics',349,2019,0,'82--92','0377-0427','92D25 (35B40 35F16 65M12 65M25 92C37)','3886698','','10.1016/j.cam.2018.09.038','https://doi.org/10.1016/j.cam.2018.09.038','','','','','Abia, L. M. and Angulo, O. and López-Marcos, J. C. and López-Marcos, M. A.','','','',1),(2104,'MR3784605','Rate $(n-1)/n$ systematic memory maximum distance separable convolutional codes','IEEE Trans. Inform. Theory','Institute of Electrical and Electronics Engineers. Transactions on Information Theory',64,2018,0,'3018--3030','0018-9448','94B10','3784605','','10.1109/TIT.2018.2802540','https://doi.org/10.1109/TIT.2018.2802540','','','','','Barbero, Ángela and Ytrehus, O yvind','','','',1),(2105,'MR3745937','Celebrating 25 years of SEMA','SeMA J.','SeMA Journal. Boletin de la Sociedad Espan~nola de Matem\'atica Aplicada',74,2017,3,'233--235','2254-3902','00B15','3745937','','10.1007/s40324-017-0125-1','https://doi.org/10.1007/s40324-017-0125-1','','','','','Donat, Rosa and Calvo Cabrero, Mari Paz and Casas Pérez, Fernando','','','',1),(2107,'MR3899536','Foliations by curves uniquely determined by minimal subschemes of its singularities','J. Singul.','Journal of Singularities',18,2018,0,'105--113','1949-2006','32S65','3899536','','','','','','','','Campillo, Antonio and Olivares, Jorge','','','',1),(2108,'MR3894643','Integration over the space of functions and Poincar\'e series: a new look','Tr. Mat. Inst. Steklova','Trudy Matematicheskogo Instituta Imeni V. A. Steklova. Rossiuiskaya Akademiya Nauk',302,2018,0,'161--175','0371-9685','32S05 (32C15 32S25)','3894643','Jan Stevens','10.1134/S037196851803007X','https://doi.org/10.1134/S037196851803007X','','','','','Guseuin-Zade, S. M. and Delgado, F. and Campillo, A.','','','',1),(2111,'MR3588730','Avoiding order reduction when integrating nonlinear Schrödinger equation with Strang method','J. Comput. Appl. Math','Applied Numerical Mathematics. An IMACS Journal',316,2017,0,'86--99','0168-9274','65M06 (65J08)','3588730','','','','','','','','Cano, B. and Reguera, N.','','','',1),(2113,'MR3796370','Exponential quadrature rules without order reduction for integrating linear initial boundary value problems','SIAM J. Numer. Anal.','SIAM Journal on Numerical Analysis',56,2018,3,'1187--1209','0036-1429','65M20 (65M12)','3796370','','10.1137/17M1124279','https://doi.org/10.1137/17M1124279','','','','','Cano, Begoña and Moreta, María Jesús','','','',1),(2114,'MR3659647','Cross-diffusion systems for image processing: I. The linear case','J. Math. Imaging Vision','Journal of Mathematical Imaging and Vision',58,2017,3,'447--467','0924-9907','94A08 (35K15 68U10)','3659647','Youcef Mammeri','10.1007/s10851-017-0720-x','https://doi.org/10.1007/s10851-017-0720-x','','','','','Araújo, A. and Barbeiro, S. and Cuesta, E. and Durán, A.','','','',1),(2115,'MR3659646','Cross-diffusion systems for image processing: II. The nonlinear case','J. Math. Imaging Vision','Journal of Mathematical Imaging and Vision',58,2017,3,'427--446','0924-9907','94A08 (35K15 35K59 68U10)','3659646','Youcef Mammeri','10.1007/s10851-017-0721-9','https://doi.org/10.1007/s10851-017-0721-9','','','','','Araújo, A. and Barbeiro, S. and Cuesta, E. and Durán, A.','','','',1),(2116,'MR3639354','On blowing-up solutions for multi-time nonlinear hyperbolic equations and systems','Filomat','Univerzitet u Nivsu. Prirodno-Matemativcki Fakultet. Filomat',31,2017,9,'2599--2609','0354-5180','35L71 (35B44 35L20)','3639354','','10.2298/fil1709599a','https://doi.org/10.2298/fil1709599a','','','','','Ahmad, B. and Alsaedi, A. and Cuesta, E. and Kirane, M.','','','',1),(2117,'MR3874936','Well-posedness, regularity, and asymptotic behavior of continuous and discrete solutions of linear fractional integro-differential equations with time-dependent order','Electron. J. Differential Equations','Electronic Journal of Differential Equations',0,2018,0,'Paper No. 173, 27','1072-6691','45K05 (35R09)','3874936','','','','','','','','Cuesta, Eduardo and Ponce, Rodrigo','','','',1),(2118,'MR3717270','Chebyshev reduced basis function applied to option valuation','Comput. Manag. Sci.','Computational Management Science',14,2017,4,'465--491','1619-697X','91G60 (65M70 91G20)','3717270','Alvaro Leitao Rodriguez','10.1007/s10287-017-0287-4','https://doi.org/10.1007/s10287-017-0287-4','','','','','de Frutos, Javier and Gatón, Víctor','','','',1),(2119,'MR3614226','A spectral method for an optimal investment problem with transaction costs under potential utility','J. Comput. Appl. Math.','Journal of Computational and Applied Mathematics',319,2017,0,'262--276','0377-0427','91G10 (65M70)','3614226','','10.1016/j.cam.2017.01.015','https://doi.org/10.1016/j.cam.2017.01.015','','','','','de Frutos, Javier and Gatón, Víctor','','','',1),(2120,'MR3834982','Selection of a Markov perfect Nash equilibrium in a class of differential games','Dyn. Games Appl.','Dynamic Games and Applications',8,2018,3,'620--636','2153-0785','91A23 (91B76)','3834982','Arsen Palestini','10.1007/s13235-018-0257-7','https://doi.org/10.1007/s13235-018-0257-7','','','','','de Frutos, Javier and Martín-Herrán, Guiomar','','','',1),(2121,'MR3755747','Analysis of the grad-div stabilization for the time-dependent Navier-Stokes equations with inf-sup stable finite elements','Adv. Comput. Math.','Advances in Computational Mathematics',44,2018,1,'195--225','1019-7168','65M60 (65M12 65M15 76D05 76M10)','3755747','Istv\'an Farag\'o','10.1007/s10444-017-9540-1','https://doi.org/10.1007/s10444-017-9540-1','','','','','de Frutos, Javier and García-Archilla, Bosco and John, Volker and Novo, Julia','','','',1),(2122,'MR3742886','Error analysis of projection methods for non inf-sup stable mixed finite elements: the Navier-Stokes equations','J. Sci. Comput.','Journal of Scientific Computing',74,2018,1,'426--455','0885-7474','65M60 (65M12 65M15 76D05 76D07 76M10)','3742886','','10.1007/s10915-017-0446-3','https://doi.org/10.1007/s10915-017-0446-3','','','','','de Frutos, Javier and García-Archilla, Bosco and Novo, Julia','','','',1),(2123,'MR3735005','Error analysis of projection methods for non inf-sup stable mixed finite elements. The transient Stokes problem','Appl. Math. Comput.','Applied Mathematics and Computation',322,2018,0,'154--173','0096-3003','65M60 (76D07)','3735005','','10.1016/j.amc.2017.11.046','https://doi.org/10.1016/j.amc.2017.11.046','','','','','de Frutos, Javier and García-Archilla, Bosco and Novo, Julia','','','',1),(2124,'MR3977208','Fully discrete approximations to the time-dependent Navier-Stokes equations with a projection method in time and grad-div stabilization','J. Sci. Comput.','Journal of Scientific Computing',80,2019,2,'1330--1368','0885-7474','65M60 (35Q30 65M12 65M15 76D05)','3977208','','10.1007/s10915-019-00980-9','https://doi.org/10.1007/s10915-019-00980-9','','','','','de Frutos, Javier and García-Archilla, Bosco and Novo, Julia','','','',1),(2125,'MR3944884','An extension of Heston\'s SV model to stochastic interest rates','J. Comput. Appl. Math.','Journal of Computational and Applied Mathematics',354,2019,0,'174--182','0377-0427','91G30 (91G20)','3944884','','10.1016/j.cam.2018.09.010','https://doi.org/10.1016/j.cam.2018.09.010','','','','','Frutos, Javier de and Gatón, Víctor','','','',1),(2126,'MR3926729','Spatial vs. non-spatial transboundary pollution control in a class of cooperative and non-cooperative dynamic games','European J. Oper. Res.','European Journal of Operational Research',276,2019,1,'379--394','0377-2217','91A23','3926729','','10.1016/j.ejor.2018.12.045','https://doi.org/10.1016/j.ejor.2018.12.045','','','','','de Frutos, Javier and Martín-Herrán, Guiomar','','','',1),(2127,'MR3897463','Grad-div stabilization for the time-dependent Boussinesq equations with inf-sup stable finite elements','Appl. Math. Comput.','Applied Mathematics and Computation',349,2019,0,'281--291','0096-3003','65M60 (35Q35 65M12)','3897463','','10.1016/j.amc.2018.12.062','https://doi.org/10.1016/j.amc.2018.12.062','','','','','de Frutos, Javier and García-Archilla, Bosco and Novo, Julia','','','',1),(2128,'MR3905545','Robust clustering tools based on optimal transportation','Stat. Comput.','Statistics and Computing',29,2019,1,'139--160','0960-3174','62H30 (62G20 62G35 62P99)','3905545','','10.1007/s11222-018-9800-z','https://doi.org/10.1007/s11222-018-9800-z','','','','','del Barrio, E. and Cuesta-Albertos, J. A. and Matrán, C. and Mayo-Íscar, A.','','','',1),(2129,'MR3885073','Hermite functions, Lie groups and Fourier analysis','Entropy','Entropy. An International and Interdisciplinary Journal of Entropy and Information Studies',20,2018,11,'Paper No. 816, 14','1099-4300','42-02 (17B81 33C47 94A12)','3885073','','10.3390/e20110816','https://doi.org/10.3390/e20110816','','','','','Celeghini, Enrico and Gadella, Manuel and del Olmo, Mariano A.','','','',1),(2130,'MR3800597','Spherical harmonics and rigged Hilbert spaces','J. Math. Phys.','Journal of Mathematical Physics',59,2018,5,'053502, 14','0022-2488','42B35 (94A20)','3800597','','10.1063/1.5026740','https://doi.org/10.1063/1.5026740','','','','','Celeghini, E. and Gadella, M. and del Olmo, M. A.','','','',1),(2131,'MR3695804','On the topological type of a set of plane valuations with symmetries','Math. Nachr.','Mathematische Nachrichten',290,2017,13,'1925--1938','0025-584X','13A18 (13D40 14B05)','3695804','Guillaume Rond','10.1002/mana.201600198','https://doi.org/10.1002/mana.201600198','','','','','Campillo, A. and Delgado, F. and Gusein-Zade, S. M.','','','',1),(2132,'MR3923381','On a model for internal waves in rotating fluids','Appl. Math. Nonlinear Sci.','Applied Mathematics and Nonlinear Sciences',3,2018,2,'627--647','2444-8656','76U05 (35Q35 76B55)','3923381','','10.2478/AMNS.2018.2.00048','https://doi.org/10.2478/AMNS.2018.2.00048','','','','','Durán, A.','','','',1),(2133,'MR3783187','An efficient method to compute solitary wave solutions of fractional Korteweg--de Vries equations','Int. J. Comput. Math.','International Journal of Computer Mathematics',95,2018,0,'1362--1374','0020-7160','65J15 (65M99)','3783187','','10.1080/00207160.2017.1422732','https://doi.org/10.1080/00207160.2017.1422732','','','','','Durán, A.','','','',1),(2134,'MR3956059','On the multi-symplectic structure of Boussinesq-type systems. II: Geometric discretization','Phys. D','Physica D. Nonlinear Phenomena',397,2019,0,'1--16','0167-2789','65M20 (35Q53 65P10 76B15)','3956059','','10.1016/j.physd.2019.05.002','https://doi.org/10.1016/j.physd.2019.05.002','','','','','Durán, Ángel and Dutykh, Denys and Mitsotakis, Dimitrios','','','',1),(2135,'MR3892372','On the multi-symplectic structure of Boussinesq-type systems. I: Derivation and mathematical properties','Phys. D','Physica D. Nonlinear Phenomena',388,2019,0,'10--21','0167-2789','35Q53','3892372','','10.1016/j.physd.2018.11.007','https://doi.org/10.1016/j.physd.2018.11.007','','','','','Durán, Ángel and Dutykh, Denys and Mitsotakis, Dimitrios','','','',1),(2136,'MR3880725','Numerical approximation to Benjamin type equations. Generation and stability of solitary waves','Wave Motion','Wave Motion. An International Journal Reporting Research on Wave Phenomena',85,2019,0,'34--56','0165-2125','65M70 (76B15)','3880725','','10.1016/j.wavemoti.2018.11.002','https://doi.org/10.1016/j.wavemoti.2018.11.002','','','','','Dougalis, V. A. and Durán, A. and Mitsotakis, D.','','','',1),(2137,'MR3633057','Nash multiplicities and resolution invariants','Collect. Math.','Collectanea Mathematica',68,2017,2,'175--217','0010-0757','14E15 (14E18 14J17 32S45)','3633057','Julien Sebag','10.1007/s13348-016-0188-9','https://doi.org/10.1007/s13348-016-0188-9','','','','','Bravo, A. and Encinas, S. and Pascual-Escudero, B.','','','',1),(2138,'MR3742776','A procedure for computing the log canonical threshold of a binomial ideal','Manuscripta Math.','Manuscripta Mathematica',155,2018,0,'141--181','0025-2611','14F18 (14B05 14E15 14M25)','3742776','','10.1007/s00229-017-0929-4','https://doi.org/10.1007/s00229-017-0929-4','','','','','Blanco, R. and Encinas, S.','','','',1),(2139,'MR3865747','On the second Feng-Rao distance of algebraic geometry codes related to Arf semigroups','Des. Codes Cryptogr.','Designs, Codes and Cryptography. An International Journal',86,2018,12,'2893--2916','0925-1022','94B27 (11T71 11Y55 14G50 20M14)','3865747','Shojiro Sakata','10.1007/s10623-018-0483-4','https://doi.org/10.1007/s10623-018-0483-4','','','','','Farrán, José I. and García-Sánchez, Pedro A. and Heredia, Benjamín A.','','','',1),(2140,'MR3810531','The second Feng-Rao number for codes coming from telescopic semigroups','Des. Codes Cryptogr.','Designs, Codes and Cryptography. An International Journal',86,2018,8,'1849--1864','0925-1022','20M14 (11T71 11Y55)','3810531','D. Llena','10.1007/s10623-017-0426-5','https://doi.org/10.1007/s10623-017-0426-5','','','','','Farrán, José I. and García-Sánchez, Pedro A. and Heredia, Benjamín A. and Leamer, Micah J.','','','',1),(2141,'MR3783896','One-dimensional semirelativistic Hamiltonian with multiple Dirac delta potentials','Phys. Rev. D','Physical Review D',95,2017,4,'045004, 30','2470-0010','83C47 (81R12)','3783896','','10.1103/physrevd.95.045004','https://doi.org/10.1103/physrevd.95.045004','','','','','Erman, Fatih and Gadella, Manuel and Uncu, Haydar','','','',1),(2142,'MR3630621','The hyperbolic step potential: anti-bound states, SUSY partners and Wigner time delays','Ann. Physics','Annals of Physics',379,2017,0,'86--101','0003-4916','81U10 (34L25)','3630621','','10.1016/j.aop.2017.02.013','https://doi.org/10.1016/j.aop.2017.02.013','','','','','Gadella, M. and Kuru, S. and Negro, J.','','','',1),(2143,'MR3850406','A study of periodic potentials based on quadratic splines','Internat. J. Modern Phys. C','International Journal of Modern Physics C. Computational Physics and Physical Computation',29,2018,8,'1850067, 18','0129-1831','65D07 (41A15)','3850406','','10.1142/S0129183118500675','https://doi.org/10.1142/S0129183118500675','','','','','Gadella, M. and Lara, L. P.','','','',1),(2144,'MR3825294','Dynamics of algebras in quantum unstable systems','Internat. J. Modern Phys. A','International Journal of Modern Physics A. Particles and Fields. Gravitation. Cosmology',33,2018,0,'1850109, 17','0217-751X','81Q80 (81R10)','3825294','','10.1142/S0217751X18501099','https://doi.org/10.1142/S0217751X18501099','','','','','Losada, Marcelo and Fortin, Sebastian and Gadella, Manuel and Holik, Federico','','','',1),(2145,'MR3799328','The definition of entropy for quantum unstable systems: a view-point based on the properties of Gamow states','Entropy','Entropy. An International and Interdisciplinary Journal of Entropy and Information Studies',20,2018,4,'Paper No. 231, 9','1099-4300','94A17 (81Q80)','3799328','','10.3390/e20040231','https://doi.org/10.3390/e20040231','','','','','Civitarese, Osvaldo and Gadella, Manuel','','','',1),(2146,'MR3762010','Spectroscopy of a one-dimensional V-shaped quantum well with a point impurity','Ann. Physics','Annals of Physics',389,2018,0,'48--62','0003-4916','81P40','3762010','','10.1016/j.aop.2017.12.006','https://doi.org/10.1016/j.aop.2017.12.006','','','','','Fassari, S. and Gadella, M. and Glasser, M. L. and Nieto, L. M.','','','',1),(2147,'MR3946865','Coherent Gamow states for the hyperbolic Pöschl-Teller potential','Ann. Physics','Annals of Physics',0,2019,0,'222--232','','81R30','','','','','','','','','Civitarese, O. and Gadella, M.','','','',1),(2148,'MR3884798','Comments on ``The power of monitoring: how to make the most of a contaminated multivariate sample\'\' [MR3884794]','Stat. Methods Appl.','Statistical Methods & Applications. Journal of the Italian Statistical Society',27,2018,4,'605--608','1618-2510','62J20 (62F35)','3884798','','10.1007/s10260-017-0415-x','https://doi.org/10.1007/s10260-017-0415-x','','','','','García-Escudero, L. A. and Gordaliza, A. and Matrán, C. and Mayo-Íscar, A.','','','',1),(2149,'MR3829275','Eigenvalues and constraints in mixture modeling: geometric and computational issues','Adv. Data Anal. Classif.','Advances in Data Analysis and Classification. ADAC',12,2018,2,'203--233','1862-5347','62F10 (62F12 62F30 62F35)','3829275','','10.1007/s11634-017-0293-y','https://doi.org/10.1007/s11634-017-0293-y','','','','','García-Escudero, Luis Ángel and Gordaliza, Alfonso and Greselin, Francesca and Ingrassia, Salvatore and Mayo-Iscar, Agustín','','','',1),(2150,'MR3816275','Finding the number of normal groups in model-based clustering via constrained likelihoods','J. Comput. Graph. Statist.','Journal of Computational and Graphical Statistics',27,2018,2,'404--416','1061-8600','Expansion','3816275','','10.1080/10618600.2017.1390469','https://doi.org/10.1080/10618600.2017.1390469','','','','','Cerioli, Andrea and García-Escudero, Luis Angel and Mayo-Iscar, Agustín and Riani, Marco','','','',1),(2151,'MR3747575','A reweighting approach to robust clustering','Stat. Comput.','Statistics and Computing',28,2018,2,'477--493','0960-3174','62H30','3747575','','10.1007/s11222-017-9742-x','https://doi.org/10.1007/s11222-017-9742-x','','','','','Dotto, Francesco and Farcomeni, Alessio and García-Escudero, Luis Angel and Mayo-Iscar, Agustín','','','',1),(2152,'MR3935196','Robust clustering for functional data based on trimming and constraints','Adv. Data Anal. Classif.','Advances in Data Analysis and Classification. ADAC',13,2019,1,'201--225','1862-5347','62H30 (62G35 68T10)','3935196','','10.1007/s11634-018-0312-7','https://doi.org/10.1007/s11634-018-0312-7','','','','','Rivera-García, Diego and García-Escudero, Luis A. and Mayo-Iscar, Agustín and Ortega, Joaquín','','','',1),(2153,'MR3722112','A consensus reaching process in the context of non-uniform ordered qualitative scales','Fuzzy Optim. Decis. Mak.','Fuzzy Optimization and Decision Making. A Journal of Modeling and Computation Under Uncertainty',16,2017,4,'449--461','1568-4539','91B10 (91B14)','3722112','Santanu Acharjee','10.1007/s10700-016-9256-6','https://doi.org/10.1007/s10700-016-9256-6','','','','','García-Lapresta, José Luis and Pérez-Román, David','','','',1),(2154,'MR3784480','Metrizable ordinal proximity measures and their aggregation','Inform. Sci.','Information Sciences. An International Journal',0,2018,0,'149--163','0020-0255','91B06 (94A15)','3784480','','10.1016/j.ins.2018.03.034','https://doi.org/10.1016/j.ins.2018.03.034','','','','','García-Lapresta, José Luis and González del Pozo, Raquel and Pérez-Román, David','','','',1),(2155,'MR3968156','An ordinal multi-criteria decision-making procedure under imprecise linguistic assessments','European J. Oper. Res.','European Journal of Operational Research',279,2019,1,'159--167','0377-2217','91B06','3968156','','10.1016/j.ejor.2019.05.015','https://doi.org/10.1016/j.ejor.2019.05.015','','','','','García-Lapresta, José Luis and González del Pozo, Raquel','','','',1),(2156,'MR3906509','The structure of the minimal free resolution of semigroup rings obtained by gluing','J. Pure Appl. Algebra','Journal of Pure and Applied Algebra',223,2019,4,'1411--1426','0022-4049','13D02 (13A02 20M14 20M25)','3906509','','10.1016/j.jpaa.2018.06.010','https://doi.org/10.1016/j.jpaa.2018.06.010','','','','','Giménez, Philippe and Srinivasan, Hema','','','',1),(2157,'MR3717740','The jump size distribution of the commodity spot price and its effect on futures and option prices','Abstr. Appl. Anal.','Abstract and Applied Analysis',0,2017,0,'Art. ID 3286549, 10','1085-3375','91G20 (93E20)','3717740','','10.1155/2017/3286549','https://doi.org/10.1155/2017/3286549','','','','','Gómez-Valle, L. and Habibilashkary, Z. and Martínez-Rodríguez, J.','','','',1),(2158,'MR3539795','A new technique to estimate the risk-neutral processes in jump-diffusion commodity futures models','J. Comput. Appl. Math.','Journal of Computational and Applied Mathematics',309,2017,0,'435--441','0377-0427','91G20 (60J60 60J75 62G05)','3539795','Hui Mi','10.1016/j.cam.2015.12.028','https://doi.org/10.1016/j.cam.2015.12.028','','','','','Gómez-Valle, L. and Habibilashkary, Z. and Martínez-Rodríguez, J.','','','',1),(2159,'MR3717634','A multiplicative seasonal component in commodity derivative pricing','J. Comput. Appl. Math.','Journal of Computational and Applied Mathematics',330,2018,0,'835--847','0377-0427','91G20','3717634','','10.1016/j.cam.2017.05.014','https://doi.org/10.1016/j.cam.2017.05.014','','','','','Gómez-Valle, L. and Habibilashkary, Z. and Martínez-Rodríguez, J.','','','',1),(2160,'MR3867487','The risk-neutral stochastic volatility in interest rate models with jump-diffusion processes','J. Comput. Appl. Math.','Journal of Computational and Applied Mathematics',347,2019,0,'49--61','0377-0427','91G30 (60H30 60J75)','3867487','','10.1016/j.cam.2018.07.048','https://doi.org/10.1016/j.cam.2018.07.048','','','','','Gómez-Valle, L. and Martínez-Rodríguez, J.','','','',1),(2161,'MR3757378','Approximate solutions of set-valued optimization problems using set-criteria','Appl. Anal. Optim.','',1,2017,3,'501--519','','90C29 (90C26 90C48)','','Alberto Zaffaroni','10.1137/17M111883X','https://doi.org/10.1137/17M111883X','','','','','Gutiérrez, César and Huerga, Lidia and Köbis, Elisabeth and Tammer, Christiane','','','',1),(2162,'MR3735299','Ekeland variational principles in vector equilibrium problems','SIAM J. Optim.','SIAM Journal on Optimization',27,2017,4,'2405--2425','1052-6234','49J53 (58E17 58E30 90C29)','3735299','Marco Castellani','10.1137/17M111883X','https://doi.org/10.1137/17M111883X','','','','','Guti\'errez, C. and Kassay, G. and Novo, V. and R\'odenas-Pedregosa, J. L.','','','',1),(2163,'MR3649576','Sequential $varepsilon$-subdifferential calculus for scalar and vector mappings','Set-Valued Var. Anal.','Set-Valued and Variational Analysis',25,2017,2,'383--403','1877-0533','49J52 (46N10 49J53 52A41)','3649576','Sorin-Mihai Grad','10.1007/s11228-016-0386-3','https://doi.org/10.1007/s11228-016-0386-3','','','','','Gutiérrez, C. and Huerga, L. and Novo, V. and Thibault, L.','','','',1),(2164,'MR3784569','A note on existence of weak efficient solutions for vector equilibrium problems','Optim. Lett.','Optimization Letters',12,2018,3,'615--623','1862-4472','90C29 (49J40 90C33)','3784569','Giovanni Paolo Crespi','10.1007/s11590-018-1242-1','https://doi.org/10.1007/s11590-018-1242-1','','','','','Gutiérrez, C. and Novo, V. and Ródenas-Pedregosa, J. L.','','','',1),(2165,'MR3780486','Approximate solutions of vector optimization problems via improvement sets in real linear spaces','J. Global Optim.','Journal of Global Optimization. An International Journal Dealing with Theoretical and Computational Aspects of Seeking Global Optima and Their Applications in Science, Management and Engineering',70,2018,4,'875--901','0925-5001','90C29 (49K27 90C26 90C46 90C48)','3780486','Elena Molho','10.1007/s10898-017-0593-y','https://doi.org/10.1007/s10898-017-0593-y','','','','','Gutiérrez, C. and Huerga, L. and Jiménez, B. and Novo, V.','','','',1),(2166,'MR3761945','Nonlinear scalarization in multiobjective optimization with a polyhedral ordering cone','Int. Trans. Oper. Res.','International Transactions in Operational Research',25,2018,3,'763--779','0969-6016','90C29 (90C46)','3761945','Yang Dong Xu','10.1111/itor.12398','https://doi.org/10.1111/itor.12398','','','','','Gutiérrez, César and Huerga, Lidia and Novo, Vicente','','','',1),(2167,'MR3943162','Combination of global features for the automatic quality assessment of retinal images','Entropy','Entropy. An International and Interdisciplinary Journal of Entropy and Information Studies',21,2019,3,'Paper No. 311, 19','1099-4300','94A08','3943162','','10.3390/e21030311','https://doi.org/10.3390/e21030311','','','','','Jiménez-García, Jorge and Romero-Oraá','','','',1),(2168,'MR3850609','Portfolio optimization in a defined benefit pension plan where the risky assets are processes with constant elasticity of variance','Insurance Math. Econom.','Insurance: Mathematics & Economics',82,2018,0,'73--86','0167-6687','91B30','3850609','','10.1016/j.insmatheco.2018.06.011','https://doi.org/10.1016/j.insmatheco.2018.06.011','','','','','Josa-Fombellida, Ricardo and López-Casado, Paula and Rincón-Zapatero, Juan Pablo','','','',1),(2169,'MR3784967','Stochastic differential games for which the open-loop equilibrium is subgame perfect','Dyn. Games Appl.','Dynamic Games and Applications',8,2018,2,'379--400','2153-0785','49N70 (49N90 91A15 91A23)','3784967','Beatris Adriana Escobedo-Trujillo','10.1007/s13235-017-0221-y','https://doi.org/10.1007/s13235-017-0221-y','','','','','Josa-Fombellida, Ricardo and Rincón-Zapatero, Juan Pablo','','','',1),(2170,'MR3952462','Certainty equivalence principle in stochastic differential games: an inverse problem approach','Optimal Control Appl. Methods','Optimal Control Applications & Methods',40,2019,3,'545--557','0143-2087','91A15 (49K45 49N70 90B60 91A23)','3952462','','10.1002/oca.2494','https://doi.org/10.1002/oca.2494','','','','','Josa-Fombellida, Ricardo and Rincón-Zapatero, Juan Pablo','','','',1),(2171,'MR3913374','Equilibrium strategies in a defined benefit pension plan game','European J. Oper. Res.','European Journal of Operational Research',275,2019,1,'374--386','0377-2217','91A80 (91B30)','3913374','','10.1016/j.ejor.2018.11.018','https://doi.org/10.1016/j.ejor.2018.11.018','','','','','Josa-Fombellida, Ricardo and Rincón-Zapatero, Juan Pablo','','','',1),(2172,'MR3797961','An analysis of the generalized TODIM method','European J. Oper. Res.','European Journal of Operational Research',269,2018,3,'1041--1049','0377-2217','91B06','3797961','','10.1016/j.ejor.2018.02.054','https://doi.org/10.1016/j.ejor.2018.02.054','','','','','Llamazares, Bonifacio','','','',1),(2173,'MR3913061','SUOWA operators: an analysis of their conjunctive/disjunctive character','Fuzzy Sets and Systems','Fuzzy Sets and Systems. An International Journal in Information Science and Engineering',357,2019,0,'117--134','0165-0114','28E10','3913061','','10.1016/j.fss.2018.05.009','https://doi.org/10.1016/j.fss.2018.05.009','','','','','Llamazares, Bonifacio','','','',1),(2174,'MR3672965','A map of sufficient conditions for the symmetric nonnegative inverse eigenvalue problem','Linear Algebra Appl.','Linear Algebra and its Applications',530,2017,0,'344--365','0024-3795','15A29 (15A18 15B51)','3672965','Bassam H. Mourad','10.1016/j.laa.2017.05.023','https://doi.org/10.1016/j.laa.2017.05.023','','','','','Marijuán, C. and Pisonero, M. and Soto, Ricardo L.','','','',1),(2175,'MR3638468','Symmetric nonnegative realizability via partitioned majorization','Linear Multilinear Algebra','Linear and Multilinear Algebra',65,2017,7,'1417--1426','0308-1087','15A29 (15A18 15A42)','3638468','Marjan Jerman','10.1080/03081087.2016.1242113','https://doi.org/10.1080/03081087.2016.1242113','','','','','Johnson, C. R. and Marijuán, C. and Pisonero, M.','','','',1),(2176,'MR3739997','Structural properties of minimal strong digraphs versus trees','Linear Algebra Appl.','Linear Algebra and its Applications',540,2018,0,'203--220','0024-3795','05C20 (05C05 05C40 05C70 05C75)','3739997','Yubin Gao','10.1016/j.laa.2017.11.027','https://doi.org/10.1016/j.laa.2017.11.027','','','','','García-López, J. and Marijuán, C. and Pozo-Coronado, L. M.','','','',1),(2177,'MR3876778','On universal realizability of spectra','Linear Algebra Appl.','Linear Algebra and its Applications',563,2019,0,'353--372','0024-3795','15A29 (15A18 15A21)','3876778','Wei-Ru Xu','10.1016/j.laa.2018.11.013','https://doi.org/10.1016/j.laa.2018.11.013','','','','','Julio, Ana I. and Marijuán, Carlos and Pisonero, Miriam and Soto, Ricardo L.','','','',1),(2178,'MR3913393','Fighting store brands through the strategic timing of pricing and advertising decisions','European J. Oper. Res.','European Journal of Operational Research',275,2019,2,'635--647','0377-2217','90B60 (91B24)','3913393','Carmine Boniello','10.1016/j.ejor.2018.11.066','https://doi.org/10.1016/j.ejor.2018.11.066','','','','','Karray, Salma and Martín-Herrán, Guiomar','','','',1),(2179,'MR3854217','Vendor management inventory with consignment contracts and the benefits of cooperative advertising','European J. Oper. Res.','European Journal of Operational Research',272,2019,2,'465--480','0377-2217','90B60 (90B05 91A23 91A40 91A65)','3854217','Bruno Viscolani','10.1016/j.ejor.2018.06.031','https://doi.org/10.1016/j.ejor.2018.06.031','','','','','De Giovanni, Pietro and Karray, Salma and Martín-Herrán, Guiomar','','','',1),(2180,'MR3850062','On the weak order ideal associated to linear codes','Math. Comput. Sci.','Mathematics in Computer Science',12,2018,3,'339--347','1661-8270','94B05 (13P10)','3850062','Piroska Lakatos','10.1007/s11786-018-0349-1','https://doi.org/10.1007/s11786-018-0349-1','','','','','Borges-Quintana, Mijail and Borges-Trenard, Miguel Ángel and Martínez-Moro, Edgar','','','',1),(2181,'MR3850054','Foreword [CIMPA research school in mathematical models for security applications]','Math. Comput. Sci.','Mathematics in Computer Science',12,2018,3,'247--250','1661-8270','68-06','3850054','','10.1007/s11786-018-0371-3','https://doi.org/10.1007/s11786-018-0371-3','','','','','Martínez-Moro, Edgar and Miret, Josep M. and Piñeiro, Luis Ramiro','','','',1),(2182,'MR3845310','On counting subring-submodules of free modules over finite commutative Frobenius rings','Des. Codes Cryptogr.','Designs, Codes and Cryptography. An International Journal',86,2018,10,'2247--2254','0925-1022','13C05 (13M05 16P70 94B05 94B25)','3845310','Ayman R. Badawi','10.1007/s10623-017-0446-1','https://doi.org/10.1007/s10623-017-0446-1','','','','','Bandi, Ramakrishna and Tabue, Alexandre Fotue and Martínez-Moro, Edgar','','','',1),(2183,'MR3802141','Additive cyclic codes over finite commutative chain rings','Discrete Math.','',341,2018,7,'1873--1884','1661-8270','94B15','','Andrei Kelarev','','','','','','','Mart\'inez-Moro, Edgar and Otal, Kamil and Özbudak, Ferruh','','','',1),(2184,'MR3724859','Codes over affine algebras with a finite commutative chain coefficient ring','Finite Fields Appl.','Finite Fields and their Applications',49,2018,0,'94--107','1071-5797','11T71 (13M10 81P70 94B99)','3724859','C\'icero Carvalho','10.1016/j.ffa.2017.09.008','https://doi.org/10.1016/j.ffa.2017.09.008','','','','','Martínez-Moro, E. and Piñera-Nicolás, A. and Rúa, I. F.','','','',1),(2185,'MR3694458','Multivariable codes in principal ideal polynomial quotient rings with applications to additive modular bivariate codes over F4','J. Pure Appl. Algebra','Journal of Pure and Applied Algebra',222,2018,2,'359--367','0022-4049','94B99 (11T71 13M10 81P70)','3694458','Hiram H. L\'opez','10.1016/j.jpaa.2017.04.007','https://doi.org/10.1016/j.jpaa.2017.04.007','','','','','Martínez-Moro, E. and Piñera-Nicolás, A. and Rúa, I. F.','','','',1),(2186,'MR3736438','A fuzzy approach to robust regression clustering','Adv. Data Anal. Classif.','Advances in Data Analysis and Classification. ADAC',11,2017,4,'691--710','1862-5347','62H30 (62H86)','3736438','','10.1007/s11634-016-0271-9','https://doi.org/10.1007/s11634-016-0271-9','','','','','Dotto, Francesco and Farcomeni, Alessio and García-Escudero, Luis Angel and Mayo-Iscar, Agustín','','','',1),(2187,'MR3816275','Finding the number of normal groups in model-based clustering via constrained likelihoods','J. Comput. Graph. Statist.','Journal of Computational and Graphical Statistics',27,2018,2,'404--416','1061-8600','Expansion','3816275','','10.1080/10618600.2017.1390469','https://doi.org/10.1080/10618600.2017.1390469','','','','','Cerioli, Andrea and García-Escudero, Luis Angel and Mayo-Iscar, Agustín and Riani, Marco','','','',1),(2188,'MR3935188','Robust clustering for functional data based on trimming and constraints','Adv. Data Anal. Classif.','Advances in Data Analysis and Classification. ADAC',13,2019,1,'1--5','1862-5347','62H30 (62G35 68T10)','3935196','','10.1007/s11634-018-0312-7','','','','','',' Frühwirth-Schnatter, Sylvia and Ingrassia, Salvatore and Mayo-Iscar, Agustín','','','',1),(2189,'MR3809082','Dicritical nilpotent holomorphic foliations','Discrete Contin. Dyn. Syst.','Discrete and Continuous Dynamical Systems. Series A',38,2018,7,'3223--3237','1078-0947','37F75 (32S65)','3809082','Hern\'an Maycol Falla Luza','10.3934/dcds.2018140','https://doi.org/10.3934/dcds.2018140','','','','','Fern\'andez-Sánchez, Percy and Mozo-Fernández, Jorge and Neciosup, Hernán','','','',1),(2190,'MR3702716','An extension of Borel-Laplace methods and monomial summability','J. Math. Anal. Appl.','Journal of Mathematical Analysis and Applications',457,2018,1,'461--477','0022-247X','34M30 (34E05 35A22 40D05)','3702716','Alberto Lastra','10.1016/j.jmaa.2017.08.028','https://doi.org/10.1016/j.jmaa.2017.08.028','','','','','Carrillo, Sergio A. and Mozo-Fernández, Jorge','','','',1),(2191,'MR3908786','Asymptotic expansions and summability with respect to an analytic germ','Publ. Mat.','Publicacions Matem`atiques',63,2019,1,'3--79','0214-1493','41A60 (32B05 32S05 34E05 34M25)','3908786','','10.5565/PUBLMAT6311901','https://doi.org/10.5565/PUBLMAT6311901','','','','','Mozo Fernández, Jorge and Schäfke, Reinhard','','','',1),(2192,'MR3857586','Locally recoverable codes from rational maps','Finite Fields Appl.','Finite Fields and their Applications',54,2018,0,'80--100','1071-5797','94B27 (11G20 11T71 14G50 94B05)','3857586','','10.1016/j.ffa.2018.07.005','https://doi.org/10.1016/j.ffa.2018.07.005','','','','','Munuera, Carlos and Tenorio, Wanderson','','','',1),(2193,'MR3702804','The Perlick system type I: from the algebra of symmetries to the geometry of the trajectories','Phys. Lett. A','Physics Letters. A',381,2017,39,'3355--3363','0375-9601','37K35 (70G65)','3702804','','10.1016/j.physleta.2017.08.042','https://doi.org/10.1016/j.physleta.2017.08.042','','','','','Kuru, S. and Negro, J. and Ragnisco, O.','','','',1),(2194,'MR3682016','Superintegrability of the Fock-Darwin system','Ann. Physics','Annals of Physics',383,2017,0,'101--119','0003-4916','81R12','3682016','','10.1016/j.aop.2017.05.003','https://doi.org/10.1016/j.aop.2017.05.003','','','','','Drigho-Filho, E. and Kuru, S. and Negro, J. and Nieto, L. M.','','','',1),(2195,'MR3639289','The hyperbolic step potential: anti-bound states, SUSY partners and Wigner time delays','Nonlinearity','',30,2017,5,'1788--1808','','37J15 (70S10 81R12)','','','10.1016/j.aop.2017.02.013','','','','','','Güngör, F. and Kuru, Ş. and Negro, J. and Nieto, L. M.','','','',1),(2196,'MR3933924','Classical ladder functions for Rosen-Morse and curved Kepler-Coulomb systems','Ann. Physics','Annals of Physics',405,2019,0,'69--82','0003-4916','70S05','3933924','','10.1016/j.aop.2019.03.004','https://doi.org/10.1016/j.aop.2019.03.004','','','','','Delisle-Doray, L. and Hussin, V. and Kuru, S. and Negro, J.','','','',1),(2197,'MR3639289','Heisenberg-type higher order symmetries of superintegrable systems separable in Cartesian coordinates','Nonlinearity','',30,2017,5,'1788--1808','0003-4916','37J15 (70S10 81R12)','','','10.1016/j.aop.2017.05.003','','','','','',' Güngör, F. and Kuru, cS. and Negro, J. and Nieto, L. M.','','','',1),(2198,'MR3883230','Hyperspherical δ - δ′ potentials','Ann. Physics','Annals of Physics',400,2019,0,'246--261','0003-4916','81Q10 (35Q40 37J05)','3883230','','10.1016/j.aop.2018.11.017','https://doi.org/10.1016/j.aop.2018.11.017','','','','','Muñoz-Castañeda, J. M. and Nieto, L. M. and Romaniega, C.','','','',1),(2199,'MR3662368','Exponential stability for nonautonomous functional differential equations with state-dependent delay','Discrete Contin. Dyn. Syst. Ser. B','Discrete and Continuous Dynamical Systems. Series B. A Journal Bridging Mathematics and Sciences',22,2017,8,'3167--3197','1531-3492','34K20 (37B25)','3662368','Yuming Chen','10.3934/dcdsb.2017169','https://doi.org/10.3934/dcdsb.2017169','','','','','Maroto, Ismael and Núñez, Carmen and Obaya, Rafael','','','',1),(2200,'MR3651593','Nonautonomous linear-quadratic dissipative control processes without uniform null controllability','J. Dynam. Differential Equations','Journal of Dynamics and Differential Equations',29,2017,2,'355--383','1040-7294','49N10 (37N35 49K15)','3651593','M. M. Konstantinov','10.1007/s10884-015-9495-1','https://doi.org/10.1007/s10884-015-9495-1','','','','','Johnson, Russell and Novo, Sylvia and Núñez, Carmen and Obaya, Rafael','','','',1),(2201,'MR3639446','Dynamical properties of nonautonomous functional differential equations with state-dependent delay','Discrete Contin. Dyn. Syst.','Discrete and Continuous Dynamical Systems. Series A',37,2017,7,'3939--3961','1078-0947','34K05 (37B55 54H20)','3639446','','10.3934/dcds.2017167','https://doi.org/10.3934/dcds.2017167','','','','','Maroto, Ismael and Núñez, Carmen and Obaya, Rafael','','','',1),(2202,'MR3962806','Existence of global attractor for a nonautonomous state-dependent delay differential equation of neuronal type','Commun. Nonlinear Sci. Numer. Simul.','Communications in Nonlinear Science and Numerical Simulation',78,2019,0,'104874, 23','1007-5704','37B55 (34D45 34K20 37B25 92B20)','3962806','','10.1016/j.cnsns.2019.104874','https://doi.org/10.1016/j.cnsns.2019.104874','','','','','Elia, Cinzia and Maroto, Ismael and Núñez, Carmen and Obaya, Rafael','','','',1),(2203,'MR3705678','Topologies of Lploc type for Carathéodory functions with applications in non-autonomous differential equations','J. Differential Equations','Journal of Differential Equations',263,2017,11,'7187--7220','0022-0396','34A12 (37B55)','3705678','Peter E. Kloeden','10.1016/j.jde.2017.08.006','https://doi.org/10.1016/j.jde.2017.08.006','','','','','Longo, Iacopo P. and Novo, Sylvia and Obaya, Rafael','','','',1),(2204,'MR3637910','Favard theory and Fredholm alternative for disconjugate recurrent second order equations','Commun. Pure Appl. Anal.','Communications on Pure and Applied Analysis',16,2017,4,'1199--1232','1534-0392','34C27 (34A30)','3637910','Ichiro Tsukamoto','10.3934/cpaa.2017059','https://doi.org/10.3934/cpaa.2017059','','','','','Campos, Juan and Obaya, Rafael and Tarallo, Massimo','','','',1),(2205,'MR3604611','Pullback, forward and chaotic dynamics in 1D non-autonomous linear-dissipative equations','Nonlinearity','Nonlinearity',30,2017,1,'274--299','0951-7715','37D45 (37A20)','3604611','Paulo Varandas','10.1088/1361-6544/30/1/274','https://doi.org/10.1088/1361-6544/30/1/274','','','','','Caraballo, T. and Langa, J. A. and Obaya, R.','','','',1),(2206,'MR3569406','Favard theory for the adjoint equation and Fredholm alternative','J. Differential Equations','Journal of Differential Equations',262,2017,2,'749--802','0022-0396','34C27 (34A30 34B05 34D09)','3569406','Cristina Chiralt Monle\'on','10.1016/j.jde.2016.09.041','https://doi.org/10.1016/j.jde.2016.09.041','','','','','Campos, Juan and Obaya, Rafael and Tarallo, Massimo','','','',1),(2207,'MR3917806','Principal Floquet subspaces and exponential separations of type II with applications to random delay differential equations','Discrete Contin. Dyn. Syst.','Discrete and Continuous Dynamical Systems. Series A',38,2018,12,'6163--6193','1078-0947','37H15 (34D08 37A30 37A40 37C65 37L55 60H25)','3917806','Mar\'ia J. Garrido-Atienza','10.3934/dcds.2018265','https://doi.org/10.3934/dcds.2018265','','','','','Mierczynski, Janusz and Novo, Sylvia and Obaya, Rafael','','','',1),(2208,'MR3843288','Global and cocycle attractors for non-autonomous reaction-diffusion equations. The case of null upper Lyapunov exponent','J. Differential Equations','Journal of Differential Equations',265,2018,9,'3914--3951','0022-0396','37B55 (35B41 35K20 35K57 37L30)','3843288','','10.1016/j.jde.2018.05.023','https://doi.org/10.1016/j.jde.2018.05.023','','','','','Caraballo, Tomás and Langa, José A. and Obaya, Rafael and Sanz, Ana M.','','','',1),(2209,'MR3842133','Asymptotic behaviour for a class of non-monotone delay differential systems with applications','J. Dynam. Differential Equations','Journal of Dynamics and Differential Equations',30,2018,3,'911--935','1040-7294','34K25 (34K12 34K20 34K27 92D25)','3842133','Yijun Lou','10.1007/s10884-017-9572-8','https://doi.org/10.1007/s10884-017-9572-8','','','','','Faria, Teresa and Obaya, Rafael and Sanz, Ana M.','','','',1),(2210,'MR3755873','Is uniform persistence a robust property in almost periodic models? A well-behaved family: almost-periodic Nicholson systems','Nonlinearity','Nonlinearity',31,2018,2,'388--413','0951-7715','37B55 (92B05)','3755873','John G. Milton','10.1088/1361-6544/aa92e7','https://doi.org/10.1088/1361-6544/aa92e7','','','','','Obaya, Rafael and Sanz, Ana M.','','','',1),(2211,'MR3666309','The numerical range is a (1+√2)-spectral set ','SIAM J. Matrix Anal. Appl.','SIAM Journal on Matrix Analysis and Applications',38,2017,2,'649--655','0895-4798','47A25 (47A30)','3666309','Sophie Grivaux','10.1137/17M1116672','https://doi.org/10.1137/17M1116672','','','','','Crouzeix, M. and Palencia, C.','','','',1),(2212,'MR3665395','On skew-symmetric matrices related to the vector cross product in R7','Electron. J. Linear Algebra','Electronic Journal of Linear Algebra',32,2017,0,'138--150','1081-3810','15B57 (15A72)','3665395','Leila Lebtahi','10.13001/1081-3810.3498','https://doi.org/10.13001/1081-3810.3498','','','','','Beites, Patricia D. and Nicolás, Alejandro P. and Vitoria, José','','','',1),(2213,'MR3651494','A note on standard composition algebras of types II and III','Adv. Appl. Clifford Algebr.','Advances in Applied Clifford Algebras',27,2017,2,'955--964','','17A75 (17A30)','3665395','Leila Lebtahi','10.13001/1081-3810.3498','','','','','','Beites, P. D. and Nicolás, A. P.','','','',1),(2214,'MR3907811','Vector cross product differential and difference equations in R3 and in R7','Electron. J. Linear Algebra','Electronic Journal of Linear Algebra',34,2018,0,'675--686','1081-3810','15A72 (15B57 39A12)','3907811','Davide Palitta','10.13001/1081-3810.3843','https://doi.org/10.13001/1081-3810.3843','','','','','Beites, Patricia D. and Nicolás, Alejandro P. and Saraiva, Paulo and Vitoria, José','','','',1),(2215,'MR3766499','Near conserving energy numerical schemes for two-dimensional coupled seismic wave equations','Comput. Math. Appl.','Computers & Mathematics with Applications. An International Journal',75,2018,3,'1016--1037','0898-1221','65M06 (65M12 74L05 86A15)','3766499','Sergio Amat','10.1016/j.camwa.2017.10.032','https://doi.org/10.1016/j.camwa.2017.10.032','','','','','Portillo, A. M.','','','',1),(2216,'MR3739657','High-order full discretization for anisotropic wave equations','Appl. Math. Comput.','Applied Mathematics and Computation',323,2018,0,'1--16','0096-3003','65M06 (65M12)','3739657','','10.1016/j.amc.2017.11.045','https://doi.org/10.1016/j.amc.2017.11.045','','','','','Portillo, A. M.','','','',1),(2217,'MR3883159','Mathematical model to study the aging of the human follicle according to the telomerase activity','J. Theoret. Biol.','Journal of Theoretical Biology',462,2019,0,'446--454','0022-5193','92C37','3883159','','10.1016/j.jtbi.2018.11.036','https://doi.org/10.1016/j.jtbi.2018.11.036','','','','','Portillo, A. M. and Varela, E. and García-Velasco, J. A.','','','',1),(2218,'MR3763289','Local uniformization and arc spaces','J. Pure Appl. Algebra','Journal of Pure and Applied Algebra',222,2018,7,'1898--1905','0022-4049','14E18 (13A18 14B05 14J17)','3763289','Yao Yuan','10.1016/j.jpaa.2017.08.012','https://doi.org/10.1016/j.jpaa.2017.08.012','','','','','Piltant, Olivier and Reguera, Ana J.','','','',1),(2219,'MR3749346','Mather discrepancy as an embedding dimension in the space of arcs','Publ. Res. Inst. Math. Sci.','Publications of the Research Institute for Mathematical Sciences',54,2018,1,'105--139','0034-5318','14E18 (13A18 14B05 14J17)','3749346','Angel Granja','10.4171/PRIMS/54-1-4','https://doi.org/10.4171/PRIMS/54-1-4','','','','','Mourtada, Hussein and Reguera, Ana J.','','','',1),(2220,'MR3723170','Coordinates at stable points of the space of arcs','J. Algebra','Journal of Algebra',494,2018,0,'40--76','0021-8693','14E18 (13A18 14B05 14E15 14J17 32S05)','3723170','Julien Sebag','10.1016/j.jalgebra.2017.09.031','https://doi.org/10.1016/j.jalgebra.2017.09.031','','','','','Reguera, Ana J.','','','',1),(2221,'MR3621886','On the distance of stabilizer quantum codes from $J$-affine variety codes','Quantum Inf. Process.','Quantum Information Processing',16,2017,4,'Art. 111, 32','1570-0755','81P70 (94B27)','3621886','Juan Antonio L\'opez-Ramos','10.1007/s11128-017-1559-1','https://doi.org/10.1007/s11128-017-1559-1','','','','','Galindo, Carlos and Geil, Olav and Hernando, Fernando and Ruano, Diego','','','',1),(2222,'MR3573516','Refined analysis of RGHWs of code pairs coming from Garcia-Stichtenoth\'s second tower','J. Algebra Comb. Discrete Struct. Appl.','Journal of Algebra Combinatorics Discrete Structures and Applications',4,2017,1,'37--47','2148-838X','94B05 (94A62 94B27)','3573516','Juan Antonio L\'opez-Ramos','10.13069/jacodesmath.34390','https://doi.org/10.13069/jacodesmath.34390','','','','','Geil, Olav and Martin, Stefano and Martínez-Peñas, Umberto and Ruano, Diego','','','',1),(2223,'MR3573516','List decoding algorithm based on voting in Gröbner bases for general one-point AG codes',' J. Symbolic Comput.','Journal of Symbolic Computation',79,2017,0,'384--410','','94A05 (13P10 94B05)','','Juan Antonio L\'opez-Ramos','10.13069/jacodesmath.34390','','','','','','Matsumoto, Ryutaroh and Ruano, Diego and Geil, Olav','','','',1),(2224,'MR3782266','Improved constructions of nested code pairs','IEEE Trans. Inform. Theory','Institute of Electrical and Electronics Engineers. Transactions on Information Theory',64,2018,0,'2444--2459','0018-9448','94B05','3782266','','10.1109/TIT.2017.2755682','https://doi.org/10.1109/TIT.2017.2755682','','','','','Galindo, Carlos and Geil, Olav and Hernando, Fernando and Ruano, Diego','','','',1),(2225,'MR3964877','Improved bounds on the threshold gap in ramp secret sharing','IEEE Trans. Inform. Theory','Institute of Electrical and Electronics Engineers. Transactions on Information Theory',65,2019,7,'4620--4633','0018-9448','94A60 (94A62 94B05)','3964877','','10.1109/TIT.2019.2902151','https://doi.org/10.1109/TIT.2019.2902151','','','','','Cascudo, Ignacio and Skovsted Gundersen, Jaron and Ruano, Diego','','','',1),(2226,'MR3947311','Constructing sequences with high nonlinear complexity using the Weierstrass semigroup of a pair of distinct points of a Hermitian curve','Semigroup Forum','Institute of Electrical and Electronics Engineers. Transactions on Information Theory',98,2019,3,'543--555','0018-9448','94A55','','','10.1109/TIT.2019.2902151','','','','','',' Geil, Olav and Özbudak, Ferruh and Ruano, Diego','','','',1),(2227,'MR3928219','Classical and quantum evaluation codes at the trace roots','IEEE Trans. Inform. Theory','Institute of Electrical and Electronics Engineers. Transactions on Information Theory',65,2019,4,'2593--2602','0018-9448','94B05 (11T71 81P45)','3928219','','10.1109/TIT.2018.2868442','https://doi.org/10.1109/TIT.2018.2868442','','','','','Galindo, Carlos and Hernando, Fernando and Ruano, Diego','','','',1),(2228,'MR3919456','Entanglement-assisted quantum error-correcting codes over arbitrary finite fields','Quantum Inf. Process.','Quantum Information Processing',18,2019,4,'Art. 116, 18','1570-0755','81P70 (94B05 94B65)','3919456','','10.1007/s11128-019-2234-5','https://doi.org/10.1007/s11128-019-2234-5','','','','','Galindo, Carlos and Hernando, Fernando and Matsumoto, Ryutaroh and Ruano, Diego','','','',1),(2229,'MR3904926','New binary and ternary LCD codes','IEEE Trans. Inform. Theory','Institute of Electrical and Electronics Engineers. Transactions on Information Theory',65,2019,2,'1008--1016','0018-9448','94B05','3904926','','10.1109/TIT.2018.2834500','https://doi.org/10.1109/TIT.2018.2834500','','','','','Galindo, Carlos and Geil, Olav and Hernando, Fernando and Ruano, Diego','','','',1),(2230,'MR3723794','Mixed generalized Akaike information criterion for small area models','J. Roy. Statist. Soc. Ser. A','Journal of the Royal Statistical Society. Series A. Statistics in Society',180,2017,4,'1229--1252','0964-1998','Expansion','3723794','','10.1111/rssa.12300','https://doi.org/10.1111/rssa.12300','','','','','Lombardía, María José and López-Vizcaíno, Esther and Rueda, Cristina','','','',1),(2231,'MR3656851','Optimal inventory policy under power demand pattern and partial backlogging','Appl. Math. Model.','Applied Mathematical Modelling. Simulation and Computation for Engineering and Environmental Systems',46,2017,0,'618--630','0307-904X','90B05 (97M40)','3656851','Przemysl aw Ignaciuk','10.1016/j.apm.2017.01.082','https://doi.org/10.1016/j.apm.2017.01.082','','','','','San-José, Luis A. and Sicilia, Joaquín and González-De-la-Rosa, Manuel and Febles-Acosta, Jaime','','','',1),(2232,'MR3878875','A lot sizing model with advance payment and planned backordering','Ann. Oper. Res.','Annals of Operations Research',271,2018,2,'1001--1022','0254-5330','90B05','3878875','','10.1007/s10479-018-2753-y','https://doi.org/10.1007/s10479-018-2753-y','','','','','Taleizadeh, Ata Allah and Tavakoli, Shayan and San-José','','','',1),(2233,'MR3814536','An inventory system with demand dependent on both time and price assuming backlogged shortages','European J. Oper. Res.','European Journal of Operational Research',270,2018,3,'889--897','0377-2217','90B05','3814536','','10.1016/j.ejor.2017.10.042','https://doi.org/10.1016/j.ejor.2017.10.042','','','','',' San-José, Luis A. and Sicilia, Joaquín and Alcaide-López-de-Pablo, David','','','',1),(2234,'MR3798174','An economic order quantity model with nonlinear holding cost, partial backlogging and ramp-type demand','Eng. Optim.','Engineering Optimization',50,2018,7,'1164--1177','0305-215X','90B05','3798174','Jian-Teng Xu','10.1080/0305215X.2017.1414205','https://doi.org/10.1080/0305215X.2017.1414205','','','','','San-José, Luis A. and Sicilia, Joaquín and González-de-la-Rosa, Manuel and Febles-Acosta, Jaime','','','',1),(2235,'MR3950107','Analysis of an inventory system with discrete scheduling period, time-dependent demand and backlogged shortages','Comput. Oper. Res.','Computers & Operations Research',109,2019,0,'200--208','0305-0548','90B05','3950107','','10.1016/j.cor.2019.05.003','https://doi.org/10.1016/j.cor.2019.05.003','','','','','San-José, Luis A. and Sicilia, Joaquín and González-De-la-Rosa, Manuel and Febles-Acosta, Jaime','','','',1),(2236,'MR3876827','Profitability ratio maximization in an inventory model with stock-dependent demand rate and non-linear holding cost','Appl. Math. Model.','Applied Mathematical Modelling. Simulation and Computation for Engineering and Environmental Systems',66,2019,0,'643--661','0307-904X','90B05','3876827','','10.1016/j.apm.2018.10.007','https://doi.org/10.1016/j.apm.2018.10.007','','','','',' Pando, Valentín and San-José, Luis A. and Sicilia, Joaquín','','','',1),(2237,'MR3718908','Quantization of Hamiltonian systems with a position dependent mass: Killing vector fields and Noether momenta approach','J. Phys. A','Journal of Physics. A. Mathematical and Theoretical',50,2017,46,'465202, 20','1751-8113','81S05','3718908','','10.1088/1751-8121/aa8e90','https://doi.org/10.1088/1751-8121/aa8e90','','','','','Cariñena, José F. and Rañada, Manuel F. and Santander, Mariano','','','',1),(2238,'MR3582297','Log-convex sequences and nonzero proximate orders','J. Math. Anal. Appl.','Journal of Mathematical Analysis and Applications',448,2017,2,'1572--1599','0022-247X','40A05 (30B10)','','Ümit Totur','','https://doi.org/10.1016/j.jmaa.2018.09.011','','','','','Jiménez-Garrido, Javier and Sanz, Javier and Schindl, Gerhard','','','',1),(2239,'MR3906392','Multisummability in Carleman ultraholomorphic classes by means of nonzero proximate orders','J. Math. Anal. Appl.','Journal of Mathematical Analysis and Applications',472,2019,1,'627--686','0022-247X','40D05','3906392','','10.1016/j.jmaa.2018.11.043','https://doi.org/10.1016/j.jmaa.2018.11.043','','','','','Jiménez-Garrido, Javier and Kamimoto, Shingo and Lastra, Alberto and Sanz, Javier','','','',1),(2240,'MR3899178','Sectorial extensions, via Laplace transforms, in ultraholomorphic classes defined by weight functions','Results Math.','Results in Mathematics',74,2019,1,'Art. 27, 44','1422-6383','46E10 (26A12 30E05 44A10)','3899178','Juan Benigno Seoane Sep\'ulveda','10.1007/s00025-018-0951-1','https://doi.org/10.1007/s00025-018-0951-1','','','','','Jiménez-Garrido, Javier and Sanz, Javier and Schindl, Gerhard','','','',1),(2241,'MR3857515','Injectivity and surjectivity of the asymptotic Borel map in Carleman ultraholomorphic classes','J. Math. Anal. Appl.','Journal of Mathematical Analysis and Applications',469,2019,1,'136--168','0022-247X','30D60','3857515','','10.1016/j.jmaa.2018.09.011','https://doi.org/10.1016/j.jmaa.2018.09.011','','','','','Jiménez-Garrido, Javier and Sanz, Javier and Schindl, Gerhard','','','',1),(2242,'MR3808263','Parabolic curves of diffeomorphisms asymptotic to formal invariant curves','J. Reine Angew. Math.','Journal für die Reine und Angewandte Mathematik',739,2018,0,'277--296','','32H50 (37F99)','','Feng Rong','','https://doi.org/10.1090/tran/7205','','','','','López-Hernanz, Lorena and Sanz Sánchez, Fernando','','','',1),(2243,'MR3739207','Trajectories in interlaced integral pencils of 3-dimensional analytic vector fields are o-minimal','Trans. Amer. Math. Soc.','Transactions of the American Mathematical Society',370,2018,3,'2211--2229','0002-9947','34M30 (03C64 34M40)','3739207','','10.1090/tran/7205','https://doi.org/10.1090/tran/7205','','','','','Le Gal, Olivier and Sanz, Fernando and Speissegger, Patrick','','','',1),(2244,'MR3621008','Directional multivariate extremes in environmental phenomena','Environmetrics','Environmetrics',28,2017,2,'e2428, 15','1180-4009','Expansion','3621008','','10.1002/env.2428','https://doi.org/10.1002/env.2428','','','','','Torres, Raúl and De Michele, Carlo and Laniado, Henry and Lillo, Rosa E.','','','',1),(2245,'','EEG characterization of the Alzheimer\'s disease continuum by means of multiscale entropies','Entropy','',21,2019,544,'','10994300','','','','10.3390/e21060544','https://www.scopus.com/record/display.uri?eid=2-s2.0-85068093858&origin=resultslist&sort=plf-f&src=s&sid=32d5d4a539a2189ac873cc58decc80ce&sot=autdocs&sdt=autdocs&sl=17&s=AU-ID%286602804361%29&relpos=0&citeCnt=0&searchTerm=#','','','','','Maturana-Candelas, A., Gómez, C., Poza, J., Pinto, N., Hornero, R.','','','',1),(2246,'','Asynchronous Control of ERP-Based BCI Spellers Using Steady-State Visual Evoked Potentials Elicited by Peripheral Stimuli','IEEE transactions on neural systems and rehabilitation engineering : a publication of the IEEE Engineering in Medicine and Biology Society','',27,2019,9,'1883-1892','15580210','','','','10.1109/TNSRE.2019.2934645','https://www.scopus.com/record/display.uri?eid=2-s2.0-85071994768&origin=resultslist&sort=plf-f&src=s&sid=b7c67c3b35cfd3e67960779633fabe4b&sot=autdocs&sdt=autdocs&sl=17&s=AU-ID%286602804361%29&relpos=0&citeCnt=0&searchTerm=','','','','','Santamaria-Vazquez, E., Martinez-Cagigal, V., Gomez-Pilar, J., Hornero, R.','','','',1),(2247,'','Topography of activation deficits in schizophrenia during P300 task related to cognition and structural connectivity','European Archives of Psychiatry and Clinical Neuroscience','',269,2019,4,'419-428','09401334','','','','10.1007/s00406-018-0877-3','https://www.scopus.com/record/display.uri?eid=2-s2.0-85045060460&origin=resultslist&sort=plf-f&src=s&sid=b7c67c3b35cfd3e67960779633fabe4b&sot=autdocs&sdt=autdocs&sl=17&s=AU-ID%286602804361%29&relpos=2&citeCnt=1&searchTerm=','','','','','Molina, V., Bachiller, A., de Luis, R., Lubeiro, A., Poza, J., Hornero, R., Alonso, J. F., Mañanas, M. A., Marqués, P., Romero, S.','','','',1),(2248,'','Towards an accessible use of smartphone-based social networks through brain-computer interfaces','Expert Systems with Applications','',120,2019,0,'155-166','09574174','','','','10.1016/j.eswa.2018.11.026','https://www.scopus.com/record/display.uri?eid=2-s2.0-85056979602&origin=resultslist&sort=plf-f&src=s&sid=b7c67c3b35cfd3e67960779633fabe4b&sot=autdocs&sdt=autdocs&sl=17&s=AU-ID%286602804361%29&relpos=3&citeCnt=1&searchTerm=','','','','','Martínez-Cagigal, V., Santamaría-Vázquez, E., Gomez-Pilar, J., Hornero, R.','','','',1),(2249,'','Entropy rate superpixel classification for automatic red lesion detection in fundus images','Entropy','',21,2019,417,'','10994300','','','','10.3390/e21040417','https://www.scopus.com/record/display.uri?eid=2-s2.0-85065585506&origin=resultslist&sort=plf-f&src=s&sid=b7c67c3b35cfd3e67960779633fabe4b&sot=autdocs&sdt=autdocs&sl=17&s=AU-ID%286602804361%29&relpos=4&citeCnt=0&searchTerm=','','','','','Romero-Oraá, R., Jiménez-García, J., García, M., (...), Oraá-Pérez, J., Hornero, R.','','','',1),(2250,'','Influence of chronic obstructive pulmonary disease and moderate-to-severe sleep apnoea in overnight cardiac autonomic modulation: Time, frequency and non-linear analyses','Entropy','',21,2019,381,'','10994300','','','','10.3390/e21040381','https://www.scopus.com/record/display.uri?eid=2-s2.0-85065592406&origin=resultslist&sort=plf-f&src=s&sid=b7c67c3b35cfd3e67960779633fabe4b&sot=autdocs&sdt=autdocs&sl=17&s=AU-ID%286602804361%29&relpos=5&citeCnt=0&searchTerm=','','','','','Álvarez, D., Sánchez-Fernández, A., Andrés-Blanco, A.M., (...), Hornero, R., del Campo, F.','','','',1),(2251,'','Asynchronous control of P300-based brain-computer interfaces using sample entropy','Entropy','',21,2019,230,'','10994300','','','','10.3390/e21030230','https://www.scopus.com/record/display.uri?eid=2-s2.0-85063593371&origin=resultslist&sort=plf-f&src=s&sid=b7c67c3b35cfd3e67960779633fabe4b&sot=autdocs&sdt=autdocs&sl=17&s=AU-ID%286602804361%29&relpos=6&citeCnt=0&searchTerm=','','','','','Martínez-Cagigal, V., Santamaría-Vázquez, E., Hornero, R.','','','',1),(2252,'','Combination of global features for the automatic quality assessment of retinal images','Entropy','',21,2019,311,'','10994300','','','','10.3390/e21030311','https://www.scopus.com/record/display.uri?eid=2-s2.0-85063572292&origin=resultslist&sort=plf-f&src=s&sid=b7c67c3b35cfd3e67960779633fabe4b&sot=autdocs&sdt=autdocs&sl=17&s=AU-ID%286602804361%29&relpos=7&citeCnt=0&searchTerm=','','','','','Jiménez-García, J., Romero-Oraá, R., García, M., López-Gálvez, M.I., Hornero, R.','','','',1),(2253,'','Variables influencing pre-service teacher training in education for sustainable development: A case study of two Spanish universities','Sustainability (Switzerland)','',11,2019,4412,'','20711050','','','','10.3390/su11164412','https://www.scopus.com/record/display.uri?eid=2-s2.0-85070784779&origin=resultslist&sort=plf-f&src=s&sid=ae4094fc7f4474ae913dbed4acbc05f5&sot=autdocs&sdt=autdocs&sl=17&s=AU-ID%286507635213%29&relpos=0&citeCnt=0&searchTerm=','','','','','Álvarez-García, O., García-Escudero, L.Á., Salvà-Mut, F., Calvo-Sastre, A.','','','',1),(2254,'','Analysis of real crashes against metal roadside barriers','PLoS ONE','',14,2019,211674,'','19326203','','','','10.1371/journal.pone.0211674','https://www.scopus.com/record/display.uri?eid=2-s2.0-85061034608&origin=resultslist&sort=plf-f&src=s&sid=ae4094fc7f4474ae913dbed4acbc05f5&sot=autdocs&sdt=autdocs&sl=17&s=AU-ID%286507635213%29&relpos=1&citeCnt=0&searchTerm=','','','','','Fernández, M.A., García-Escudero, L.Á., Molinero, A.','','','',1),(2255,'','Statistical Study of Combustion Characteristics and Optimal Operation Factor Determination in an Emulsion Burner Fueled with Vegetable Oils','Energy and Fuels','',0,2019,0,'','08870624','','','','10.1021/acs.energyfuels.9b02003','https://www.scopus.com/record/display.uri?eid=2-s2.0-85070862364&origin=resultslist&sort=plf-f&src=s&sid=ae4094fc7f4474ae913dbed4acbc05f5&sot=autdocs&sdt=autdocs&sl=17&s=AU-ID%286507635213%29&relpos=2&citeCnt=0&searchTerm=','','','','','Arroyo, Y., Sanz-Tejedor, M.A., San José, J., García-Escudero, L.A.','','','',1),(2256,'','Robust clustering for functional data based on trimming and constraints','Advances in Data Analysis and Classification','',0,2018,0,'1-25','18625347','','','','10.1007/s11634-018-0312-7','https://www.scopus.com/record/display.uri?eid=2-s2.0-85045144182&origin=resultslist&sort=plf-f&src=s&sid=ae4094fc7f4474ae913dbed4acbc05f5&sot=autdocs&sdt=autdocs&sl=17&s=AU-ID%286507635213%29&relpos=8&citeCnt=1&searchTerm=','','','','','Rivera-García, D., García-Escudero, L.A., Mayo-Iscar, A., Ortega, J.','','','',1),(2257,'','Time Series, Spectral Densities and Robust Functional Clustering','Neural Processing Letters','',0,2018,0,'','13704621','','','','10.1007/s11063-018-9926-1','https://www.scopus.com/record/display.uri?eid=2-s2.0-85054323098&origin=resultslist&sort=plf-f&src=s&sid=ae4094fc7f4474ae913dbed4acbc05f5&sot=autdocs&sdt=autdocs&sl=17&s=AU-ID%286507635213%29&relpos=9&citeCnt=0&searchTerm=','','','','','	Rivera-García, D., García-Escudero, L.A., Mayo-Iscar, A., Ortega, J.','','','',1),(2258,'','Robust Approaches for Fuzzy Clusterwise Regression Based on Trimming and Constraints','Studies in Systems, Decision and Control','',142,2018,0,'155-164','21984182','','','','10.1007/978-3-319-73848-2_15','https://www.scopus.com/record/display.uri?eid=2-s2.0-85042905192&origin=resultslist&sort=plf-f&src=s&sid=ae4094fc7f4474ae913dbed4acbc05f5&sot=autdocs&sdt=autdocs&sl=17&s=AU-ID%286507635213%29&relpos=10&citeCnt=0&searchTerm=','','','','','García-Escudero, L.A., Gordaliza, A., Greselin, F., Mayo-Iscar, A.','','','',1),(2259,'','Fuzzy clustering through robust factor analyzers','Advances in Intelligent Systems and Computing','',456,2017,0,'229-235','21945357','','','','10.1007/978-3-319-42972-4_29','https://www.scopus.com/record/display.uri?eid=2-s2.0-84988422083&origin=resultslist&sort=plf-f&src=s&sid=ae4094fc7f4474ae913dbed4acbc05f5&sot=autdocs&sdt=autdocs&sl=17&s=AU-ID%286507635213%29&relpos=16&citeCnt=0&searchTerm=','','','','','García-Escudero, L.A., Greselin, F., Iscar, A.M.','','','',1),(2260,'','Robust clustering for time series using spectral densities and functional data analysis','Lecture Notes in Computer Science (including subseries Lecture Notes in Artificial Intelligence and Lecture Notes in Bioinformatics)','',10306,2017,0,'142-153','03029743','','','','10.1007/978-3-319-59147-6_13','https://www.scopus.com/record/display.uri?eid=2-s2.0-85020937651&origin=resultslist&sort=plf-f&src=s&sid=ae4094fc7f4474ae913dbed4acbc05f5&sot=autdocs&sdt=autdocs&sl=17&s=AU-ID%286507635213%29&relpos=17&citeCnt=2&searchTerm=','','','','','Rivera-García, D., García-Escudero, L.A., Mayo-Iscar, A., Ortega, J.','','','',1),(2261,'','Robust fuzzy clustering via trimming and constraints','Advances in Intelligent Systems and Computing','',456,2017,0,'197-204','21945357','','','','10.1007/978-3-319-42972-4_25','https://www.scopus.com/record/display.uri?eid=2-s2.0-84988450750&origin=resultslist&sort=plf-f&src=s&sid=ae4094fc7f4474ae913dbed4acbc05f5&sot=autdocs&sdt=autdocs&sl=17&s=AU-ID%286507635213%29&relpos=18&citeCnt=3&searchTerm=','','','','','Dotto, F., Farcomeni, A., García-Escudero, L.A., Mayo-Iscar, A.','','','',1),(2262,'','The effects of time valuation in cancer optimal therapies: A study of chronic myeloid leukemia','Theoretical Biology and Medical Modelling','',16,2019,10,'','17424682','','','','10.1186/s12976-019-0106-4','https://www.scopus.com/record/display.uri?eid=2-s2.0-85066629520&origin=resultslist&sort=plf-f&src=s&sid=e49ad37ec0e9b2c3748d0f299f64eddd&sot=autdocs&sdt=autdocs&sl=17&s=AU-ID%286603097439%29&relpos=0&citeCnt=0&searchTerm=','','','','','Gutiérrez-Diez, P.J., López-Marcos, M.Á., Martínez-Rodríguez, J., Russo, J.','','','',1),(2263,'','Analysis of real crashes against metal roadside barriers','PLoS ONE','',14,2019,0,'','19326203','','','','10.1371/journal.pone.0211674','https://www.scopus.com/record/display.uri?eid=2-s2.0-85061034608&origin=resultslist&sort=plf-f&src=s&sid=e5d936f2a05107726bc578552c13f671&sot=autdocs&sdt=autdocs&sl=18&s=AU-ID%2823396367000%29&relpos=0&citeCnt=0&searchTerm=','','','','','Fernández, M.A., García-Escudero, L.Á., Molinero, A.','','','',1),(2264,'','Microarray Data Normalization and Robust Detection of Rhythmic Features','Methods in Molecular Biology','',1986,2019,0,'207-225','10643745','','','','10.1007/978-1-4939-9442-7_9','https://www.scopus.com/record/display.uri?eid=2-s2.0-85066290186&origin=resultslist&sort=plf-f&src=s&sid=e5d936f2a05107726bc578552c13f671&sot=autdocs&sdt=autdocs&sl=18&s=AU-ID%2823396367000%29&relpos=1&citeCnt=0&searchTerm=','','','','','Larriba, Y., Rueda, C., Fernández, M.A., Peddada, S.D.','','','',1),(2265,'','A bootstrap based measure robust to the choice of normalization methods for detecting rhythmic features in high dimensional data','Frontiers in Genetics','',9,2018,24,'','16648021','','','','10.3389/fgene.2018.00024','https://www.scopus.com/record/display.uri?eid=2-s2.0-85042086308&origin=resultslist&sort=plf-f&src=s&sid=e5d936f2a05107726bc578552c13f671&sot=autdocs&sdt=autdocs&sl=18&s=AU-ID%2823396367000%29&relpos=2&citeCnt=0&searchTerm=','','','','','Larriba, Y., Rueda, C., Fernández, M.A., Peddada, S.D.','','','',1),(2266,'','Circular Order Aggregation and Its Application to Cell-Cycle Genes Expressions','IEEE/ACM Transactions on Computational Biology and Bioinformatics','',14,2017,7467539,'819-829','15455963','','','','10.1109/TCBB.2016.2565469','https://www.scopus.com/record/display.uri?eid=2-s2.0-85029538267&origin=resultslist&sort=plf-f&src=s&sid=e5d936f2a05107726bc578552c13f671&sot=autdocs&sdt=autdocs&sl=18&s=AU-ID%2823396367000%29&relpos=3&citeCnt=1&searchTerm=','','','','','Barragan, S., Rueda, C., Fernandez, M.A.','','','',1),(2267,'','Using interval weights in MADM problems','Computers and Industrial Engineering','',136,2019,0,'345-354','03608352','','','','10.1016/j.cie.2019.07.035','https://www.scopus.com/record/display.uri?eid=2-s2.0-85069732439&origin=resultslist&sort=plf-f&src=s&sid=ab0febce3b0e3dcf45fead7c6ce81bc4&sot=autdocs&sdt=autdocs&sl=17&s=AU-ID%286507038091%29&relpos=0&citeCnt=0&searchTerm=','','','','','Llamazares, B.','','','',1),(2268,'','SUOWA operators: A review of the state of the art','International Journal of Intelligent Systems','',34,2019,0,'790-818','08848173','','','','10.1002/int.22076','https://www.scopus.com/record/display.uri?eid=2-s2.0-85057811809&origin=resultslist&sort=plf-f&src=s&sid=ab0febce3b0e3dcf45fead7c6ce81bc4&sot=autdocs&sdt=autdocs&sl=17&s=AU-ID%286507038091%29&relpos=1&citeCnt=1&searchTerm=','','','','','Llamazares, B.','','','',1),(2269,'','An Analysis of Winsorized Weighted Means','Group Decision and Negotiation','',0,2019,0,'','09262644','','','','10.1007/s10726-019-09623-8','https://www.scopus.com/record/display.uri?eid=2-s2.0-85064532193&origin=resultslist&sort=plf-f&src=s&sid=ab0febce3b0e3dcf45fead7c6ce81bc4&sot=autdocs&sdt=autdocs&sl=17&s=AU-ID%286507038091%29&relpos=3&citeCnt=0&searchTerm=','','','','','Llamazares, B.','','','',1),(2270,'','Closed-form expressions for some indices of SUOWA operators','Information Fusion','',41,2018,0,'80-90','15662535','','','','10.1016/j.inffus.2017.08.010','https://www.scopus.com/record/display.uri?eid=2-s2.0-85028018362&origin=resultslist&sort=plf-f&src=s&sid=ab0febce3b0e3dcf45fead7c6ce81bc4&sot=autdocs&sdt=autdocs&sl=17&s=AU-ID%286507038091%29&relpos=5&citeCnt=5&searchTerm=','','','','','Llamazares, B.','','','',1),(2271,'','Construction of Choquet integrals through unimodal weighting vectors','International Journal of Intelligent Systems','',33,2018,0,'771-790','08848173','','','','10.1002/int.21962','https://www.scopus.com/record/display.uri?eid=2-s2.0-85041583766&origin=resultslist&sort=plf-f&src=s&sid=ab0febce3b0e3dcf45fead7c6ce81bc4&sot=autdocs&sdt=autdocs&sl=17&s=AU-ID%286507038091%29&relpos=6&citeCnt=5&searchTerm=','','','','','Llamazares, B.','','','',1),(2272,'','Aggregating preference rankings using an optimistic-pessimistic approach: Closed-form expressions','Computers and Industrial Engineering','',110,2017,0,'109-113','03608352','','','','10.1016/j.cie.2017.05.035','https://www.scopus.com/record/display.uri?eid=2-s2.0-85020275502&origin=resultslist&sort=plf-f&src=s&sid=ab0febce3b0e3dcf45fead7c6ce81bc4&sot=autdocs&sdt=autdocs&sl=17&s=AU-ID%286507038091%29&relpos=7&citeCnt=2&searchTerm=','','','','','Llamazares, B.','','','',1),(2273,'','On spectra of weighted graphs of order ≤5','Electronic Notes in Discrete Mathematics','',68,2018,0,'95-100','15710653','','','','10.1016/j.endm.2018.06.017','https://www.scopus.com/record/display.uri?eid=2-s2.0-85049879200&origin=resultslist&sort=plf-f&src=s&sid=c2730a4b9d6ffce1715e032f8e5826eb&sot=autdocs&sdt=autdocs&sl=18&s=AU-ID%2818836994100%29&relpos=1&citeCnt=0&searchTerm=','','','','','Marijuán, C., Pisonero, M.','','','',1),(2274,'','The NIEP','Operator Theory: Advances and Applications','',267,2018,0,'199-220','02550156','','','','10.1007/978-3-319-72449-2_10','https://www.scopus.com/record/display.uri?eid=2-s2.0-85048964314&origin=resultslist&sort=plf-f&src=s&sid=c2730a4b9d6ffce1715e032f8e5826eb&sot=autdocs&sdt=autdocs&sl=18&s=AU-ID%2818836994100%29&relpos=3&citeCnt=2&searchTerm=','','','','','Johnson, C.R., Marijuán, C., Paparella, P., Pisonero, M.','','','',1),(2275,'','Preface','Springer Proceedings in Mathematics and Statistics','',198,2017,0,'','21941009','','','','','https://www.scopus.com/record/display.uri?eid=2-s2.0-85028321432&origin=resultslist&sort=plf-f&src=s&sid=0381f79c69c5404711b1dda518081e4e&sot=autdocs&sdt=autdocs&sl=18&s=AU-ID%2822035537100%29&relpos=6&citeCnt=0&searchTerm=','','','','','Kotsireas, I.S., Martínez-Moro, E.','','','',1),(2276,'','Trial set and gröbner bases for binary codes','Springer Proceedings in Mathematics and Statistics','',198,2017,0,'21-27','21941009','','','','10.1007/978-3-319-56932-1_3','https://www.scopus.com/record/display.uri?eid=2-s2.0-85028300798&origin=resultslist&sort=plf-f&src=s&sid=0381f79c69c5404711b1dda518081e4e&sot=autdocs&sdt=autdocs&sl=18&s=AU-ID%2822035537100%29&relpos=7&citeCnt=0&searchTerm=','','','','','Borges-Quintana, M., Borges-Trenard, M.A., Martínez-Moro, E.','','','',1),(2277,'','On a nonlocal boussinesq system for internal wave propagation','SEMA SIMAI Springer Series','',18,2019,0,'121-139','21993041','','','','10.1007/978-3-030-00341-8_8','https://www.scopus.com/record/display.uri?eid=2-s2.0-85060312661&origin=resultslist&sort=plf-f&src=s&sid=7765c3b0297af8d0e1ca3a937f7975a4&sot=autdocs&sdt=autdocs&sl=18&s=AU-ID%2835993192100%29&relpos=2&citeCnt=0&searchTerm=','','','','','Durán, A.','','','',1),(2278,'','On nonparaxial nonlinear Schrödinger-type equations','Journal of Computational and Applied Mathematics','',373,2020,0,'112163, 16','03770427','65M70','','','10.1016/j.cam.2019.02.029','https://www.scopus.com/record/display.uri?eid=2-s2.0-85062669176&origin=resultslist&sort=plf-f&src=s&sid=e1b1876bb3851a13a2bc283be6184c6f&sot=autdocs&sdt=autdocs&sl=18&s=AU-ID%2835993192100%29&relpos=3&citeCnt=0&searchTerm=','','','','','Cano, B. and Durán, A.','','','',1),(2279,'','On the Numerical Approximation to Generalized Ostrovsky Equations: I: A Numerical Method and Computation of Solitary-Wave Solutions','Understanding Complex Systems','',0,2018,0,'339-368','18600832','','','','10.1007/978-3-319-66766-9_12','https://www.scopus.com/record/display.uri?eid=2-s2.0-85053479715&origin=resultslist&sort=plf-f&src=s&sid=e1b1876bb3851a13a2bc283be6184c6f&sot=autdocs&sdt=autdocs&sl=18&s=AU-ID%2835993192100%29&relpos=7&citeCnt=1&searchTerm=','','','','','Durán, Á.','','','',1),(2280,'','On the Numerical Approximation to Generalized Ostrovsky Equations: II: Dynamics of Solitary-Wave Solutions','Understanding Complex Systems','',0,2018,0,'369-403','18600832','','','','10.1007/978-3-319-66766-9_13','https://www.scopus.com/record/display.uri?eid=2-s2.0-85053446260&origin=resultslist&sort=plf-f&src=s&sid=e1b1876bb3851a13a2bc283be6184c6f&sot=autdocs&sdt=autdocs&sl=18&s=AU-ID%2835993192100%29&relpos=8&citeCnt=1&searchTerm=','','','','','Durán, Á.','','','',1),(2281,'','Investigating the role of the experimental protocol in phenylhydrazine-induced anemia on mice recovery','Journal of Theoretical Biology','',437,2018,0,'286-298','00225193','','','','10.1016/j.jtbi.2017.10.031','https://www.scopus.com/record/display.uri?eid=2-s2.0-85033236906&origin=resultslist&sort=plf-f&src=s&sid=8add8a8c5679a0bfc0dc30e7ef2e20ef&sot=autdocs&sdt=autdocs&sl=17&s=AU-ID%286602854371%29&relpos=4&citeCnt=1&searchTerm=','','','','','Angulo, O., Gandrillon, O., Crauste, F.','','','',1),(2282,'','AIRPORTS metrics: A big data application for computing flights\' performance indexes based on flown trajectories','AIAA/IEEE Digital Avionics Systems Conference - Proceedings','',0,2018,8569873,'','21557195','','','','10.1109/DASC.2018.8569873','https://www.scopus.com/record/display.uri?eid=2-s2.0-85060588372&origin=resultslist&sort=plf-f&src=s&sid=f1db68156238beb1d6cc94e5e6af47d1&sot=autdocs&sdt=autdocs&sl=18&s=AU-ID%2824559014400%29&relpos=0&citeCnt=0&searchTerm=','','','','','García-Miranda, I., Hernán-Muñoz, L., Díaz, F., (...), Álvarez-Esteban, P.C., López-Leones, J.','','','',1),(2283,'','Integrating flight-related information into a (Big) data lake','AIAA/IEEE Digital Avionics Systems Conference - Proceedings','',0,2017,8102023,'','21557195','','','','10.1109/DASC.2017.8102023','https://www.scopus.com/record/display.uri?eid=2-s2.0-85041002324&origin=resultslist&sort=plf-f&src=s&sid=f1db68156238beb1d6cc94e5e6af47d1&sot=autdocs&sdt=autdocs&sl=18&s=AU-ID%2824559014400%29&relpos=3&citeCnt=2&searchTerm=','','','','','Martínez-Prieto, M.A., Bregon, A., García-Miranda, I., Álvarez-Esteban, P.C., Díaz, F., Scarlatti, D.','','','',1),(2284,'','Coding theory and applications: 5th international castle meeting, ICMCTA 2017 Vihula, Estonia, august 28-31, 2017 proceedings','Lecture Notes in Computer Science','',10495,2017,0,'','03029743','','','','10.1007/978-3-319-66278-7','https://www.scopus.com/record/display.uri?eid=2-s2.0-85028553994&origin=resultslist&sort=plf-f&src=s&sid=eaadcdeaa807734bf7937d26d185c5d3&sot=autdocs&sdt=autdocs&sl=18&s=AU-ID%2856234974600%29&relpos=2&citeCnt=0&searchTerm=','','','','','Barbero, Á.I., Skachek, V., Ytrehus, Ø.','','','',1),(2285,'','Interaction and imitation in a world of Quixotes and Sanchos','Journal of Evolutionary Economics','',29,2019,0,'1037-1057','09369937','','','','10.1007/s00191-019-00620-3','https://www.scopus.com/record/display.uri?eid=2-s2.0-85066040039&origin=resultslist&sort=plf-f&src=s&sid=3093ed5b5aa84ad22e3a570d0bad205d&sot=autdocs&sdt=autdocs&sl=17&s=AU-ID%287801411705%29&relpos=1&citeCnt=0&searchTerm=','','','','','Cabo, F., García-González, A.','','','',1),(2286,'','Dynamic collective bargaining and labor adjustment costs','Journal of Economics','',126,2019,0,'103-133','09318658','','','','10.1007/s00712-018-0615-3','https://www.scopus.com/record/display.uri?eid=2-s2.0-85047420549&origin=resultslist&sort=plf-f&src=s&sid=3093ed5b5aa84ad22e3a570d0bad205d&sot=autdocs&sdt=autdocs&sl=17&s=AU-ID%287801411705%29&relpos=2&citeCnt=0&searchTerm=','','','','','Cabo, F., Martín-Román, A.','','','',1),(2287,'','Optimal Pollution Standards and Non-compliance in a Dynamic Framework','Environmental and Resource Economics','',68,2017,0,'537-567','09246460','','','','10.1007/s10640-016-0031-5','https://www.scopus.com/record/display.uri?eid=2-s2.0-84969962260&origin=resultslist&sort=plf-f&src=s&sid=3093ed5b5aa84ad22e3a570d0bad205d&sot=autdocs&sdt=autdocs&sl=17&s=AU-ID%287801411705%29&relpos=3&citeCnt=4&searchTerm=','','','','','Arguedas, C., Cabo, F., Martín-Herrán, G.','','','',1),(2288,'','Promotion of cooperation when benefits come in the future: A water transfer case','Resource and Energy Economics','',47,2017,0,'56-71','09287655','','','','10.1016/j.reseneeco.2016.12.001','https://www.scopus.com/record/display.uri?eid=2-s2.0-85006839753&origin=resultslist&sort=plf-f&src=s&sid=3093ed5b5aa84ad22e3a570d0bad205d&sot=autdocs&sdt=autdocs&sl=17&s=AU-ID%287801411705%29&relpos=4&citeCnt=0&searchTerm=','','','','','Cabo, F., Tidball, M.','','','',1),(2289,'','An Optimal Transportation Approach for Assessing Almost Stochastic Order','Studies in Systems, Decision and Control','',142,2018,0,'33-44','21984182','','','','10.1007/978-3-319-73848-2_3','https://www.scopus.com/record/display.uri?eid=2-s2.0-85042944863&origin=resultslist&sort=plf-f&src=s&sid=f41064464251c291b8b09e0122f2d8c7&sot=autdocs&sdt=autdocs&sl=17&s=AU-ID%286701641832%29&relpos=4&citeCnt=0&searchTerm=','','','','','del Barrio, E., Cuesta-Albertos, J.A., Matrán, C.','','','',1),(2290,'','Are algebraic links in the Poincaré sphere determined by their Alexander polynomials?','Mathematische Zeitschrift','',0,2019,0,'','00255874','','','','10.1007/s00209-019-02282-0','https://www.scopus.com/record/display.uri?eid=2-s2.0-85064445237&origin=resultslist&sort=plf-f&src=s&sid=0e9452db8cb9749b1d2fab1b8251efac&sot=autdocs&sdt=autdocs&sl=17&s=AU-ID%287101822871%29&relpos=0&citeCnt=0&searchTerm=','','','','','Campillo, A., Delgado, F., Gusein-Zade, S.M.','','','',1),(2291,'','Decision-making in semi-democratic contexts','Information Fusion','',52,2019,0,'281-289','15662535','','','','10.1016/j.inffus.2019.04.003','https://www.scopus.com/record/display.uri?eid=2-s2.0-85064452319&origin=resultslist&sort=plf-f&src=s&sid=1e53003ab1f1e443d1c1c95d5f8ad004&sot=autdocs&sdt=autdocs&sl=17&s=AU-ID%286602436228%29&relpos=0&citeCnt=0&searchTerm=','','','','','Franceschini, F., García-Lapresta, J.L.','','','',1),(2292,'','Chronicle of a failure foretold: 2017 rector election at ghent university','Economies','',7,2019,2,'','22277099','','','','10.3390/economies7010002','https://www.scopus.com/record/display.uri?eid=2-s2.0-85063383162&origin=resultslist&sort=plf-f&src=s&sid=1e53003ab1f1e443d1c1c95d5f8ad004&sot=autdocs&sdt=autdocs&sl=17&s=AU-ID%286602436228%29&relpos=2&citeCnt=1&searchTerm=','','','','','Pérez-Fernández, R., García-Lapresta, J.L., De Baets, B.','','','',1),(2293,'','Aggregating opinions in non-uniform ordered qualitative scales','Applied Soft Computing Journal','',67,2018,0,'652-657','15684946','','','','10.1016/j.asoc.2017.05.064','https://www.scopus.com/record/display.uri?eid=2-s2.0-85021663608&origin=resultslist&sort=plf-f&src=s&sid=1e53003ab1f1e443d1c1c95d5f8ad004&sot=autdocs&sdt=autdocs&sl=17&s=AU-ID%286602436228%29&relpos=3&citeCnt=6&searchTerm=','','','','','García-Lapresta, J.L., Pérez-Román, D.','','','',1),(2294,'','Measuring Dispersion in the Context of Ordered Qualitative Scales','Studies in Systems, Decision and Control','',142,2018,0,'605-614','21984182','','','','10.1007/978-3-319-73848-2_56','https://www.scopus.com/record/display.uri?eid=2-s2.0-85042930150&origin=resultslist&sort=plf-f&src=s&sid=1e53003ab1f1e443d1c1c95d5f8ad004&sot=autdocs&sdt=autdocs&sl=17&s=AU-ID%286602436228%29&relpos=5&citeCnt=0&searchTerm=','','','','','García-Lapresta, J.L., Borge, L.','','','',1),(2295,'','An ordinal multi-criteria decision-making procedure in the context of uniform qualitative scales','Studies in Fuzziness and Soft Computing','',357,2018,0,'297-304','14349922','','','','10.1007/978-3-319-60207-3_18','https://www.scopus.com/record/display.uri?eid=2-s2.0-85021679770&origin=resultslist&sort=plf-f&src=s&sid=1e53003ab1f1e443d1c1c95d5f8ad004&sot=autdocs&sdt=autdocs&sl=17&s=AU-ID%286602436228%29&relpos=6&citeCnt=3&searchTerm=','','','','','García-Lapresta, J.L., González del Pozo, R.','','','',1),(2296,'','Clustering U.S. 2016 presidential candidates through linguistic appraisals','Advances in Intelligent Systems and Computing','',642,2018,0,'','21945357','','','','10.1007/978-3-319-66824-6_13','https://www.scopus.com/record/display.uri?eid=2-s2.0-85029458491&origin=resultslist&sort=plf-f&src=s&sid=1e53003ab1f1e443d1c1c95d5f8ad004&sot=autdocs&sdt=autdocs&sl=17&s=AU-ID%286602436228%29&relpos=7&citeCnt=0&searchTerm=','','','','','González del Pozo, R., García-Lapresta, J.L., Pérez-Román, D.','','','',1),(2297,'','Positional Voting Rules Generated by Aggregation Functions and the Role of Duplication','International Journal of Intelligent Systems','',32,2017,0,'926-946','08848173','','','','10.1002/int.21877','https://www.scopus.com/record/display.uri?eid=2-s2.0-85013347483&origin=resultslist&sort=plf-f&src=s&sid=1e53003ab1f1e443d1c1c95d5f8ad004&sot=autdocs&sdt=autdocs&sl=17&s=AU-ID%286602436228%29&relpos=9&citeCnt=5&searchTerm=','','','','','García-Lapresta, J.L., Martínez-Panero, M.','','','',1),(2298,'','Assigning numerical scores to linguistic expressions','Axioms','',6,2017,19,'','20751680','','','','10.3390/axioms6030019','https://www.scopus.com/record/display.uri?eid=2-s2.0-85029538291&origin=resultslist&sort=plf-f&src=s&sid=1e53003ab1f1e443d1c1c95d5f8ad004&sot=autdocs&sdt=autdocs&sl=17&s=AU-ID%286602436228%29&relpos=10&citeCnt=0&searchTerm=','','','','','Campión, M.J., Falcó, E., García-Lapresta, J.L., Induráin, E.','','','',1),(2299,'','Consensus-based agglomerative hierarchical clustering','Studies in Computational Intelligence','',671,2017,0,'123-135','1860949X','','','','10.1007/978-3-319-47557-8_8','https://www.scopus.com/record/display.uri?eid=2-s2.0-85009999508&origin=resultslist&sort=plf-f&src=s&sid=1e53003ab1f1e443d1c1c95d5f8ad004&sot=autdocs&sdt=autdocs&sl=17&s=AU-ID%286602436228%29&relpos=11&citeCnt=1&searchTerm=','','','','','García-Lapresta, J.L., Pérez-Román, D.','','','',1),(2300,'','Consensus-based clustering in numerical decision-making','Advances in Intelligent Systems and Computing','',456,2017,0,'237-243','21945357','','','','10.1007/978-3-319-42972-4_30','https://www.scopus.com/record/display.uri?eid=2-s2.0-84988442675&origin=resultslist&sort=plf-f&src=s&sid=1e53003ab1f1e443d1c1c95d5f8ad004&sot=autdocs&sdt=autdocs&sl=17&s=AU-ID%286602436228%29&relpos=12&citeCnt=0&searchTerm=','','','','','García-Lapresta, J.L., Pérez-Román, D.','','','',1),(2301,'','Ekeland variational principles in vector equilibrium problems','SIAM Journal on Optimization','',27,2017,0,'2405-2425','10526234','','','','10.1137/17M111883X','','','','','','Gutiérrez, C., Kassay, G., Novo, V., Ródenas-Pedregosa, J.L.','','','',1),(2302,'','Manufacturer defensive and offensive advertising in competing distribution channels','International Transactions in Operational Research','',0,2019,0,'','09696016','','','','10.1111/itor.12693','https://www.scopus.com/record/display.uri?eid=2-s2.0-85068593012&origin=resultslist&sort=plf-f&src=s&sid=2c14195c2d0f183327e407e09b2126a1&sot=autdocs&sdt=autdocs&sl=17&s=AU-ID%286603374184%29&relpos=6&citeCnt=0&searchTerm=','','','','','Martín-Herrán, G., Sigué, S.P.','','','',1),(2303,'','A new quota approach to electoral disproportionality','Economies','',7,2019,17,'','22277099','','','','10.3390/economies7010017','https://www.scopus.com/record/display.uri?eid=2-s2.0-85063367654&origin=resultslist&sort=plf-f&src=s&sid=0d1371060aa5ed987beb2bf577617aa8&sot=autdocs&sdt=autdocs&sl=17&s=AU-ID%287801547964%29&relpos=0&citeCnt=1&searchTerm=','','','','','Martínez-Panero, M., Arredondo, V., Peña, T., Ramírez, V.','','','',1),(2304,'','Prognostic value of lactate in prehospital care as a predictor of early mortality','American Journal of Emergency Medicine','',37,2019,0,'1627-1632','07356757','','','','10.1016/j.ajem.2018.11.028','https://www.scopus.com/record/display.uri?eid=2-s2.0-85056987857&origin=resultslist&sort=plf-f&src=s&sid=7f1132698bfff9d4a9f10f9103067111&sot=autdocs&sdt=autdocs&sl=17&s=AU-ID%286602620063%29&relpos=0&citeCnt=0&searchTerm=','','','','','Martín-Rodríguez, F., López-Izquierdo, R., Castro Villamor, M.A., (...), Mayo-Iscar, A., del Pozo Vegas, C.','','','',1),(2305,'','Tavis-Cummings models and their quasi-exactly solvable Schrödinger Hamiltonians','European Physical Journal Plus','',134,2019,363,'','21905444','','','','10.1140/epjp/i2019-12753-4','https://www.scopus.com/record/display.uri?eid=2-s2.0-85069738831&origin=resultslist&sort=plf-f&src=s&sid=8e4a76331ec9881aa84f6a37536dd4a8&sot=autdocs&sdt=autdocs&sl=17&s=AU-ID%287006767697%29&relpos=0&citeCnt=0&searchTerm=','','','','','Mohamadian, T., Negro, J., Nieto, L.M., Panahi, H.','','','',1),(2306,'','The birman-schwinger operator for a zero-thickness layer in the presence of an attractive gaussian impurity','Frontiers in Physics','',7,2019,97,'','2296424X','','','','10.3389/fphy.2019.00097','https://www.scopus.com/record/display.uri?eid=2-s2.0-85069844722&origin=resultslist&sort=plf-f&src=s&sid=8e4a76331ec9881aa84f6a37536dd4a8&sot=autdocs&sdt=autdocs&sl=17&s=AU-ID%287006767697%29&relpos=1&citeCnt=0&searchTerm=','','','','','Fassari, S., Albeverio, S., Rinaldi, F., Gadella, M., Nieto, L.M.','','','',1),(2307,'','Field fluctuations and Casimir energy of 1D-fermions','Symmetry','',11,2019,643,'','20738994','','','','10.3390/sym11050643','https://www.scopus.com/record/display.uri?eid=2-s2.0-85066331285&origin=resultslist&sort=plf-f&src=s&sid=8e4a76331ec9881aa84f6a37536dd4a8&sot=autdocs&sdt=autdocs&sl=17&s=AU-ID%287006767697%29&relpos=2&citeCnt=0&searchTerm=','','','','','Donaire, M., Muñoz-Castañeda, J.M., Nieto, L.M., Tello-Fraile, M.','','','',1),(2308,'','Partial coherent states in graphene','Journal of Physics: Conference Series','',1194,2019,12025,'','17426588','','','','10.1088/1742-6596/1194/1/012025','https://www.scopus.com/record/display.uri?eid=2-s2.0-85065588516&origin=resultslist&sort=plf-f&src=s&sid=8e4a76331ec9881aa84f6a37536dd4a8&sot=autdocs&sdt=autdocs&sl=17&s=AU-ID%287006767697%29&relpos=3&citeCnt=0&searchTerm=','','','','','Díaz-Bautista, E., Negro, J., Nieto, L.M.','','','',1),(2309,'','Spectral properties of the two-dimensional Schrödinger Hamiltonian with various solvable confinements in the presence of a central point perturbation','Physica Scripta','',94,2019,55202,'','00318949','','','','10.1088/1402-4896/ab0589','https://www.scopus.com/record/display.uri?eid=2-s2.0-85065328143&origin=resultslist&sort=plf-f&src=s&sid=8e4a76331ec9881aa84f6a37536dd4a8&sot=autdocs&sdt=autdocs&sl=17&s=AU-ID%287006767697%29&relpos=4&citeCnt=1&searchTerm=','','','','','Fassari, S., Gadella, M., Glasser, M.L., Nieto, L.M., Rinaldi, F.','','','',1),(2310,'','Dirac Green function for δ potentials','EPL','',120,2017,30006,'','02955075','','','','10.1209/0295-5075/120/30006','https://www.scopus.com/record/display.uri?eid=2-s2.0-85042155610&origin=resultslist&sort=plf-f&src=s&sid=8e4a76331ec9881aa84f6a37536dd4a8&sot=autdocs&sdt=autdocs&sl=17&s=AU-ID%287006767697%29&relpos=8&citeCnt=0&searchTerm=','','','','','Charro, M.E., Glasser, M.L., Nieto, L.M.','','','',1),(2311,'','Dipole-dipole interaction in cavity QED: The weak-coupling, nondegenerate regime','Physical Review A','',96,2017,42714,'','24699926','','','','10.1103/PhysRevA.96.042714','https://www.scopus.com/record/display.uri?eid=2-s2.0-85032456043&origin=resultslist&sort=plf-f&src=s&sid=8e4a76331ec9881aa84f6a37536dd4a8&sot=autdocs&sdt=autdocs&sl=17&s=AU-ID%287006767697%29&relpos=9&citeCnt=2&searchTerm=','','','','','Donaire, M., Muñoz-Castañeda, J.M., Nieto, L.M.','','','',1),(2312,'','Towards Modelling QFT in Real Metamaterials: Singular Potentials and Self-Adjoint Extensions','Journal of Physics: Conference Series','',839,2017,12007,'','17426588','','','','10.1088/1742-6596/839/1/012007','https://www.scopus.com/record/display.uri?eid=2-s2.0-85020418865&origin=resultslist&sort=plf-f&src=s&sid=8e4a76331ec9881aa84f6a37536dd4a8&sot=autdocs&sdt=autdocs&sl=17&s=AU-ID%287006767697%29&relpos=11&citeCnt=4&searchTerm=','','','','','Nieto, L.M., Gadella, M., Mateos Guilarte, J., Muñoz-Castañeda, J.M., Romaniega, C.','','','',1),(2313,'','On the spectrum of the one-dimensional schrödinger hamiltonian perturbed by an attractive gaussian potential','Acta Polytechnica','',57,2017,0,'385-390','12102709','','','','10.14311/AP.2017.57.0385','https://www.scopus.com/record/display.uri?eid=2-s2.0-85040030340&origin=resultslist&sort=plf-f&src=s&sid=8e4a76331ec9881aa84f6a37536dd4a8&sot=autdocs&sdt=autdocs&sl=17&s=AU-ID%287006767697%29&relpos=13&citeCnt=0&searchTerm=','','','','','Fassari, S., Gadella, M., Nieto, L.M., Rinaldi, F.','','','',1),(2314,'','Non-Atkinson Perturbations of Nonautonomous Linear Hamiltonian Systems: Exponential Dichotomy and Nonoscillation','Journal of Dynamics and Differential Equations','',31,2019,0,'1397-1426','10407294','','','','10.1007/s10884-017-9637-8','https://www.scopus.com/record/display.uri?eid=2-s2.0-85040240771&origin=resultslist&sort=plf-f&src=s&sid=2db28b4db459fe8674da1c43b420a28b&sot=autdocs&sdt=autdocs&sl=17&s=AU-ID%287101931720%29&relpos=1&citeCnt=0&searchTerm=','','','','','Núñez, C., Obaya, R.','','','',1),(2316,'','Topologies of continuity for Carathéodory delay differential equations with applications in non-autonomous dynamics','Discrete and Continuous Dynamical Systems- Series A','',39,2019,0,'5491-5520','10780947','','','','10.3934/dcds.2019224','https://www.scopus.com/record/display.uri?eid=2-s2.0-85066443571&origin=resultslist&sort=plf-f&src=s&sid=68153673cde9f04efdb2d5906700dc99&sot=autdocs&sdt=autdocs&sl=17&s=AU-ID%286602702160%29&relpos=2&citeCnt=0&searchTerm=','','','','','Longo, I.P., Novo, S., Obaya, R.','','','',1),(2317,'','Weak Topologies for Carathéodory Differential Equations: Continuous Dependence, Exponential Dichotomy and Attractors','Journal of Dynamics and Differential Equations','',31,2019,0,'1617-1651','10407294','','','','10.1007/s10884-018-9710-y','https://www.scopus.com/record/display.uri?eid=2-s2.0-85055020812&origin=resultslist&sort=plf-f&src=s&sid=68153673cde9f04efdb2d5906700dc99&sot=autdocs&sdt=autdocs&sl=17&s=AU-ID%286602702160%29&relpos=3&citeCnt=0&searchTerm=','','','','','Longo, I.P., Novo, S., Obaya, R.','','','',1),(2318,'','Vector cross product differential and difference equations in r 3 and in r 7','Electronic Journal of Linear Algebra','',34,2018,0,'675-686','15379582','','','','10.13001/1081-3810,1537-9582.3843','https://www.scopus.com/record/display.uri?eid=2-s2.0-85061531832&origin=resultslist&sort=plf-f&src=s&sid=1809eb93eefd9eb90bf8f61946a745a7&sot=autdocs&sdt=autdocs&sl=17&s=AU-ID%286507537360%29&relpos=2&citeCnt=0&searchTerm=','','','','','Beites, P.D., Piñera-Nicolás, A., Saraiva, P., Vitória, J.','','','',1),(2319,'','A Note on Standard Composition Algebras of Types II and III','Advances in Applied Clifford Algebras','',27,2017,0,'955-964','01887009','','','','10.1007/s00006-016-0668-8','https://www.scopus.com/record/display.uri?eid=2-s2.0-84964286138&origin=resultslist&sort=plf-f&src=s&sid=03544b9c4c0428f378923f4731dfb4af&sot=autdocs&sdt=autdocs&sl=17&s=AU-ID%286507537360%29&relpos=3&citeCnt=0&searchTerm=','','','','','Beites, P.D., Piñera-Nicolás, A.','','','',1),(2320,'','On skew-symmetric matrices related to the vector cross product in R7','Electronic Journal of Linear Algebra','',32,2017,11,'138-150','10813810','','','','10.13001/1081-3810.3498','https://www.scopus.com/record/display.uri?eid=2-s2.0-85020914860&origin=resultslist&sort=plf-f&src=s&sid=03544b9c4c0428f378923f4731dfb4af&sot=autdocs&sdt=autdocs&sl=17&s=AU-ID%286507537360%29&relpos=4&citeCnt=1&searchTerm=','','','','','Beites, P.D., Piñera-Nicolás, A., Vitória, J.','','','',1),(2321,'','Solving positioning problems with minimal data','GPS Solutions','',21,2017,0,'149-161','10805370','','','','10.1007/s10291-015-0507-8','https://www.scopus.com/record/display.uri?eid=2-s2.0-84953244780&origin=resultslist&sort=plf-f&src=s&sid=03544b9c4c0428f378923f4731dfb4af&sot=autdocs&sdt=autdocs&sl=17&s=AU-ID%286507537360%29&relpos=5&citeCnt=1&searchTerm=','','','','','Caravantes, J., Gonzalez-Vega, L., Piñera-Nicolás, A.','','','',1),(2322,'','Analysis of information flux in alzheimer’s disease and mild cognitive impairment by means of graph-theory parameters','Biosystems and Biorobotics','',21,2019,0,'569-573','21953562','','','','10.1007/978-3-030-01845-0_114','https://www.scopus.com/record/display.uri?eid=2-s2.0-85055356420&origin=resultslist&sort=plf-f&src=s&sid=717b13410ee93d6eaa6df9cc92fe508e&sot=autdocs&sdt=autdocs&sl=18&s=AU-ID%2836913078800%29&relpos=2&citeCnt=0&searchTerm=','','','','','Ruiz-Gómez, S.J., Gómez, C., Poza, J., (...), Maturana-Candelas, A., Hornero, R.','','','',1),(2323,'','Characterizing non-stationarity in alzheimer’s disease and mild cognitive impairment by means of kullback-leibler divergence','Biosystems and Biorobotics','',21,2019,0,'574-578','21953562','','','','10.1007/978-3-030-01845-0_115','https://www.scopus.com/record/display.uri?eid=2-s2.0-85055323250&origin=resultslist&sort=plf-f&src=s&sid=717b13410ee93d6eaa6df9cc92fe508e&sot=autdocs&sdt=autdocs&sl=18&s=AU-ID%2836913078800%29&relpos=3&citeCnt=0&searchTerm=','','','','','Núñez, P., Poza, J., Gómez, C., (...), Maturana-Candelas, A., Hornero, R.','','','',1),(2324,'','Analysis of KCNH2 and CACNA1C schizophrenia risk genes on EEG functional network modulation during an auditory odd-ball task','European Archives of Psychiatry and Clinical Neuroscience','',0,2019,0,'','09401334','','','','10.1007/s00406-018-0977-0','https://www.scopus.com/record/display.uri?eid=2-s2.0-85059569898&origin=resultslist&sort=plf-f&src=s&sid=717b13410ee93d6eaa6df9cc92fe508e&sot=autdocs&sdt=autdocs&sl=18&s=AU-ID%2836913078800%29&relpos=4&citeCnt=0&searchTerm=','','','','','Lubeiro, A., Fatjó-Vilas, M., Guardiola, M., (...), Poza, J., Zugasti, J., Molina, V.','','','',1),(2325,'','Analysis of Spontaneous EEG Activity in Alzheimer’s Disease Patients by Means of Multiscale Spectral Entropy','Biosystems and Biorobotics','',21,2019,0,'579-583','21953562','','','','10.1007/978-3-030-01845-0_116','https://www.scopus.com/record/display.uri?eid=2-s2.0-85055313251&origin=resultslist&sort=plf-f&src=s&sid=717b13410ee93d6eaa6df9cc92fe508e&sot=autdocs&sdt=autdocs&sl=18&s=AU-ID%2836913078800%29&relpos=5&citeCnt=0&searchTerm=','','','','','Maturana-Candelas, A., Gómez, C., Poza, J., (...), Gomes, I., Hornero, R.','','','',1),(2326,'','Altered predictive capability of the brain network EEG model in schizophrenia during cognition','Schizophrenia Research','',201,2018,0,'120-129','09209964','','','','10.1016/j.schres.2018.04.043','https://www.scopus.com/record/display.uri?eid=2-s2.0-85046723941&origin=resultslist&sort=plf-f&src=s&sid=717b13410ee93d6eaa6df9cc92fe508e&sot=autdocs&sdt=autdocs&sl=18&s=AU-ID%2836913078800%29&relpos=6&citeCnt=0&searchTerm=','','','','','Gomez-Pilar, J., Poza, J., Gómez, C., (...), Molina, V., Hornero, R.','','','',1),(2327,'','Measuring alterations of spontaneous EEG neural coupling in alzheimer\'s disease and mild cognitive impairment by means of cross-entropy metrics','Frontiers in Neuroinformatics','',12,2018,76,'','16625196','','','','10.3389/fninf.2018.00076','https://www.scopus.com/record/display.uri?eid=2-s2.0-85059004824&origin=resultslist&sort=plf-f&src=s&sid=717b13410ee93d6eaa6df9cc92fe508e&sot=autdocs&sdt=autdocs&sl=18&s=AU-ID%2836913078800%29&relpos=7&citeCnt=1&searchTerm=','','','','','Ruiz-Gómez, S.J., Gómez, C., Poza, J., (...), Cano, M., Hornero, R.','','','',1),(2328,'','Assessment of EEG Connectivity Patterns in Mild Cognitive Impairment Using Phase Slope Index','Proceedings of the Annual International Conference of the IEEE Engineering in Medicine and Biology Society, EMBS','',0,2018,8512270,'263-266','1557170X','','','','10.1109/EMBC.2018.8512270','https://www.scopus.com/record/display.uri?eid=2-s2.0-85056667608&origin=resultslist&sort=plf-f&src=s&sid=717b13410ee93d6eaa6df9cc92fe508e&sot=autdocs&sdt=autdocs&sl=18&s=AU-ID%2836913078800%29&relpos=8&citeCnt=0&searchTerm=','','','','','Gomez, C., Ruiz-Gomez, S.J., Poza, J., (...), Cano, M., Hornero, R.','','','',1),(2329,'','Continuous wavelet transform in the study of the time-scale properties of intracranial pressure in hydrocephalus','Philosophical Transactions of the Royal Society A: Mathematical, Physical and Engineering Sciences','',376,2018,20170251,'','1364503X','','','','10.1098/rsta.2017.0251','https://www.scopus.com/record/display.uri?eid=2-s2.0-85050336440&origin=resultslist&sort=plf-f&src=s&sid=717b13410ee93d6eaa6df9cc92fe508e&sot=autdocs&sdt=autdocs&sl=18&s=AU-ID%2836913078800%29&relpos=9&citeCnt=2&searchTerm=','','','','','García, M., Poza, J., Santamarta, D., Romero-Oraá, R., Hornero, R.','','','',1),(2330,'','Relations between structural and EEG-based graph metrics in healthy controls and schizophrenia patients','Human Brain Mapping','',39,2018,0,'3152-3165','10659471','','','','10.1002/hbm.24066','https://www.scopus.com/record/display.uri?eid=2-s2.0-85050006655&origin=resultslist&sort=plf-f&src=s&sid=717b13410ee93d6eaa6df9cc92fe508e&sot=autdocs&sdt=autdocs&sl=18&s=AU-ID%2836913078800%29&relpos=10&citeCnt=2&searchTerm=','','','','','Gomez-Pilar, J., de Luis-García, R., Lubeiro, A., (...), Poza, J., Hornero, R., Molina, V.','','','',1),(2331,'','Deficit of entropy modulation of the EEG in schizophrenia associated to cognitive performance and symptoms. A replication study','Schizophrenia Research','',195,2018,0,'334-342','09209964','','','','10.1016/j.schres.2017.08.057','https://www.scopus.com/record/display.uri?eid=2-s2.0-85028707721&origin=resultslist&sort=plf-f&src=s&sid=717b13410ee93d6eaa6df9cc92fe508e&sot=autdocs&sdt=autdocs&sl=18&s=AU-ID%2836913078800%29&relpos=11&citeCnt=2&searchTerm=','','','','','Molina, V., Bachiller, A., Gomez-Pilar, J., (...), Haidar, M.-K., Poza, J.','','','',1),(2332,'','Quantification of Graph Complexity Based on the Edge Weight Distribution Balance: Application to Brain Networks','International Journal of Neural Systems','',28,2018,1750032,'','01290657','','','','10.1142/S0129065717500320','https://www.scopus.com/record/display.uri?eid=2-s2.0-85022195069&origin=resultslist&sort=plf-f&src=s&sid=717b13410ee93d6eaa6df9cc92fe508e&sot=autdocs&sdt=autdocs&sl=18&s=AU-ID%2836913078800%29&relpos=12&citeCnt=9&searchTerm=','','','','','Gomez-Pilar, J., Poza, J., Bachiller, A., (...), Molina, V., Hornero, R.','','','',1),(2333,'','Automated multiclass classification of spontaneous EEG activity in Alzheimer\'s disease and mild cognitive impairment','Entropy','',20,2018,35,'','10994300','','','','10.3390/e20010035','https://www.scopus.com/record/display.uri?eid=2-s2.0-85040550026&origin=resultslist&sort=plf-f&src=s&sid=717b13410ee93d6eaa6df9cc92fe508e&sot=autdocs&sdt=autdocs&sl=18&s=AU-ID%2836913078800%29&relpos=13&citeCnt=8&searchTerm=','','','','','Ruiz-Gómez, S.J., Gómez, C., Poza, J., (...), Cano, M., Hornero, R.','','','',1),(2334,'','Analysis of electroencephalographic dynamic functional connectivity in Alzheimer’s disease','IFMBE Proceedings','',68,2018,0,'165-168','16800737','','','','10.1007/978-981-10-9038-7_30','https://www.scopus.com/record/display.uri?eid=2-s2.0-85048231236&origin=resultslist&sort=plf-f&src=s&sid=717b13410ee93d6eaa6df9cc92fe508e&sot=autdocs&sdt=autdocs&sl=18&s=AU-ID%2836913078800%29&relpos=14&citeCnt=0&searchTerm=','','','','','Núñez, P., Poza, J., Gómez, C., (...), Cano, M., Hornero, R.','','','',1),(2335,'','Alterations of effective connectivity patterns in mild cognitive impairment: An MEG Study','Journal of Alzheimer\'s Disease','',65,2018,0,'843-854','13872877','','','','10.3233/JAD-170475','https://www.scopus.com/record/display.uri?eid=2-s2.0-85052213087&origin=resultslist&sort=plf-f&src=s&sid=717b13410ee93d6eaa6df9cc92fe508e&sot=autdocs&sdt=autdocs&sl=18&s=AU-ID%2836913078800%29&relpos=15&citeCnt=6&searchTerm=','','','','','Gómez, C., Juan-Cruz, C., Poza, J., (...), Fernández, A., Hornero, R.','','','',1),(2336,'','Deficits of entropy modulation in schizophrenia are predicted by functional connectivity strength in the theta band and structural clustering','NeuroImage: Clinical','',18,2018,0,'382-389','22131582','','','','10.1016/j.nicl.2018.02.005','https://www.scopus.com/record/display.uri?eid=2-s2.0-85041741984&origin=resultslist&sort=plf-f&src=s&sid=717b13410ee93d6eaa6df9cc92fe508e&sot=autdocs&sdt=autdocs&sl=18&s=AU-ID%2836913078800%29&relpos=16&citeCnt=1&searchTerm=','','','','','Gomez-Pilar, J., de Luis-García, R., Lubeiro, A., (...), Poza, J., Hornero, R., Molina, V.','','','',1),(2337,'','Bispectral analysis of spontaneous EEG activity from patients with moderate dementia due to Alzheimer\'s disease','Proceedings of the Annual International Conference of the IEEE Engineering in Medicine and Biology Society, EMBS','',0,2017,8036852,'422-425','1557170X','','','','10.1109/EMBC.2017.8036852','https://www.scopus.com/record/display.uri?eid=2-s2.0-85032191077&origin=resultslist&sort=plf-f&src=s&sid=25c15f32c360b161e97dd1b0345cd8eb&sot=autdocs&sdt=autdocs&sl=18&s=AU-ID%2836913078800%29&relpos=17&citeCnt=3&searchTerm=','','','','','Gomez, C., Vaquerizo-Villar, F., Poza, J., (...), Cano, M., Hornero, R.','','','',1),(2338,'','Phase-amplitude coupling analysis of spontaneous EEG activity in Alzheimer\'s disease','Proceedings of the Annual International Conference of the IEEE Engineering in Medicine and Biology Society, EMBS','',0,2017,8037305,'2259-2262','1557170X','','','','10.1109/EMBC.2017.8037305','https://www.scopus.com/record/display.uri?eid=2-s2.0-85032218264&origin=resultslist&sort=plf-f&src=s&sid=25c15f32c360b161e97dd1b0345cd8eb&sot=autdocs&sdt=autdocs&sl=18&s=AU-ID%2836913078800%29&relpos=18&citeCnt=1&searchTerm=','','','','','Poza, J., Bachiller, A., Gomez, C., (...), Cano, M., Hornero, R.','','','',1),(2339,'','Spatio-temporal fluctuations of neural dynamics in mild cognitive impairment and alzheimer’s disease','Current Alzheimer Research','',14,2017,0,'924-936','15672050','','','','10.2174/15672050146617039115656','https://www.scopus.com/record/display.uri?eid=2-s2.0-85029617611&origin=resultslist&sort=plf-f&src=s&sid=25c15f32c360b161e97dd1b0345cd8eb&sot=autdocs&sdt=autdocs&sl=18&s=AU-ID%2836913078800%29&relpos=19&citeCnt=8&searchTerm=','','','','','Poza, J., Gómez, C., García, M., (...), Cano, M., Hornero, R.','','','',1),(2340,'','Functional EEG network analysis in schizophrenia: Evidence of larger segregation and deficit of modulation','Progress in Neuro-Psychopharmacology and Biological Psychiatry','',76,2017,0,'116-123','02785846','','','','10.1016/j.pnpbp.2017.03.004','https://www.scopus.com/record/display.uri?eid=2-s2.0-85016300588&origin=resultslist&sort=plf-f&src=s&sid=081f8686565f60aa8e1650f1a3719a8c&sot=autdocs&sdt=autdocs&sl=18&s=AU-ID%2836913078800%29&relpos=20&citeCnt=9&searchTerm=','','','','','Gomez-Pilar, J., Lubeiro, A., Poza, J., (...), Blanco, J.A., Molina, V.','','','',1),(2341,'','Variation at NRG1 genotype related to modulation of small-world properties of the functional cortical network','European Archives of Psychiatry and Clinical Neuroscience','',267,2017,0,'25-32','09401334','','','','10.1007/s00406-015-0659-0','https://www.scopus.com/record/display.uri?eid=2-s2.0-84949492847&origin=resultslist&sort=plf-f&src=s&sid=cb8ab81b7c57efd4137203a526644b6f&sot=autdocs&sdt=autdocs&sl=18&s=AU-ID%2836913078800%29&relpos=22&citeCnt=3&searchTerm=','','','','','Lubeiro, A., Gomez-Pilar, J., Martín, O., (...), Poza, J., Hornero, R., Molina, V.','','','',1),(2342,'','Exploring non-stationarity patterns in schizophrenia: Neural reorganization abnormalities in the alpha band','Journal of Neural Engineering','',14,2017,46001,'','17412560','','','','10.1088/1741-2552/aa6e05','https://www.scopus.com/record/display.uri?eid=2-s2.0-85031666403&origin=resultslist&sort=plf-f&src=s&sid=de43af833b9a88e5c6ffa02458e72e47&sot=autdocs&sdt=autdocs&sl=18&s=AU-ID%2836913078800%29&relpos=21&citeCnt=6&searchTerm=','','','','','Núñez, P., Poza, J., Bachiller, A., (...), Molina, V., Hornero, R.','','','',1),(2343,'','Event-Related Phase-Amplitude Coupling: A Comparative Study','Biosystems and Biorobotics','',15,2017,0,'757-761','21953562','','','','10.1007/978-3-319-46669-9_124','https://www.scopus.com/record/display.uri?eid=2-s2.0-85028313640&origin=resultslist&sort=plf-f&src=s&sid=a81df6e802226f07157e6aa92504303a&sot=autdocs&sdt=autdocs&sl=18&s=AU-ID%2836913078800%29&relpos=25&citeCnt=0&searchTerm=','','','','','Bachiller, A., Gomez-Pilar, J., Poza, J., (...), Molina, V., Hornero, R.','','','',1),(2344,'','Analysis of Functional Connectivity During an Auditory Oddball Task in Schizophrenia','Biosystems and Biorobotics','',15,2017,0,'751-755','21953562','','','','10.1007/978-3-319-46669-9_123','https://www.scopus.com/record/display.uri?eid=2-s2.0-85028313293&origin=resultslist&sort=plf-f&src=s&sid=81b7027f380ff73ecef3441a099bf2dd&sot=autdocs&sdt=autdocs&sl=18&s=AU-ID%2836913078800%29&relpos=26&citeCnt=0&searchTerm=','','','','','Núñez, P., Poza, J., Bachiller, A., (...), Molina, V., Hornero, R.','','','',1),(2345,'','Assessment of Effective Connectivity in Alzheimer’s Disease Using Granger Causality','Biosystems and Biorobotics','',15,2017,0,'763-767','21953562','','','','10.1007/978-3-319-46669-9_125','https://www.scopus.com/record/display.uri?eid=2-s2.0-85028306767&origin=resultslist&sort=plf-f&src=s&sid=7178564132a18b5ddae7ddb7208d70c7&sot=autdocs&sdt=autdocs&sl=18&s=AU-ID%2836913078800%29&relpos=23&citeCnt=3&searchTerm=','','','','','Juan-Cruz, C., Gómez, C., Poza, J., Fernández, A., Hornero, R.','','','',1),(2346,'','Fulcrum: Flexible network coding for heterogeneous devices','IEEE Access','',6,2018,8554264,'77890-77910','21693536','','','','10.1109/ACCESS.2018.2884408','https://www.scopus.com/record/display.uri?eid=2-s2.0-85057772210&origin=resultslist&sort=plf-f&src=s&sid=0f2646a29b8d9e3fecf57d698c92cb65&sot=autdocs&sdt=autdocs&sl=18&s=AU-ID%2835273277800%29&relpos=7&citeCnt=4&searchTerm=','','','','','Lucani, D.E., Pedersen, M.V., Ruano, D., (...), Nguyen, V., Reisslein, M.','','','',1),(2347,'','On asymptotically good ramp secret sharing schemes','IEICE Transactions on Fundamentals of Electronics, Communications and Computer Sciences','',0,2017,0,'2699-2708','09168508','','','','10.1587/transfun.E100.A.2699','https://www.scopus.com/record/display.uri?eid=2-s2.0-85038210583&origin=resultslist&sort=plf-f&src=s&sid=0f2646a29b8d9e3fecf57d698c92cb65&sot=autdocs&sdt=autdocs&sl=18&s=AU-ID%2835273277800%29&relpos=8&citeCnt=1&searchTerm=','','','','','Geil, O., Martin, S., Martínez-Peñas, U., Matsumoto, R., Ruano, D.','','','',1),(2348,'','Geometric and computational approach to classical and quantum secret sharing','Springer Proceedings in Mathematics and Statistics','',198,2017,0,'267-272','21941009','','','','10.1007/978-3-319-56932-1_18','https://www.scopus.com/record/display.uri?eid=2-s2.0-85028308661&origin=resultslist&sort=plf-f&src=s&sid=0f2646a29b8d9e3fecf57d698c92cb65&sot=autdocs&sdt=autdocs&sl=18&s=AU-ID%2835273277800%29&relpos=11&citeCnt=0&searchTerm=','','','','','Matsumoto, R., Ruano, D.','','','',1),(2349,'','Dynamics of breast-cancer relapse reveal late-recurring ER-positive genomic subgroups','Nature','',567,2019,0,'399-404','00280836','','','','10.1038/s41586-019-1007-8','https://www.scopus.com/record/display.uri?eid=2-s2.0-85063279288&origin=resultslist&sort=plf-f&src=s&sid=283cfe974b586df8996e8e1ad7381956&sot=autdocs&sdt=autdocs&sl=17&s=AU-ID%287004744938%29&relpos=0&citeCnt=7&searchTerm=','','','','','Rueda, O.M., Sammut, S.-J., Seoane, J.A., (...), Rueda, C., Caldas, C., Curtis, C.','','','',1),(2350,'','Characterizing the fluctuations of dynamic resting-state electrophysiological functional connectivity: reduced neuronal coupling variability in mild cognitive impairment and dementia due to Alzheimer\'s disease','Journal of neural engineering','',16,2019,0,'056030','17412552','','','','10.1088/1741-2552/ab234b','https://www.scopus.com/record/display.uri?eid=2-s2.0-85072509248&origin=resultslist&sort=plf-f&src=s&sid=8bd2e2f5179f9fb4a5d10d0b5718c197&sot=autdocs&sdt=autdocs&sl=17&s=AU-ID%286602804361%29&relpos=0&citeCnt=0&searchTerm=','','','','','Núñez, P., Poza, J., Gómez, C., (...), Cano, M., Hornero, R.','','','',1),(2351,'','Evaluation of Machine-Learning Approaches to Estimate Sleep Apnea Severity From At-Home Oximetry Recordings','IEEE Journal of Biomedical and Health Informatics','',23,2019,8331839,'882-892','21682194','','','','10.1109/JBHI.2018.2823384','https://www.scopus.com/record/display.uri?eid=2-s2.0-85045218212&origin=resultslist&sort=plf-f&src=s&sid=8bd2e2f5179f9fb4a5d10d0b5718c197&sot=autdocs&sdt=autdocs&sl=17&s=AU-ID%286602804361%29&relpos=9&citeCnt=4&searchTerm=','','','','','Gutiérrez-Tobal, G.C., Álvarez, D., Crespo, A., Del Campo, F., Hornero, R.','','','',1),(2352,'','Cloud algorithm-driven oximetry-based diagnosis of obstructive sleep apnoea in symptomatic habitually snoring children','The European respiratory journal','',53,2019,0,'','13993003','','','','10.1183/13993003.01788-2018','https://www.scopus.com/record/display.uri?eid=2-s2.0-85061957563&origin=resultslist&sort=plf-f&src=s&sid=8bd2e2f5179f9fb4a5d10d0b5718c197&sot=autdocs&sdt=autdocs&sl=17&s=AU-ID%286602804361%29&relpos=10&citeCnt=1&searchTerm=','','','','','Xu, Z., Gutiérrez-Tobal, G.C., Wu, Y., (...), Hornero, R., Gozal, D.','','','',1),(2353,'','A novel hybrid swarm algorithm for P300-based BCI channel selection','IFMBE Proceedings','',68,2019,0,'41-45','16800737','','','','10.1007/978-981-10-9023-3_8','https://www.scopus.com/record/display.uri?eid=2-s2.0-85048307724&origin=resultslist&sort=plf-f&src=s&sid=8bd2e2f5179f9fb4a5d10d0b5718c197&sot=autdocs&sdt=autdocs&sl=17&s=AU-ID%286602804361%29&relpos=11&citeCnt=0&searchTerm=','','','','','Martínez-Cagigal, V., Santamaría-Vázquez, E., Hornero, R.','','','',1),(2354,'','Assessment of oximetry-based statistical classifiers as simplified screening tools in the management of childhood obstructive sleep apnea','Sleep and Breathing','',22,2018,0,'1063-1073','15209512','','','','10.1007/s11325-018-1637-3','https://www.scopus.com/record/display.uri?eid=2-s2.0-85042084762&origin=resultslist&sort=plf-f&src=s&sid=8bd2e2f5179f9fb4a5d10d0b5718c197&sot=autdocs&sdt=autdocs&sl=17&s=AU-ID%286602804361%29&relpos=15&citeCnt=3&searchTerm=','','','','','Crespo, A., Álvarez, D., Kheirandish-Gozal, L., (...), Hornero, R., del Campo, F.','','','',1),(2355,'','Wavelet analysis of oximetry recordings to assist in the automated detection of moderate-to-severe pediatric sleep apnea-hypopnea syndrome','PLoS ONE','',13,2018,208502,'','19326203','','','','10.1371/journal.pone.0208502','https://www.scopus.com/record/display.uri?eid=2-s2.0-85058130134&origin=resultslist&sort=plf-f&src=s&sid=8bd2e2f5179f9fb4a5d10d0b5718c197&sot=autdocs&sdt=autdocs&sl=17&s=AU-ID%286602804361%29&relpos=16&citeCnt=0&searchTerm=','','','','','Gozal, D., Hornero, R., Vaquerizo-Villar, F., (...), Crespo, A., del Campo, F.','','','',1),(2356,'','Detrended fluctuation analysis of the oximetry signal to assist in paediatric sleep apnoea-hypopnoea syndrome diagnosis','Physiological Measurement','',39,2018,114006,'','09673334','','','','10.1088/1361-6579/aae66a','https://www.scopus.com/record/display.uri?eid=2-s2.0-85056527250&origin=resultslist&sort=plf-f&src=s&sid=8bd2e2f5179f9fb4a5d10d0b5718c197&sot=autdocs&sdt=autdocs&sl=17&s=AU-ID%286602804361%29&relpos=17&citeCnt=0&searchTerm=','','','','','Vaquerizo-Villar, F., Álvarez, D., Kheirandish-Gozal, L., (...), Gozal, D., Hornero, R.','','','',1),(2357,'','Bispectral Analysis to Enhance Oximetry as a Simplified Alternative for Pediatric Sleep Apnea Diagnosis','Proceedings of the Annual International Conference of the IEEE Engineering in Medicine and Biology Society, EMBS','',0,2018,8512248,'175-178','1557170X','','','','10.1109/EMBC.2018.8512248','https://www.scopus.com/record/display.uri?eid=2-s2.0-85056663926&origin=resultslist&sort=plf-f&src=s&sid=e90897bb6bedcded43cca547f80d4819&sot=autdocs&sdt=autdocs&sl=17&s=AU-ID%286602804361%29&relpos=21&citeCnt=0&searchTerm=','','','','','Gutierrez-Tobal, G.C., Kheirandish-Gozal, L., Vaquerizo-Villar, F., (...), Gozal, D., Hornero, R.','','','',1),(2358,'','Improving the Diagnostic Ability of Oximetry Recordings in Pediatric Sleep Apnea-Hypopnea Syndrome by Means of Multi-Class AdaBoost','Proceedings of the Annual International Conference of the IEEE Engineering in Medicine and Biology Society, EMBS','',0,2018,8512264,'167-170','1557170X','','','','10.1109/EMBC.2018.8512264','https://www.scopus.com/record/display.uri?eid=2-s2.0-85056647358&origin=resultslist&sort=plf-f&src=s&sid=9722059f97d03ad83f8564cf2bd1a474&sot=autdocs&sdt=autdocs&sl=17&s=AU-ID%286602804361%29&relpos=22&citeCnt=1&searchTerm=','','','','','Vaquerizo-Villar, F., Alvarez, D., Kheirandish-Gozal, L., (...), Gozal, D., Hornero, R.','','','',1),(2359,'','Symbolic dynamics to enhance diagnostic ability of portable oximetry from the Phone Oximeter in the detection of paediatric sleep apnoea','Physiological Measurement','',39,2018,104002,'','09673334','','','','10.1088/1361-6579/aae2a8','https://www.scopus.com/record/display.uri?eid=2-s2.0-85056260002&origin=resultslist&sort=plf-f&src=s&sid=54c3b68ec3e9d28f8639ccf876e75fd9&sot=autdocs&sdt=autdocs&sl=17&s=AU-ID%286602804361%29&relpos=23&citeCnt=0&searchTerm=','','','','','Alvarez, D., Crespo, A., Vaquerizo-Villar, F., (...), Del Campo, F., Garde, A.','','','',1),(2360,'','Oximetry use in obstructive sleep apnea','Expert Review of Respiratory Medicine','',12,2018,0,'665-681','17476348','','','','10.1080/17476348.2018.1495563','https://www.scopus.com/record/display.uri?eid=2-s2.0-85050926322&origin=resultslist&sort=plf-f&src=s&sid=58b2c6ade9ecefa1d04d51ea4b6f2c77&sot=autdocs&sdt=autdocs&sl=17&s=AU-ID%286602804361%29&relpos=25&citeCnt=2&searchTerm=','','','','','del Campo, F., Crespo, A., Cerezo-Hernández, A., (...), Hornero, R., Álvarez, D.','','','',1),(2361,'','Deficit of entropy modulation of the EEG in schizophrenia associated to cognitive performance and symptoms. A replication study','Schizophrenia Research','',195,2018,0,'334-342','09209964','','','','10.1016/j.schres.2017.08.057','https://www.scopus.com/record/display.uri?eid=2-s2.0-85028707721&origin=resultslist&sort=plf-f&src=s&sid=21889afcfae0c8bb0c8b73bf8bb6534e&sot=autdocs&sdt=autdocs&sl=17&s=AU-ID%286602804361%29&relpos=27&citeCnt=2&searchTerm=','','','','','Molina, V., Bachiller, A., Gomez-Pilar, J., (...), Haidar, M.-K., Poza, J.','','','',1),(2362,'','Utility of bispectrum in the screening of pediatric sleep apnea-hypopnea syndrome using oximetry recordings','Computer Methods and Programs in Biomedicine','',156,2018,0,'141-149','01692607','','','','10.1016/j.cmpb.2017.12.020','https://www.scopus.com/record/display.uri?eid=2-s2.0-85043370728&origin=resultslist&sort=plf-f&src=s&sid=91c8f192d35bd230313fa819672f402d&sot=autdocs&sdt=autdocs&sl=17&s=AU-ID%286602804361%29&relpos=28&citeCnt=8&searchTerm=','','','','','Vaquerizo-Villar, F., Álvarez, D., Kheirandish-Gozal, L., (...), Gozal, D., Hornero, R.','','','',1),(2363,'','Controlling a smartphone with brain-computer interfaces: A preliminary study','Lecture Notes in Computer Science (including subseries Lecture Notes in Artificial Intelligence and Lecture Notes in Bioinformatics)','',10945,2018,0,'34-43','03029743','','','','10.1007/978-3-319-94544-6_4','https://www.scopus.com/record/display.uri?eid=2-s2.0-85049889935&origin=resultslist&sort=plf-f&src=s&sid=09c66e9d332cb361b6e0420c10a4228e&sot=autdocs&sdt=autdocs&sl=17&s=AU-ID%286602804361%29&relpos=30&citeCnt=1&searchTerm=','','','','','Martínez-Cagigal, V., Santamaría-Vázquez, E., Hornero, R.','','','',1),(2364,'','Potential benefits of a cognitive training program in mild cognitive impairment (MCI)','Restorative Neurology and Neuroscience','',36,2018,0,'207-213','09226028','','','','10.3233/RNN-170754','https://www.scopus.com/record/display.uri?eid=2-s2.0-85043511706&origin=resultslist&sort=plf-f&src=s&sid=18dc71de7001adc462f3448acc624e66&sot=autdocs&sdt=autdocs&sl=17&s=AU-ID%286602804361%29&relpos=31&citeCnt=0&searchTerm=','','','','','Mendoza Laiz, N., Del Valle Díaz, S., Rioja Collado, N., Gomez-Pilar, J., Hornero, R.','','','',1),(2365,'','Pulse rate variability analysis to enhance oximetry as at-home alternative for sleep apnea diagnosing','IFMBE Proceedings','',68,2018,0,'213-217','16800737','','','','10.1007/978-981-10-9038-7_39','https://www.scopus.com/record/display.uri?eid=2-s2.0-85048239109&origin=resultslist&sort=plf-f&src=s&sid=1ee7254e9335ec99d2f0c122eacdc4f8&sot=autdocs&sdt=autdocs&sl=17&s=AU-ID%286602804361%29&relpos=33&citeCnt=0&searchTerm=','','','','','Gutiérrez-Tobal, G.C., Álvarez, D., Vaquerizo-Villar, F., (...), del Campo, F., Hornero, R.','','','',1),(2366,'','Statin intake can decrease acute pancreatitis severit','Pancreatology','',19,2019,0,'807-812','14243903','','','','10.1016/j.pan.2019.07.004','https://www.scopus.com/record/display.uri?eid=2-s2.0-85072545798&origin=resultslist&sort=plf-f&src=s&sid=88a9cd19095b71d258ebba72751b9d5e&sot=autdocs&sdt=autdocs&sl=17&s=AU-ID%286602620063%29&relpos=0&citeCnt=0&searchTerm=','','','','','Ruiz-Rebollo, M.L., Muñoz-Moreno, M.F., Mayo-Iscar, A., Udaondo-Cascante, M.A., Nistal, R.B.','','','',1),(2367,'','Analysis of the early warning score to detect critical or high-risk patients in the prehospital setting','Internal and Emergency Medicine','',14,2019,0,'581-589','18280447','','','','10.1007/s11739-019-02026-2','https://www.scopus.com/record/display.uri?eid=2-s2.0-85059846411&origin=resultslist&sort=plf-f&src=s&sid=88a9cd19095b71d258ebba72751b9d5e&sot=autdocs&sdt=autdocs&sl=17&s=AU-ID%286602620063%29&relpos=2&citeCnt=0&searchTerm=','','','','','Martín-Rodríguez, F., Castro-Villamor, M.Á., del Pozo Vegas, C., (...), Mayo-Íscar, A., Escudero-Cuadrillero, C., López-Izquierdo, R.','','','',1),(2368,'','Special issue on “Advances on model-based clustering and classification”: Preface by the Guest Editors','Advances in Data Analysis and Classification','',13,2019,0,'','18625347','','','','10.1007/s11634-019-00355-w','https://www.scopus.com/record/display.uri?eid=2-s2.0-85062680142&origin=resultslist&sort=plf-f&src=s&sid=88a9cd19095b71d258ebba72751b9d5e&sot=autdocs&sdt=autdocs&sl=17&s=AU-ID%286602620063%29&relpos=3&citeCnt=0&searchTerm=','','','','','Frühwirth-Schnatter, S., Ingrassia, S., Mayo-Iscar, A.','','','',1),(2369,'','Development of a new algorithm based on FDT matrix perimetry and SD-OCT to improve early glaucoma detection in primary care','Clinical Ophthalmology','',13,2019,0,'33-42','11775467','','','','10.2147/OPTH.S177581','https://www.scopus.com/record/display.uri?eid=2-s2.0-85059458392&origin=resultslist&sort=plf-f&src=s&sid=88a9cd19095b71d258ebba72751b9d5e&sot=autdocs&sdt=autdocs&sl=17&s=AU-ID%286602620063%29&relpos=5&citeCnt=0&searchTerm=','','','','','Morejon, A., Mayo-Iscar, A., Martin, R., Ussa, F.','','','',1),(2370,'','A new dimensional-reducing variable obtained from original inflammatory scores is highly associated to morbidity after curative surgery for colorectal cancer','International Journal of Colorectal Disease','',33,2018,0,'1225-1234','01791958','','','','10.1007/s00384-018-3100-0','https://www.scopus.com/record/display.uri?eid=2-s2.0-85048780630&origin=resultslist&sort=plf-f&src=s&sid=88a9cd19095b71d258ebba72751b9d5e&sot=autdocs&sdt=autdocs&sl=17&s=AU-ID%286602620063%29&relpos=8&citeCnt=0&searchTerm=','','','','','Bailon-Cuadrado, M., Perez-Saborido, B., Sanchez-Gonzalez, J., (...), Mayo-Iscar, A., Pacheco-Sanchez, D.','','','',1),(2371,'','Reading Performance Improvements in Patients with Central Vision Loss without Age-Related Macular Degeneration after Undergoing Personalized Rehabilitation Training','Current Eye Research','',42,2017,0,'1260-1268','2713683','','','','10.1080/02713683.2017.1315140','https://www.scopus.com/record/display.uri?eid=2-s2.0-85021124530&origin=resultslist&sort=plf-f&src=s&sid=88a9cd19095b71d258ebba72751b9d5e&sot=autdocs&sdt=autdocs&sl=17&s=AU-ID%286602620063%29&relpos=15&citeCnt=0&searchTerm=','','','','','Coco-Martín, M.B., López-Miguel, A., Cuadrado, R., (...), Mayo-Íscar, A., Pastor, J.C., Maldonado, M.J.','','','',1),(2372,'','Repair of nerve injury by implanting prostheses obtained from isogenic acellular nerve segments','Revista Espanola de Cirugia Ortopedica y Traumatologia','',61,2017,0,'359-366','18884415','','','','10.1016/j.recot.2017.06.005','https://www.scopus.com/record/display.uri?eid=2-s2.0-85026323108&origin=resultslist&sort=plf-f&src=s&sid=88a9cd19095b71d258ebba72751b9d5e&sot=autdocs&sdt=autdocs&sl=17&s=AU-ID%286602620063%29&relpos=16&citeCnt=1&searchTerm=','','','','','García-Medrano, B., Mesuro Domínguez, N., Simón Pérez, C., (...), Mayo-Íscar, A., Gayoso Rodríguez, M.J., Martín Ferrero, M.A.','','','',1),(2373,'','Assessment of nasal obstruction with rhinomanometry and subjective scales and outcomes of surgical and medical treatment','Acta Otorrinolaringologica Espanola','',68,2017,0,'145-150','00016519','','','','10.1016/j.otorri.2016.06.007','https://www.scopus.com/record/display.uri?eid=2-s2.0-84992450215&origin=resultslist&sort=plf-f&src=s&sid=88a9cd19095b71d258ebba72751b9d5e&sot=autdocs&sdt=autdocs&sl=17&s=AU-ID%286602620063%29&relpos=18&citeCnt=3&searchTerm=','','','','','Lara-Sánchez, H., Álvarez Nuño, C., Gil-Carcedo Sañudo, E., Mayo Iscar, A., Vallejo Valdezate, L.Á.','','','',1),(2374,'','Fuzzy clustering through robust factor analyzers','Advances in Intelligent Systems and Computing','',456,2017,0,'229-235','21945357','','','','10.1007/978-3-319-42972-4_29','https://www.scopus.com/record/display.uri?eid=2-s2.0-84988422083&origin=resultslist&sort=plf-f&src=s&sid=ff7fab44d634f6551d93f5bcca612f28&sot=autdocs&sdt=autdocs&sl=17&s=AU-ID%286602620063%29&relpos=20&citeCnt=0&searchTerm=','','','','','García-Escudero, L.A., Greselin, F., Mayo-Iscar, A.','','','',1),(2375,'','Data envelopment analysis in satisfaction survey research: Sample size problem','Journal of the Operational Research Society','',69,2018,0,'1096-1104','01605682','','','','10.1057/s41274-017-0290-8','https://www.scopus.com/record/display.uri?eid=2-s2.0-85029184029&origin=resultslist&sort=plf-f&src=s&sid=2709b2c4db2f95cd4a1f383e0f6c2565&sot=autdocs&sdt=autdocs&sl=17&s=AU-ID%286602003545%29&relpos=0&citeCnt=0&searchTerm=','','','','','Tapia, J.A., Salvador, B., Rodríguez, J.M.','','','',1),(2376,'','Persistence in non-autonomous quasimonotone parabolic partial functional differential equations with delay','Discrete and Continuous Dynamical Systems - Series B','',24,2019,0,'3947-3970','15313492','','','','10.3934/dcdsb.2018338','https://www.scopus.com/record/display.uri?eid=2-s2.0-85072579101&origin=resultslist&sort=plf-f&src=s&sid=2e93957bb30b6d33114a835cc6b8d2c6&sot=autdocs&sdt=autdocs&sl=17&s=AU-ID%287102064116%29&relpos=0&citeCnt=0&searchTerm=','','','','','Obaya, R., Sanz, A.M.','','','',1),(2377,'','Indices of O-regular variation for weight functions and weight sequences','Revista de la Real Academia de Ciencias Exactas, Fisicas y Naturales - Serie A: Matematicas','',113,2019,0,'3659-3697','15787303','','','','10.1007/s13398-019-00724-2','https://www.scopus.com/record/display.uri?eid=2-s2.0-85069697577&origin=resultslist&sort=plf-f&src=s&sid=7a7a47cd79f0674c0351f83dd0bcf87c&sot=autdocs&sdt=autdocs&sl=18&s=AU-ID%2856235143800%29&relpos=0&citeCnt=0&searchTerm=','','','','','Jiménez-Garrido, J., Sanz, J., Schindl, G.','','','',1),(2378,'','Injectivity and surjectivity of the Stieltjes moment mapping in Gelfand–Shilov spaces','Revista de la Real Academia de Ciencias Exactas, Fisicas y Naturales - Serie A: Matematicas','',113,2019,0,'3341-3358','15787303','','','','10.1007/s13398-019-00693-6','https://www.scopus.com/record/display.uri?eid=2-s2.0-85067887261&origin=resultslist&sort=plf-f&src=s&sid=7a7a47cd79f0674c0351f83dd0bcf87c&sot=autdocs&sdt=autdocs&sl=18&s=AU-ID%2856235143800%29&relpos=1&citeCnt=1&searchTerm=','','','','','Debrouwere, A., Jiménez-Garrido, J., Sanz, J.','','','',1),(2379,'','A Phragmén–Lindelöf Theorem via Proximate Orders, and the Propagation of Asymptotics','Journal of Geometric Analysis','',0,2019,0,'','10506926','','','','10.1007/s12220-019-00203-5','https://www.scopus.com/record/display.uri?eid=2-s2.0-85065705144&origin=resultslist&sort=plf-f&src=s&sid=7a7a47cd79f0674c0351f83dd0bcf87c&sot=autdocs&sdt=autdocs&sl=18&s=AU-ID%2856235143800%29&relpos=4&citeCnt=0&searchTerm=','','','','','Jiménez-Garrido, J., Sanz, J., Schindl, G.','','','',1),(2380,'','Asymptotic analysis and summability of formal power series','Trends in Mathematics','',0,2017,0,'199-262','22970215','','','','10.1007/978-3-319-52842-7_4','https://www.scopus.com/record/display.uri?eid=2-s2.0-85021999406&origin=resultslist&sort=plf-f&src=s&sid=7a7a47cd79f0674c0351f83dd0bcf87c&sot=autdocs&sdt=autdocs&sl=18&s=AU-ID%2856235143800%29&relpos=7&citeCnt=2&searchTerm=','','','','','Sanz, J.','','','',1),(2381,'','Nocturnal oximetry-based evaluation of habitually snoring children','American Journal of Respiratory and Critical Care Medicine','',196,2017,0,'1591-1598','1073449X','','','','10.1164/rccm.201705-0930OC','https://www.scopus.com/record/display.uri?eid=2-s2.0-85039040833&origin=resultslist&sort=plf-f&src=s&sid=ffe27bbcfbb725aede4b0f050d621908&sot=autdocs&sdt=autdocs&sl=17&s=AU-ID%286602804361%29&relpos=37&citeCnt=26&searchTerm=','','','','','Hornero, R., Kheirandish-Gozal, L., Gutiérrez-Tobal, G.C., (...), Verhulst, S., Gozal, D.','','','',1),(2382,'','Assessment of automated analysis of portable oximetry as a screening test for moderate-to-severe sleep apnea in patients with chronic obstructive pulmonary disease','PLoS ONE','',12,2017,188094,'','19326203','','','','10.1371/journal.pone.0188094','https://www.scopus.com/record/display.uri?eid=2-s2.0-85035230134&origin=resultslist&sort=plf-f&src=s&sid=0b6691db3c4a8d5cf020035f421b189f&sot=autdocs&sdt=autdocs&sl=17&s=AU-ID%286602804361%29&relpos=38&citeCnt=2&searchTerm=','','','','','Andrés-Blanco, A.M., Álvarez, D., Crespo, A., (...), Hornero, R., Del Campo, F.','','','',1),(2383,'','P300-Based Brain-Computer Interface Channel Selection using Swarm Intelligence','RIAI - Revista Iberoamericana de Automatica e Informatica Industrial','',14,2017,0,'372-383','16977912','','','','10.1016/j.riai.2017.07.003','https://www.scopus.com/record/display.uri?eid=2-s2.0-85031744276&origin=resultslist&sort=plf-f&src=s&sid=635c88d50d4b11ca7f8049020d491633&sot=autdocs&sdt=autdocs&sl=17&s=AU-ID%286602804361%29&relpos=39&citeCnt=3&searchTerm=','','','','','Martínez-Cagigal, V., Hornero, R.','','','',1),(2384,'','State of the Art in Neurotechnologies for Assistance and Rehabilitation in Spain: Fundamental Technologies','RIAI - Revista Iberoamericana de Automatica e Informatica Industrial','',14,2017,0,'346-354','16977912','','','','10.1016/j.riai.2017.06.003','https://www.scopus.com/record/display.uri?eid=2-s2.0-85031737112&origin=resultslist&sort=plf-f&src=s&sid=c03f2160bd61afce5446da49788ec89e&sot=autdocs&sdt=autdocs&sl=17&s=AU-ID%286602804361%29&relpos=40&citeCnt=4&searchTerm=','','','','','Barrios, L.J., Hornero, R., Pérez-Turiel, J., (...), Vidal, J., Azorín, J.M.','','','',1),(2385,'','A Bayesian neural network approach to compare the spectral information from nasal pressure and thermistor airflow in the automatic sleep apnea severity estimation','Proceedings of the Annual International Conference of the IEEE Engineering in Medicine and Biology Society, EMBS','',0,2017,8037670,'3741-3744','1557170X','','','','10.1109/EMBC.2017.8037670','https://www.scopus.com/record/display.uri?eid=2-s2.0-85032171207&origin=resultslist&sort=plf-f&src=s&sid=e46a56fdc19af362ef19cbded1d0d3ae&sot=autdocs&sdt=autdocs&sl=17&s=AU-ID%286602804361%29&relpos=42&citeCnt=1&searchTerm=','','','','','Gutierrez-Tobal, G.C., De Frutos, J., Alvarez, D., (...), Del Campo, F., Hornero, R.','','','',1),(2386,'','Usefulness of discrete wavelet transform in the analysis of oximetry signals to assist in childhood sleep apnea-hypopnea syndrome diagnosis','Proceedings of the Annual International Conference of the IEEE Engineering in Medicine and Biology Society, EMBS','',0,2017,8037673,'3753-3756','1557170X','','','','10.1109/EMBC.2017.8037673','https://www.scopus.com/record/display.uri?eid=2-s2.0-85032175412&origin=resultslist&sort=plf-f&src=s&sid=f1bcd2a838571d0036a554ba249c48ca&sot=autdocs&sdt=autdocs&sl=17&s=AU-ID%286602804361%29&relpos=44&citeCnt=1&searchTerm=','','','','','Vaquerizo-Villar, F., Alvarez, D., Gutierrez-Tobal, G.C., (...), Gozal, D., Hornero, R.','','','',1),(2387,'','Irregularity and variability analysis of airflow recordings to facilitate the diagnosis of paediatric sleep apnoea-hypopnoea syndrome','Entropy','',19,2017,447,'','10994300','','','','10.3390/e19090447','https://www.scopus.com/record/display.uri?eid=2-s2.0-85029212743&origin=resultslist&sort=plf-f&src=s&sid=ad0fec91f0460515bf09afbf97b58a3c&sot=autdocs&sdt=autdocs&sl=17&s=AU-ID%286602804361%29&relpos=46&citeCnt=0&searchTerm=','','','','','Barroso-García, V., Gutiérrez-Tobal, G.C., Kheirandish-Gozal, L., (...), Gozal, D., Hornero, R.','','','',1),(2388,'','An Asynchronous P300-Based Brain-Computer Interface Web Browser for Severely Disabled People','IEEE Transactions on Neural Systems and Rehabilitation Engineering','',25,2017,7725943,'1332-1342','15344320','','','','10.1109/TNSRE.2016.2623381','https://www.scopus.com/record/display.uri?eid=2-s2.0-85029180453&origin=resultslist&sort=plf-f&src=s&sid=1ef2c0bfe97a51388cd9149696c2b3b5&sot=autdocs&sdt=autdocs&sl=17&s=AU-ID%286602804361%29&relpos=47&citeCnt=11&searchTerm=','','','','','Martinez-Cagigal, V., Gomez-Pilar, J., Alvarez, D., Hornero, R.','','','',1),(2389,'','Functional EEG network analysis in schizophrenia: Evidence of larger segregation and deficit of modulation','Progress in Neuro-Psychopharmacology and Biological Psychiatry','',76,2017,0,'116-123','02785846','','','','10.1016/j.pnpbp.2017.03.004','https://www.scopus.com/record/display.uri?eid=2-s2.0-85016300588&origin=resultslist&sort=plf-f&src=s&sid=f4380233ed2336833a33d8830077dd83&sot=autdocs&sdt=autdocs&sl=17&s=AU-ID%286602804361%29&relpos=48&citeCnt=10&searchTerm=','','','','','Gomez-Pilar, J., Lubeiro, A., Poza, J., (...), Hornero, R., Blanco, J.A., Molina, V.','','','',1),(2390,'','Multiscale entropy analysis of unattended oximetric recordings to assist in the screening of paediatric sleep apnoea at home','Entropy','',19,2017,284,'','10994300','','','','10.3390/e19060284','https://www.scopus.com/record/display.uri?eid=2-s2.0-85020518731&origin=resultslist&sort=plf-f&src=s&sid=9912b7d2ee4ebb5479a915773d2baf75&sot=autdocs&sdt=autdocs&sl=17&s=AU-ID%286602804361%29&relpos=49&citeCnt=7&searchTerm=','','','','','Crespo, A., Álvarez, D., Gutiérrez-Tobal, G.C., (...), Hornero, R., del Campo, F.','','','',1),(2391,'','A binary bees algorithm for p300-based brain-computer interfaces channel selection','Lecture Notes in Computer Science (including subseries Lecture Notes in Artificial Intelligence and Lecture Notes in Bioinformatics)','',10306,2017,0,'453-463','03029743','','','','10.1007/978-3-319-59147-6_39','https://www.scopus.com/record/display.uri?eid=2-s2.0-85020878299&origin=resultslist&sort=plf-f&src=s&sid=f98bee2fcbbc2fab166f979f4afd7d95&sot=autdocs&sdt=autdocs&sl=17&s=AU-ID%286602804361%29&relpos=52&citeCnt=2&searchTerm=','','','','','Martínez-Cagigal, V., Hornero, R.','','','',1),(2392,'','Spectral Regression Kernel Discriminant Analysis for P300 Speller Based Brain-Computer Interfaces','Biosystems and Biorobotics','',15,2017,0,'789-793','21953562','','','','10.1007/978-3-319-46669-9_129','https://www.scopus.com/record/display.uri?eid=2-s2.0-85016604191&origin=resultslist&sort=plf-f&src=s&sid=e80f1eb9497de78d7c4383f9cba6b3f0&sot=autdocs&sdt=autdocs&sl=17&s=AU-ID%286602804361%29&relpos=53&citeCnt=3&searchTerm=','','','','','Martínez-Cagigal, V., Núñez, P., Hornero, R.','','','',1),(2393,'','Automated screening of children with obstructive sleep apnea using nocturnal oximetry: An alternative to respiratory polygraphy in unattended settings','Journal of Clinical Sleep Medicine','',13,2017,0,'693-702','15509389','','','','10.5664/jcsm.6586','https://www.scopus.com/record/display.uri?eid=2-s2.0-85019192220&origin=resultslist&sort=plf-f&src=s&sid=d3c5e0c9c013df9a0ea0e368494a75d1&sot=autdocs&sdt=autdocs&sl=17&s=AU-ID%286602804361%29&relpos=57&citeCnt=12&searchTerm=','','','','','Álvarez, D., Alonso-Álvarez, M.L., Gutiérrez-Tobal, G.C., (...), Hornero, R., TerÁn-Santos, J., Del Campo, F.','','','',1),(2394,'','On the estimation of extreme directional multivariate quantiles','Communications in Statistics - Theory and Methods','',0,2019,0,'','03610926','','','','10.1080/03610926.2019.1619770','https://www.scopus.com/record/display.uri?eid=2-s2.0-85066618028&origin=resultslist&sort=plf-f&src=s&sid=03d81a228e60bd7e3973967b1610fa94&sot=autdocs&sdt=autdocs&sl=18&s=AU-ID%2856900545500%29&relpos=0&citeCnt=0&searchTerm=','','','','','Torres, R., Di Bernardino, E., Laniado, H., Lillo, R.E.','','','',1),(2395,'MR3964877','Improved bounds on the threshold gap in ramp secret sharing','IEEE Trans. Inform. Theory','Institute of Electrical and Electronics Engineers. Transactions on Information Theory',65,2019,7,'4620--4633','0018-9448','94A60 (94A62 94B05)','3964877','','10.1109/TIT.2019.2902151','https://doi.org/10.1109/TIT.2019.2902151','','','','','Cascudo, Ignacio and Skovsted Gundersen, Jaron and Ruano, Diego','','','',1),(2396,'MR4029773','Squares of matrix-product codes','Finite Fields Appl.','Finite Fields and their Applications',62,2020,0,'101606','1071-5797','11T71 (94A62 94B05)','4029773','','10.1016/j.ffa.2019.101606','https://doi.org/10.1016/j.ffa.2019.101606','','','','','Cascudo, Ignacio and Gundersen, Jaron Skovsted and Ruano, Diego','','','',1),(2397,'MR3919456','Entanglement-assisted quantum error-correcting codes over arbitrary finite fields','Quantum Inf. Process.','Quantum Information Processing',18,2019,4,'Art. 116, 18','1570-0755','81P70 (94B05 94B65)','3919456','','10.1007/s11128-019-2234-5','https://doi.org/10.1007/s11128-019-2234-5','','','','','Galindo, Carlos and Hernando, Fernando and Matsumoto, Ryutaroh and Ruano, Diego','','','',1),(2398,'MR3904926','New binary and ternary LCD codes','IEEE Trans. Inform. Theory','Institute of Electrical and Electronics Engineers. Transactions on Information Theory',65,2019,2,'1008--1016','0018-9448','94B05','3904926','','10.1109/TIT.2018.2834500','https://doi.org/10.1109/TIT.2018.2834500','','','','','Galindo, Carlos and Geil, Olav and Hernando, Fernando and Ruano, Diego','','','',1),(2399,'MR3782266','Improved constructions of nested code pairs','IEEE Trans. Inform. Theory','Institute of Electrical and Electronics Engineers. Transactions on Information Theory',64,2018,0,'2444--2459','0018-9448','94B05','3782266','','10.1109/TIT.2017.2755682','https://doi.org/10.1109/TIT.2017.2755682','','','','','Galindo, Carlos and Geil, Olav and Hernando, Fernando and Ruano, Diego','','','',1),(2400,'MR3621886','On the distance of stabilizer quantum codes from $J$-affine variety codes','Quantum Inf. Process.','Quantum Information Processing',16,2017,4,'Art. 111, 32','1570-0755','81P70 (94B27)','3621886','Juan Antonio López-Ramos','10.1007/s11128-017-1559-1','https://doi.org/10.1007/s11128-017-1559-1','','','','','Galindo, Carlos and Geil, Olav and Hernando, Fernando and Ruano, Diego','','','',1),(2401,'MR3573516','Refined analysis of RGHWs of code pairs coming from Garcia-Stichtenoth\'s second tower','J. Algebra Comb. Discrete Struct. Appl.','Journal of Algebra Combinatorics Discrete Structures and Applications',4,2017,1,'37--47','','94B05 (94A62 94B27)','3573516','Juan Antonio López-Ramos','10.13069/jacodesmath.34390','https://doi.org/10.13069/jacodesmath.34390','','','','','Geil, Olav and Martin, Stefano and Martínez-Peñas, Umberto and Ruano, Diego','','','',1),(2402,'MR3396378','New quantum codes from evaluation and matrix-product codes','Finite Fields Appl.','Finite Fields and their Applications',36,2015,0,'98--120','1071-5797','94B27 (81Q99)','3396378','Bal Kishan Dass','10.1016/j.ffa.2015.07.003','https://doi.org/10.1016/j.ffa.2015.07.003','','','','','Galindo, Carlos and Hernando, Fernando and Ruano, Diego','','','',1),(2403,'MR3393742','Stabilizer quantum codes from $J$-affine variety codes and a new Steane-like enlargement','Quantum Inf. Process.','Quantum Information Processing',14,2015,9,'3211--3231','1570-0755','81P70','3393742','','10.1007/s11128-015-1057-2','https://doi.org/10.1007/s11128-015-1057-2','','','','','Galindo, Carlos and Hernando, Fernando and Ruano, Diego','','','',1),(2404,'MR3393742','Stabilizer quantum codes from $J$-affine variety codes and a new Steane-like enlargement','Quantum Inf. Process.','Quantum Information Processing',14,2015,9,'3211--3231','1570-0755','81P70','3393742','','10.1007/s11128-015-1057-2','https://doi.org/10.1007/s11128-015-1057-2','','','','','Galindo, Carlos and Hernando, Fernando and Ruano, Diego','','','',1),(2405,'MR3265005','Relative generalized Hamming weights of one-point algebraic geometric codes','IEEE Trans. Inform. Theory','Institute of Electrical and Electronics Engineers. Transactions on Information Theory',60,2014,10,'5938--5949','0018-9448','94B27','3265005','','10.1109/TIT.2014.2345375','https://doi.org/10.1109/TIT.2014.2345375','','','','','Geil, Olav and Martin, Stefano and Matsumoto, Ryutaroh and Ruano, Diego and Luo, Yuan','','','',1),(2406,'MR3170323','Computational aspects of retrieving a representation of an algebraic geometry code','J. Symbolic Comput.','Journal of Symbolic Computation',64,2014,0,'67--87','0747-7171','94A60 (13P10 14G50)','3170323','','10.1016/j.jsc.2013.12.007','https://doi.org/10.1016/j.jsc.2013.12.007','','','','','Márquez-Corbella, Irene and Martínez-Moro, Edgar and Pellikaan, Ruud and Ruano, Diego','','','',1),(2407,'MR3091375','List decoding of repeated codes','Appl. Algebra Engrg. Comm. Comput.','Applicable Algebra in Engineering, Communication and Computing',24,2013,0,'237--253','0938-1279','94B35 (94B05 94B15)','3091375','','10.1007/s00200-013-0191-2','https://doi.org/10.1007/s00200-013-0191-2','','','','','Hernando, Fernando and O\'Sullivan, Michael and Ruano, Diego','','','',1),(2408,'MR3061082','Feng-Rao decoding of primary codes','Finite Fields Appl.','Finite Fields and their Applications',23,2013,0,'35--52','1071-5797','94B65 (94B35)','3061082','Fabio Pasticci','10.1016/j.ffa.2013.03.005','https://doi.org/10.1016/j.ffa.2013.03.005','','','','','Geil, Olav and Matsumoto, Ryutaroh and Ruano, Diego','','','',1),(2409,'MR3042656','Generalization of the Lee-O\'Sullivan list decoding for one-point AG codes','J. Symbolic Comput.','Journal of Symbolic Computation',55,2013,0,'1--9','0747-7171','94B27 (13P10)','3042656','Marcus Greferath','10.1016/j.jsc.2013.03.001','https://doi.org/10.1016/j.jsc.2013.03.001','','','','','Matsumoto, Ryutaroh and Ruano, Diego and Geil, Olav','','','',1),(2410,'MR3037260','Decoding of matrix-product codes','J. Algebra Appl.','Journal of Algebra and its Applications',12,2013,4,'1250185, 15','0219-4988','94B05 (94B35)','3037260','Bal Kishan Dass','10.1142/S021949881250185X','https://doi.org/10.1142/S021949881250185X','','','','','Hernando, Fernando and Ruano, Diego','','','',1),(2411,'MR3016565','Bounding the number of points on a curve using a generalization of Weierstrass semigroups','Des. Codes Cryptogr.','Designs, Codes and Cryptography. An International Journal',66,2013,0,'221--230','0925-1022','14G15 (11G20 14G50 14H05)','3016565','Yves Aubry','10.1007/s10623-012-9685-3','https://doi.org/10.1007/s10623-012-9685-3','','','','','Beelen, Peter and Ruano, Diego','','','',1),(2412,'MR2966677','List decoding of matrix-product codes from nested codes: an application to quasi-cyclic codes','Adv. Math. Commun.','Advances in Mathematics of Communications',6,2012,3,'259--272','1930-5346','94B05 (94B35)','2966677','William Cary Huffman','10.3934/amc.2012.6.259','https://doi.org/10.3934/amc.2012.6.259','','','','','Hernando, Fernando and Ho holdt, Tom and Ruano, Diego','','','',1),(2413,'MR2831617','On the order bounds for one-point AG codes','Adv. Math. Commun.','Advances in Mathematics of Communications',5,2011,3,'489--504','1930-5346','94B27 (14G50 94B65)','2831617','Zlatko G. Varbanov','10.3934/amc.2011.5.489','https://doi.org/10.3934/amc.2011.5.489','','','','','Geil, Olav and Munuera, Carlos and Ruano, Diego and Torres, Fernando','','','',1),(2414,'MR2677867','New linear codes from matrix-product codes with polynomial units','Adv. Math. Commun.','Advances in Mathematics of Communications',4,2010,3,'363--367','1930-5346','94B05 (94B65)','2677867','William Cary Huffman','10.3934/amc.2010.4.363','https://doi.org/10.3934/amc.2010.4.363','','','','','Hernando, Fernando and Ruano, Diego','','','',1),(2415,'MR2564415','Construction and decoding of matrix-product codes from nested codes','Appl. Algebra Engrg. Comm. Comput.','Applicable Algebra in Engineering, Communication and Computing',20,2009,0,'497--507','0938-1279','94B25 (94B05 94B35 94B65)','2564415','Piroska Lakatos','10.1007/s00200-009-0113-5','https://doi.org/10.1007/s00200-009-0113-5','','','','','Hernando, Fernando and Lally, Kristine and Ruano, Diego','','','',1),(2416,'MR2499927','On the structure of generalized toric codes','J. Symbolic Comput.','Journal of Symbolic Computation',44,2009,5,'499--506','0747-7171','94B27 (14M25)','2499927','Trygve Johnsen','10.1016/j.jsc.2007.07.018','https://doi.org/10.1016/j.jsc.2007.07.018','','','','','Ruano, Diego','','','',1),(2417,'MR2360532','On the parameters of $r$-dimensional toric codes','Finite Fields Appl.','Finite Fields and their Applications',13,2007,4,'962--976','1071-5797','94B27 (14M25 51E22)','2360532','Trygve Johnsen','10.1016/j.ffa.2007.02.002','https://doi.org/10.1016/j.ffa.2007.02.002','','','','','Ruano, Diego','','','',1),(2418,'MR2303200','Computing the Feng-Rao distances for codes from order domains','J. Algebra','Journal of Algebra',309,2007,2,'672--682','0021-8693','14G50 (94B05)','2303200','Maria Bras-Amor\'os','10.1016/j.jalgebra.2006.06.018','https://doi.org/10.1016/j.jalgebra.2006.06.018','','','','','Ruano, Diego','','','',1),(2419,'MR3947311','Constructing sequences with high nonlinear complexity using the Weierstrass semigroup of a pair of distinct points of a Hermitian curve',' Semigroup Forum',' Semigroup Forum',98,2019,3,'543--555','0037-1912','94A55','3947311','André Guerino Castoldi','10.1007/s00233-018-9976-8','https://doi.org/10.1007/s00233-018-9976-8','','','','','Geil, Olav and Ozbudak, Ferruh and Ruano, Diego','','','',1),(2420,'MR3928219','Classical and quantum evaluation codes at the trace roots','IEEE Trans. Inform. Theory','Institute of Electrical and Electronics Engineers. Transactions on Information Theory',65,2019,4,'2593--2602','0018-9448','94B05','3928219','Mehmet Ozen','10.1109/TIT.2018.2868442','https://doi.org/10.1109/TIT.2018.2868442','','','','','Galindo, Carlos and Hernando, Fernando and Ruano, Diego','','','',1),(2421,'MR3550917','List decoding algorithm based on voting in Gröbner bases for general one-point AG codes',' J. Symbolic Comput.','Journal of Symbolic Computation',79,2017,2,'384--410','0747-7171','94A05 (13P10 94B05)','3550917','Juan Antonio López-Ramos','doi.org/10.1016/j.jsc.2016.02.015','https://doi.org/10.1016/j.jsc.2016.02.015','','','','','Matsumoto, Ryutaroh and Ruano, Diego and Geil, Olav','','','',1),(2422,'','Fulcrum: Flexible Network Coding for Heterogeneous Devices','IEEE Access','IEEE Access',5,2018,0,'77890--77910','2169-3536','','','','10.1109/ACCESS.2018.2884408','https://doi.org/10.1109/ACCESS.2018.2884408','','','','','Lucani, D.E. and Pedersen,  M.V. and Ruano, D. and  Sørensen, C.W. and  Fitzek, F.H.P. and Heide, J. and Geil, O. and Nguyen, V. and Reisslein, M.','','','',1),(2423,'','On asymptotically good ramp secret sharing schemes','IEICE Trans. Fundamentals','IEICE Transactions on Fundamentals of Electronics, Communications and Computer Sciences',100,2017,12,'2699--2708','0916-8508','','','','10.1587/transfun.E100.A.2699','http://dx.doi.org/10.1587/transfun.E100.A.2699','','','','','Geil, Olav and Martin, Stefano and Martínez-Peñas, Umberto and Matsumoto, Ryutaroh and Ruano, Diego','','','',1),(2424,'','Asymmetric entanglement-assisted quantum error-correcting codes and BCH codes','IEEE Access','IEEE Access',8,2020,0,'18571-18579','2169-3536','','','','10.1109/ACCESS.2020.2967426','https://doi.org/10.1109/ACCESS.2020.2967426','','','','','Galindo, Carlos and Hernando, Fernando and and Matsumoto, Ryutaroh and Ruano, Diego','','','',1),(2426,'MR4067374','High-order stroboscopic averaging methods for highly oscillatory delay problems','Appl. Numer. Math.','Applied Numerical Mathematics. An IMACS Journal',152,2020,0,'466--479','0168-9274','65L03 (34K33)','4067374','','10.1016/j.apnum.2019.11.009','https://doi.org/10.1016/j.apnum.2019.11.009','','','','','Calvo, M. P. and Sanz-Serna, J. M. and Zhu, Beibei','','','',1),(2427,'MR4050077','Are algebraic links in the Poincar\'e sphere determined by their Alexander polynomials?','Math. Z.','Mathematische Zeitschrift',294,2020,0,'593--613','0025-5874','14B05 (32S25 57M25)','4050077','','10.1007/s00209-019-02282-0','https://doi.org/10.1007/s00209-019-02282-0','','','','','Campillo, A.; Delgado, F. and Gusein-Zade, S. M.','','','',1),(2428,'MR3992483','Local polar invariants for plane singular foliations','Expo. Math.','Expositiones Mathematicae',37,2019,2,'145--164','0723-0869','32S65 (14C21)','3992483','','10.1016/j.exmath.2018.01.003','https://doi.org/10.1016/j.exmath.2018.01.003','','','','','Cano, Felipe; Corral, Nuria and Mol, Rogério','','','',1),(2429,'MR4054124','A modified Gautschi\'s method without order reduction when integrating boundary value nonlinear wave problems','Appl. Math. Comput.','Applied Mathematics and Computation',373,2020,0,'125022, 19','0096-3003','65M12 (65M20)','4054124','','10.1016/j.amc.2019.125022','https://doi.org/10.1016/j.amc.2019.125022','','','','','Cano, B. and Moreta, M. J.','','','',1),(2431,'MR4019040','Error analysis of non inf-sup stable discretizations of the time-dependent Navier-Stokes equations with local projection stabilization','IMA J. Numer. Anal.','IMA Journal of Numerical Analysis',39,2019,4,'1747--1786','0272-4979','65M60 (35Q30 76D05)','4019040','','10.1093/imanum/dry044','https://doi.org/10.1093/imanum/dry044','','','','','de Frutos, Javier; García-Archilla, Bosco; John, Volker and Novo, Julia','','','',1),(2432,'MR4045479','A central limit theorem for $L_p$ transportation cost on the real line with application to fairness assessment in machine learning','Inf. Inference','Information and Inference. A Journal of the IMA',8,2019,4,'817--849','2049-8764','60F05 (60B10 60F25 62F10 62H30)','4045479','','10.1093/imaiai/iaz016','https://doi.org/10.1093/imaiai/iaz016','','','','','del Barrio, Eustasio and Gordaliza, Paula and Loubes, Jean-Michel','','','',1),(2433,'MR3995714','Zernike functions, rigged Hilbert spaces, and potential applications','J. Math. Phys.','Journal of Mathematical Physics',60,2019,8,'083508, 18','0022-2488','47A70 (94A08)','3995714','Mauricio Alexander Rivas','10.1063/1.5093488','https://doi.org/10.1063/1.5093488','','','','','Celeghini, E.; Gadella, M. and del Olmo, M. A.','','','',1),(2434,'MR4067130','Covariant integral quantization of the unit disk','J. Math. Phys.','Journal of Mathematical Physics',61,2020,2,'022101, 20','0022-2488','81S30 (81R05 81R30)','4067130','','10.1063/1.5128066','https://doi.org/10.1063/1.5128066','','','','','del Olmo, M. A. and Gazeau, J. P.','','','',1),(2435,'MR4078069','Groups, Jacobi functions, and rigged Hilbert spaces','J. Math. Phys.','Journal of Mathematical Physics',61,2020,3,'033508, 23','0022-2488','47A70 (17B15 33C80 47N50)','4078069','','10.1063/1.5138238','https://doi.org/10.1063/1.5138238','','','','','Celeghini, E.; Gadella, M. and del Olmo, M. A.','','','',1),(2436,'MR4052810','Order restricted inference in chronobiology','Stat. Med.','Statistics in Medicine',39,2020,3,'265--278','0277-6715','Expansion','4052810','','10.1002/sim.8397','https://doi.org/10.1002/sim.8397','','','','','Larriba, Yolanda; Rueda, Cristina; Fernández, Miguel A. and Peddada, Shyamal D.','','','',1),(2437,'MR4014733','Pruned cellular free resolutions of monomial ideals','J. Algebra','Journal of Algebra',541,2020,0,'126--145','0021-8693','13D02 (13F55)','4014733','','10.1016/j.jalgebra.2019.09.013','https://doi.org/10.1016/j.jalgebra.2019.09.013','','','','','Álvarez Montaner, Josep; Fernández-Ramos, Oscar and Gimenez, Philippe','','','',1),(2438,'MR4021282','Limit behavior of approximate proper solutions in vector optimization','SIAM J. Optim.','SIAM Journal on Optimization',29,2019,4,'2677--2696','1052-6234','90C29 (90C26 90C48)','4021282','','10.1137/19M1246286','https://doi.org/10.1137/19M1246286','','','','','Gutiérrez, César; Huerga, Lidia; Novo, Vicente and Sama, Miguel','','','',1),(2439,'MR4055661','Optimality conditions for weak solutions of vector optimization problems through quasi interiors and improvement sets','J. Nonlinear Convex Anal.','Journal of Nonlinear and Convex Analysis. An International Journal',20,2019,12,'2507--2523','1345-4773','90C29 (49J53 52B12 90C46 90C48)','4055661','','','','','','','','Gutiérrez, C.','','','',1),(2440,'MR3988735','Extended $D=3$ Bargmann supergravity from a Lie algebra expansion','Nuclear Phys. B','Nuclear Physics. B. Theoretical, Phenomenological, and Experimental High Energy Physics. Quantum Field Theory and Statistical Systems',946,2019,0,'114706, 14','0550-3213','83E50 (17B81)','3988735','','10.1016/j.nuclphysb.2019.114706','https://doi.org/10.1016/j.nuclphysb.2019.114706','','','','','de Azcárraga, J. A. and Gútiez, D. and Izquierdo, J. M.','','','',1),(2441,'MR4014517','Lie algebra expansions and actions for non-relativistic gravity','J. High Energy Phys.','Journal of High Energy Physics',0,2019,8,'048, 36','1126-6708','81V17 (17B81)','4014517','Dmitry V. Artamonov','10.1007/jhep08(2019)048','https://doi.org/10.1007/jhep08(2019)048','','','','','Bergshoeff, Eric; Izquierdo, José Manuel; Ortín, Tomás and Romano, Luca','','','',1),(2442,'MR4074139','Robustness and dispersion analysis of the partition of unity finite element method applied to the Helmholtz equation','Comput. Math. Appl.','Computers & Mathematics with Applications. An International Journal',79,2020,8,'2426--2446','0898-1221','65N30 (35J05)','4074139','','10.1016/j.camwa.2019.11.009','https://doi.org/10.1016/j.camwa.2019.11.009','','','','','Hervella-Nieto, Luis; López-Pérez, Paula M. and Prieto, Andrés','','','',1),(2443,'MR4044599','Updating a map of sufficient conditions for the real nonnegative inverse eigenvalue problem','Spec. Matrices','Special Matrices',7,2019,0,'246--256','','15A29 (15A18 15B48)','4044599','','10.1515/spma-2019-0018','https://doi.org/10.1515/spma-2019-0018','','','','','Marijuán, C.; Pisonero, M. and Soto, Ricardo L.','','','',1),(2444,'MR4025171','Manufacturer defensive and offensive advertising in competing distribution channels','Int. Trans. Oper. Res.','International Transactions in Operational Research',27,2020,2,'958--983','0969-6016','90B60 (91B42)','4025171','','10.1111/itor.12693','https://doi.org/10.1111/itor.12693','','','','','Martín-Herrán, Guiomar and Sigué, Simón','','','',1),(2445,'MR4040036','Galois correspondence on linear codes over finite chain rings','Discrete Math.','Discrete Mathematics',343,2020,2,'111653, 9','0012-365X','94B05','4040036','','10.1016/j.disc.2019.111653','https://doi.org/10.1016/j.disc.2019.111653','','','','','Fotue Tabue, Alexandre; Martínez-Moro, Edgar and Mouaha, Christophe','','','',1),(2446,'MR4090491','Do non-free LCD codes over finite commutative Frobenius rings exist?','Des. Codes Cryptogr.','Designs, Codes and Cryptography. An International Journal',88,2020,5,'825--840','0925-1022','94B05 (94B15 94B60)','4090491','','10.1007/s10623-019-00713-x','https://doi.org/10.1007/s10623-019-00713-x','','','','','Bhowmick, Sanjit; Fotue-Tabue, Alexandre; Martínez-Moro, Edgar; Bandi, Ramakrishna and Bagchi, Satya','','','',1),(2447,'MR4093795','Tauberian theorems for $k$-summability with respect to an analytic germ','J. Math. Anal. Appl.','Journal of Mathematical Analysis and Applications',489,2020,2,'124174, 21','0022-247X','32B05 (32S05 40D05 41A60)','4093795','','10.1016/j.jmaa.2020.124174','https://doi.org/10.1016/j.jmaa.2020.124174','','','','','Carrillo, Sergio A.; Mozo-Fernández, Jorge and Schäfke, Reinhard','','','',1),(2448,'MR4076305','Locally recoverable $J$-affine variety codes','Finite Fields Appl.','Finite Fields and their Applications',64,2020,0,'101661, 22','1071-5797','94B27 (11T71 14G50 94B05)','4076305','','10.1016/j.ffa.2020.101661','https://doi.org/10.1016/j.ffa.2020.101661','','','','','Galindo, Carlos; Hernando, Fernando and Munuera, Carlos','','','',1),(2449,'MR4034709','Second harmonic Hamiltonian: algebraic and Schrodinger approaches','Phys. Lett. A','',384,2020,0,'126091, 9','','81Q05','','','','','','','','','Mohamadian, T.; Panahi, H. and Negro, J.','','','',1),(2450,'MR4012577','Li-Yorke chaos in nonautonomous Hopf bifurcation patterns--I','Nonlinearity','Nonlinearity',32,2019,10,'3940--3980','0951-7715','37B55 (34C23 37D45 37G35)','4012577','','10.1088/1361-6544/ab28ab','https://doi.org/10.1088/1361-6544/ab28ab','','','','','Núñez, Carmen and Obaya, Rafael','','','',1),(2451,'MR4093821','Asymptotic behavior of solutions of nonautonomous neutral dynamical systems','Nonlinear Anal.','Nonlinear Analysis. Theory, Methods & Applications. An International Multidisciplinary Journal',199,2020,0,'111918, 21','0362-546X','37B55 (34K14 34K40)','4093821','','10.1016/j.na.2020.111918','https://doi.org/10.1016/j.na.2020.111918','','','','','Novo, Sylvia; Obaya, Rafael and Villarragut, Víctor M.','','','',1),(2452,'MR4050259','Data envelopment analysis efficiency of public services: bootstrap simultaneous confidence region','SORT','SORT. Statistics and Operations Research Transactions',43,2019,2,'337--354','1696-2281','62D05 (90C08)','4050259','','','','','','','','Tapia, Jesús A.; Salvador, Bonifacio and Rodríguez, Jesús M.','','','',1),(2453,'MR4061484','Best pricing and optimal policy for an inventory system under time-and-price-dependent demand and backordering','Ann. Oper. Res.','Annals of Operations Research',286,2020,0,'351--369','0254-5330','90B05','4061484','','10.1007/s10479-018-2953-5','https://doi.org/10.1007/s10479-018-2953-5','','','','','San-José, Luis A.; Sicilia, Joaquín; González-De-la-Rosa, Manuel; Febles-Acosta, Jaime','','','',1),(2454,'MR4083038','A new approach to maximize the profit/cost ratio in a stock-dependent demand inventory model','Comput. Oper. Res.','Computers & Operations Research',120,2020,0,'104940, 11','0305-0548','90B05','4083038','','10.1016/j.cor.2020.104940','https://doi.org/10.1016/j.cor.2020.104940','','','','','Pando, Valentín; San-José, Luis A. and Sicilia, Joaquín','','','',1),(2455,'MR3999053','Singular Felipe','Rev. R. Acad. Cienc. Exactas F\'is. Nat. Ser. A Mat. RACSAM','Revista de la Real Academia de Ciencias Exactas, F\'isicas y Naturales. Serie A. Matematicas. RACSAM',113,2019,4,'3905--3912','1578-7303','32-03 (01A70 14Bxx 14Exx 32Sxx)','3999053','','10.1007/s13398-019-00697-2','https://doi.org/10.1007/s13398-019-00697-2','','','','','Aroca Hernández-Ros, José Manuel and Sanz Sánchez, Fernando','','','',1),(2456,'MR3999062','Real analytic vector fields with first integral and separatrices','Rev. R. Acad. Cienc. Exactas F\'is. Nat. Ser. A Mat. RACSAM','Revista de la Real Academia de Ciencias Exactas, F\'isicas y Naturales. Serie A. Matematicas. RACSAM',113,2019,4,'4031--4049','1578-7303','32S65 (14P15 37F75)','3999062','','10.1007/s13398-019-00639-y','https://doi.org/10.1007/s13398-019-00639-y','','','','','Mol, Rogério and Sánchez, Fernando Sanz','','','',1),(2457,'','An Algorithm to Determine Airport Runway Usage/Configuration Based on Aircraft Trajectories','AIAA/IEEE Digital Avionics Systems Conference - Proceedings','',0,2019,0,'','21557195','','','','10.1109/DASC43569.2019.9081721','','','','','',' Torres, R.; Álvarez-Esteban, P.C.; Pena, N. ','','','',1),(2458,'','Compliance with social norms as an evolutionary stable equilibrium','International Series in Operations Research and Management Science','',280,2020,0,'283-313 ','08848289','','','','10.1007/978-3-030-19107-8_16','','','','','',' Cabo, F.; García-González, A.; Molpeceres-Abella, M. ','','','',1),(2459,'','Present bias and the inefficiency of the centralized economy. The role of the elasticity of intertemporal substitution','Economic Modelling','',0,2020,0,'','02649993','','','','10.1016/j.econmod.2020.01.019','','','','','',' Cabo, F.; Martín-Herrán, G.; Martínez-García, M.P. ','','','',1),(2460,'','Enforcing regulatory standards in stock pollution problems','Journal of Environmental Economics and Management','',100,2020,102297,'','00950696','','','','10.1016/j.jeem.2019.102297','','','','','','Arguedas, C., Cabo, F., Martín-Herrán, G. ','','','',1),(2461,'','Non-constant Discounting, Social Welfare and Endogenous Growth with Pollution Externalities','Environmental and Resource Economics','',76,2020,0,'369-403','09246460','','','','10.1007/s10640-020-00430-3','','','','','',' Cabo, F., Martín-Herrán, G., Martínez-García, M.P. ','','','',1),(2462,'','Spatial effects and strategic behavior in a multiregional transboundary pollution dynamic game','Journal of Environmental Economics and Management','',97,2019,0,'182-207','00950696','','','','10.1016/j.jeem.2017.08.001','','','','','','de Frutos, J., Martín-Herrán, G. ','','','',1),(2464,'','Non-linear incentive equilibrium strategies for a transboundary pollution differential game','International Series in Operations Research and Management Science','',280,2020,0,'187-204','08848289','','','','10.1007/978-3-030-19107-8_11','','','','','','de Frutos, J., Martín-Herrán, G. ','','','',1),(2465,'','Geometric road design factors affecting the risk of urban run-off crashes. A case-control study','PloS one','',15,2020,2,'','19326203','','','','10.1371/journal.pone.0234564','','','','','','Álvarez, P., Fernández, M.A., Gordaliza, A., Mansilla, A., Molinero, A. ','','','',1),(2466,'','Types of director, board diversity and firm performance','Corporate Governance (Bingley)','',20,2019,0,'324-342','14720701','','','','10.1108/CG-03-2019-0096','','','','','','Fernández-Temprano, M.A., Tejerina-Gaite, F. ','','','',1),(2467,'','Types of director, board diversity and firm performance','Corporate Governance (Bingley)','',20,2019,0,'324-342','14720701','','','','10.1108/CG-03-2019-0096','','','','','','Fernández-Temprano, M.A., Tejerina-Gaite, F.','','','',1),(2468,'','Special issue on “Innovations on model based clustering and classification”','Advances in Data Analysis and Classification','',14,2020,0,'231-234','18625347','','','','10.1007/s11634-020-00407-6','','','','','','Biernacki, C., García-Escudero, L.A., Ingrassia, S. ','','','',1),(2469,'','Ordinal treatment of qualitative scales used by the center for sociological research','Revista de Metodos Cuantitativos para la Economia y la Empresa','',28,2019,0,'124-142','1886516X','','','','','','','','','','González del Pozo, R., García Lapresta, J.L. ','','','',1),(2470,'','Using different qualitative scales in a multi-criteria decision-making procedure','Mathematics','',8,2020,458,'','22277390','','','','10.3390/MATH8030458','','','','','','del Pozo, R.G., Dias, L.C., García-Lapresta, J.L. ','','','',1),(2471,'','Syzygies of Numerical Semigroup Rings, a Survey Through Examples','Springer INdAM Series','',40,2020,0,'111-127','2281518X','','','','10.1007/978-3-030-40822-0_8','','','','','','Gimenez, Philippe., Srinivasan, H. ','','','',1),(2472,'','Two new strategies for pricing freight options by means of a valuation pde and by functional bounds','Mathematics','',8,2020,620,'','22277390','','','','10.3390/math8040620','','','','','','Gómez-Valle, L., López-Marcos, M.A., Martínez-Rodríguez, J. ','','','',1),(2473,'','Influence on the user\'s emotional state of the graphic complexity level in virtual therapies based on a robot-assisted neuro-rehabilitation platform','Computer Methods and Programs in Biomedicine','',190,2020,105359,'','01692607','','','','10.1016/j.cmpb.2020.105359','','','','','','Villar, B.F., Viñas, P.F., Turiel, J.P., Carlos Fraile Marinero, J., Gordaliza, A. ','','','',1),(2474,'','On the Existence of Weak Efficient Solutions of Nonconvex Vector Optimization Problems','Journal of Optimization Theory and Applications','',185,2020,0,'880-902','00223239','','','','10.1007/s10957-020-01667-0','','','','','','Gutiérrez, C., López, R. ','','','',1),(2475,'','Optimality conditions for approximate proper solutions in multiobjective optimization with polyhedral cones','TOP','',28,2020,0,'526-544','11345764','','','','10.1007/s11750-020-00546-1','','','','','','Gutiérrez, C., Huerga, L., Jiménez, B., Novo, V. ','','','',1),(2476,'','Analysis of Volume Conduction Effects on Different Functional Connectivity Metrics: Application to Alzheimer\'s Disease EEG Signals','Proceedings of the Annual International Conference of the IEEE Engineering in Medicine and Biology Society, EMBS','',0,2019,0,'6434-6437','1557170X','','','','10.1109/EMBC.2019.8856548','','','','','','Ruiz-Gomez, S.J., Gomez, C., Poza, J., (...), Cano, M., Hornero, R. ','','','',1),(2477,'','Towards Automatic Artifact Rejection in Resting-State MEG Recordings: Evaluating the Performance of the SOUND Algorithm','Proceedings of the Annual International Conference of the IEEE Engineering in Medicine and Biology Society, EMBS','',0,2019,8856587,'4807-4810','1557170X','','','','10.1109/EMBC.2019.8856587','','','','','','Rodriguez-Gonzalez, V., Poza, J., Nunez, P., (...), Santamaria-Vazquez, E., Hornero, R.','','','',1),(2478,'','Characterization of EEG Resting-state Activity in Alzheimer\'s Disease by Means of Recurrence Plot Analyses','Proceedings of the Annual International Conference of the IEEE Engineering in Medicine and Biology Society, EMBS','',0,2019,8856600,'5786-5789','1557170X','','','','10.1109/EMBC.2019.8856600','','','','','','Nunez, P., Poza, J., Gomez, C., (...), Cano, M., Hornero, R. ','','','',1),(2480,'','Usefulness of Spectral Analysis of Respiratory Rate Variability to Help in Pediatric Sleep Apnea-Hypopnea Syndrome Diagnosis','Proceedings of the Annual International Conference of the IEEE Engineering in Medicine and Biology Society, EMBS','',0,2019,8857719,'4580-4583','1557170X','','','','10.1109/EMBC.2019.8857719','','','','','','Barroso-Garcia, V., Gutierrez-Tobal, G.C., Kheirandish-Gozal, L., (...), Gozal, D., Hornero, R. ','','','',1),(2481,'','Convolutional Neural Networks to Detect Pediatric Apnea-Hypopnea Events from Oximetry','Conference proceedings : ... Annual International Conference of the IEEE Engineering in Medicine and Biology Society. IEEE Engineering in Medicine and Biology Society. Annual Conference','',0,2019,0,'3555-3558','1557170X','','','','10.1109/EMBC.2019.8857934','','','','','','Vaquerizo-Villar, F., Alvarez, D., Kheirandish-Gozal, L., (...), Gozal, D., Hornero, R. ','','','',1),(2482,'','Computational modeling of the effects of EEG volume conduction on functional connectivity metrics. Application to Alzheimer\'s disease continuum','Journal of Neural Engineering','',16,2019,66019,'','17412560','','','','10.1088/1741-2552/ab4024','','','','','','Ruiz-Gómez, S.J., Hornero, R., Poza, J., (...), Pinto, N., Gómez, C. ','','','',1),(2483,'','Usefulness of recurrence plots from airflow recordings to aid in paediatric sleep apnoea diagnosis','Computer Methods and Programs in Biomedicine','',183,2020,105083,'','01692607','','','','10.1016/j.cmpb.2019.105083','','','','','','Barroso-García, V., Gutiérrez-Tobal, G.C., Kheirandish-Gozal, L., (...), Gozal, D., Hornero, R. ','','','',1),(2484,'','Network Analysis on Overnight EEG Spectrum to Assess Relationships Between Paediatric Sleep Apnoea and Cognition','IFMBE Proceedings','',76,2020,0,'1138-1146','16800737','','','','10.1007/978-3-030-31635-8_138','','','','','','Gutiérrez-Tobal, G.C., Gomez-Pilar, J., Kheirandish-Gozal, L., (...), Gozal, D., Hornero, R. ','','','',1),(2485,'','Characterization of the dynamic behavior of neural activity in Alzheimer\'s disease: Exploring the non-stationarity and recurrence structure of EEG resting-state activity','Journal of Neural Engineering','',17,2020,16071,'','17412560','','','','10.1088/1741-2552/ab71e9','','','','','','Núñez, P., Poza, J., Gómez, C., (...), Hornero, R.','','','',1),(2486,'','Deep Learning Architecture Based on the Combination of Convolutional and Recurrent Layers for ERP-Based Brain-Computer Interfaces','IFMBE Proceedings','',76,2020,0,'1844-1852','16800737','','','','10.1007/978-3-030-31635-8_224','','','','','','Santamaría-Vázquez, E., Martínez-Cagigal, V., Gomez-Pilar, J., Hornero, R. ','','','',1),(2487,'','Correction: Asynchronous Control of P300-based brain-computer interfaces using sample entropy','Entropy','',22,2020,505,'','10994300','','','','10.3390/E22050505','','','','','',' Martínez-Cagigal, V., Santamaría-Vázquez, E., Hornero, R. ','','','',1),(2488,'','A robust method for the automatic location of the optic disc and the fovea in fundus images','Computer Methods and Programs in Biomedicine','',196,2020,105599,'','01692607','','','','10.1016/j.cmpb.2020.105599','','','','','','Romero-Oraá, R., García, M., Oraá-Pérez, J., López, M.I., Hornero, R. ','','','',1),(2489,'','A machine learning-based test for adult sleep apnoea screening at home using oximetry and airflow','Scientific Reports','',10,2020,5332,'','20452322','','','','10.1038/s41598-020-62223-4','','','','','','Álvarez, D., Cerezo-Hernández, A., Crespo, A., (...), Hornero, R., del Campo, F. ','','','',1),(2490,'','On the modelling of price effects in the diffusion of optional contingent products','International Series in Operations Research and Management Science','',280,2020,0,'15-39','08848289','','','','10.1007/978-3-030-19107-8_2','','','','','','Martín-Herrán, G., Taboubi, S. ','','','',1),(2491,'','Pricing of demand-related products: Can ignoring cross-category effect be a smart choice?','International Journal of Production Economics','',223,2020,107512,'','09255273','','','','10.1016/j.ijpe.2019.09.033','','','','','','Karray, S., Martín-Herrán, G., Zaccour, G. ','','','',1),(2492,'','Computing an Invariant of a Linear Code','Lecture Notes in Computer Science ','',11989,2020,0,'218-233','03029743','','','','10.1007/978-3-030-43120-4_17','','','','','','Borges-Quintana, M., Borges-Trenard, M.Á., Martínez-Moro, E., Torres-Guerrero, G. ','','','',1),(2493,'','Vardohus Codes: Polar Codes Based on Castle Curves Kernels','IEEE Transactions on Information Theory','',66,2020,8786934,'1007-1022','00189448','','','','10.1109/TIT.2019.2932405','','','','','','Camps Moreno, E., Martinez-Moro, E., Sarmiento Rosales, E. ','','','',1),(2494,'','General remainder theorem and factor theorem for polynomials over non-commutative coefficient rings','International Journal of Mathematical Education in Science and Technology','',51,2020,0,'775-785','0020739X','','','','10.1080/0020739X.2019.1676926','','','','','','Cuida, A., Laudano, F., Martinez-Moro, E. ','','','',1),(2495,'','Economic evaluation of pneumococcal vaccination in adults aged over 65 years in Castilla y León (SPAIN)','Revista Espanola de Geriatria y Gerontologia','',54,2019,0,'309-314','0211139X','','','','10.1016/j.regg.2019.05.004','','','','','','López-Gobernado, M., Pérez-Rubio, A., López-García, E., (...), Cabezas Pascual, C., Eiros, J.M. ','','','',1),(2496,'','Pain neuroscience education and physical exercise for patients with chronic spinal pain in primary healthcare: A randomised trial protocol','BMC Musculoskeletal Disorders','',20,2019,505,'','14712474','','','','10.1186/s12891-019-2889-1','','','','','','Galán-Martín, M.A., Montero-Cuadrado, F., Lluch-Girbes, E., (...), Mayo-Iscar, A., Cuesta-Vargas, A. ','','','',1),(2497,'','Accuracy of National Early Warning Score 2 (NEWS2) in Prehospital Triage on In-Hospital Early Mortality: A Multi-Center Observational Prospective Cohort Study','Prehospital and Disaster Medicine','',34,2019,0,'610-618','1049023X','','','','10.1017/S1049023X19005041','','','','','','Martín-Rodríguez, F., López-Izquierdo, R., Del Pozo Vegas, C., (...), Martín, V.M., Villamor, M.A.C. ','','','',1),(2498,'','The Prognostic Value of Prehospital Blood Lactate Levels to Predict Early Mortality in Acute Cardiovascular Disease','Shock','',53,2020,0,'164-170','10732322','','','','10.1097/SHK.0000000000001356','','','','','','Martín-Rodríguez, F., López-Izquierdo, R., Castro Villamor, M.A., (...),  Mayo-Iscar, A., Sánchez-Soberón, I., Baez, G.P. ','','','',1),(2499,'','Trapeziometacarpal total joint arthroplasty for osteoarthritis: 199 patients with a minimum of 10 years follow-up','Journal of Hand Surgery: European Volume','',45,2020,0,'443-451','17531934','','','','10.1177/1753193419871660','','','','','','Martin-Ferrero, M., Simón-Pérez, C., Coco-Martín, M.B., (...), Aguado-Hernández, H., Mayo-Iscar, A. ','','','',1),(2500,'','Locally recoverable codes from algebraic curves with separated variables','Advances in Mathematics of Communications','',14,2020,0,'265-278','19305346','','','','10.3934/amc.2020019','','','','','','Munuera, C., Tenório, W., Torres, F. ','','','',1),(2501,'','An approximation to the Woods–Saxon potential based on a contact interaction','European Physical Journal Plus','',135,2020,372,'','21905444','','','','10.1140/epjp/s13360-020-00388-7','','','','','','Romaniega, C., Gadella, M., Id Betan, R.M., Nieto, L.M. ','','','',1),(2502,'','Exact results for nonequilibrium dynamics in Wigner phase space','Physics Letters, Section A: General, Atomic and Solid State Physics','',384,2020,126599,'','03759601','','','','10.1016/j.physleta.2020.126599','','','','','','Bencheikh, K., Nieto, L.M. ','','','',1),(2503,'','Lyapunov exponents and oseledets decomposition in random dynamical systems generated by systems of delay differential equations','Communications on Pure and Applied Analysis','',19,2020,0,'2235-2255','15340392','','','','10.3934/cpaa.2020098','','','','','','Mierczyński, J., Novo, S., Obaya, R. ','','','',1),(2504,'','On finite division rings with a designed automorphism group','Mathematical Methods in the Applied Sciences','',43,2020,0,'3982-3994','01704214','','','','10.1002/mma.6167','','','','','','Combarro, E.F., Nicolás, A.P., Ranilla, J., Rúa, I.F. ','','','',1),(2505,'','Analysis of KCNH2 and CACNA1C schizophrenia risk genes on EEG functional network modulation during an auditory odd-ball task','European Archives of Psychiatry and Clinical Neuroscience','',270,2020,0,'433-442','09401334','','','','10.1007/s00406-018-0977-0','','','','','','Lubeiro, A., Fatjó-Vilas, M., Guardiola, M., (...), Poza, J., Zugasti, J., Molina, V. ','','','',1),(2506,'','Frequency Modulated Möbius Model Accurately Predicts Rhythmic Signals in Biological and Physical Sciences','Scientific Reports','',9,2019,18701,'','20452322','','','','10.1038/s41598-019-54569-1','','','','','','Rueda, C., Larriba, Y., Peddada, S.D. ','','','',1),(2507,'','Data envelopment analysis with estimated output data: Confidence intervals efficiency','Measurement: Journal of the International Measurement Confederation','',152,2020,107364,'','02632241','','','','10.1016/j.measurement.2019.107364','','','','','','Tapia, J.A., Salvador, B., Rodríguez, J.M. ','','','',1),(2508,'','Cayley–Klein Poisson homogeneous spaces','Geometry, Integrability and Quantization','',20,2019,0,'','13143247','','','','10.7546/giq-20-2019-161-183','','','','','','Herranz, F.J., Ballesteros, A., Gutierrez-Sagredo, I., Santander, M. ','','','',1),(2509,'','Killing vector fields and quantisation of natural hamiltonians','Springer Proceedings in Physics ','',229,2019,0,'121-145','09308989','','','','10.1007/978-3-030-24748-5_7','','','','','','Cariñena, J.F., Rañada, M.F., Santander, M. ','','','',1),(2510,'','The surjectivity of the Borel mapping in the mixed setting for ultradifferentiable ramification spaces','Monatshefte fur Mathematik','',191,2020,0,'537-576','00269255','','','','10.1007/s00605-019-01345-y','','','','','','Jiménez-Garrido, J., Sanz, J., Schindl, G. ','','','',1),(2511,'MR3875604','Central limit theorem and bootstrap procedure for Wasserstein\'s variations with an application to structural relationships between distributions','J. Multivariate Anal.','Journal of Multivariate Analysis',169,2019,0,'341--362','0047-259X','60F05 (62G05 62G20)','3875604','S. Val`ere Bitseki Penda','10.1016/j.jmva.2018.09.014','https://doi.org/10.1016/j.jmva.2018.09.014','','','','','del Barrio, Eustasio and Gordaliza, Paula and Lescornel, H\'el`ene and Loubes, Jean-Michel','','','',1),(2512,'MR3779713','Wide consensus aggregation in the Wasserstein space. Application to location-scatter families','Bernoulli','Bernoulli. Official Journal of the Bernoulli Society for Mathematical Statistics and Probability',24,2018,0,'3147--3179','1350-7265','62G35 (60B10)','3779713','','10.3150/17-BEJ957','https://doi.org/10.3150/17-BEJ957','','','','','\'Alvarez-Esteban, Pedro C. and del Barrio, Eustasio and Cuesta-Albertos, Juan A. and Matr\'an, Carlos','','','',1),(2513,'MR3905545','Robust clustering tools based on optimal transportation','Stat. Comput.','Statistics and Computing',29,2019,1,'139--160','0960-3174','62H30 (62G20 62G35 62P99)','3905545','','10.1007/s11222-018-9800-z','https://doi.org/10.1007/s11222-018-9800-z','','','','','del Barrio, E. and Cuesta-Albertos, J. A. and Matr\'an, C. and Mayo-\'Iscar, A.','','','',1),(2514,'','On approximate validation of models: a Kolmogorov–Smirnov-based approach','TEST','TEST',29,2020,4,'','1133-0686','','','','10.1007/s11749-019-00691-1','https://doi.org/10.1007/s11749-019-00691-1','','','','','E. del Barrio, H. Inouzhe, C. Matrán','','','',5),(2515,'','A note on the regularity of optimal-transport-based center-outward distribution and quantile functions','Journal of Multivariate Analysis','',180,2020,0,'104671','','','','','10.1016/j.jmva.2020.104671','https://doi.org/10.1016/j.jmva.2020.104671','','','','','E. del Barrio, A. González-Sanz, M. Hallin','','','',1),(2516,'','Obtaining fairness using optimal transport theory','Proceedings of Machine Learning Research','',97,2019,0,'2357--2365','2640-3498','','','','','','','','','','del Barrio, E.; Gamboa, F.; Gordaliza, P.; Loubes, J.-M. ','','','',5),(2517,'','Box-constrained Monotone Approximations to Lipschitz Regularizations, with Applications to Robust Testing','Journal of Optimization Theory and Applications','',187,2020,0,'65-87','1573-2878 ','','','','10.1007/s10957-020-01743-5','https://doi.org/10.1007/s10957-020-01743-5','','','','','E. del Barrio, H. Inouzhe, C. Matrán','','','',5),(2518,'','Center-outward quantiles and the measurement of multivariate risk','Insurance: Mathematics and Economics','',94,2020,0,'70--100','0167-6687','','','','10.1016/j.insmatheco.2020.08.005','https://doi.org/10.1016/j.insmatheco.2020.08.005','','','','','Beirlant, J.; Buitendag, S.; del Barrio, E.; Hallin, M. and Kamper, F.','','','',5),(2519,'','optimalFlow: optimal transport approach to flow cytometry gating and population matching','BMC Bioinformatics','',21,2020,479,'1-25','ISSN: 1471-2105','','','','10.1186/s12859-020-03795-w','https://doi.org/10.1186/s12859-020-03795-w','','','','','E. del Barrio, H. Inouzhe, J.M. Loubes, C. Matrán and A. Mayo‐Íscar','','','',5),(2520,'MR4134543','Invariant hypersurfaces and nodal components for codimension one singular foliations','Rev. R. Acad. Cienc. Exactas F\'is. Nat. Ser. A Mat. RACSAM','Revista de la Real Academia de Ciencias Exactas, Físicas y Naturales. Serie A. Matematicas. RACSAM',114,2020,4,'Paper No. 186, 35','1578-7303','32S65 (14B05)','4134543','','10.1007/s13398-020-00917-0','https://doi.org/10.1007/s13398-020-00917-0','','','','','Cano, Felipe and Mattei, Jean Franccois and Ravara-Vago, Marianna','','','',1),(2521,'MR4128705','Approximate solutions of one-dimensional systems with fractional derivative','Internat. J. Modern Phys. C','International Journal of Modern Physics C. Computational Physics and Physical Computation',31,2020,7,'2050092, 17','0129-1831','65L05 (26A33 34A08)','4128705','','10.1142/S0129183120500928','https://doi.org/10.1142/S0129183120500928','','','','','Ferrari, A. and Gadella, M. and Lara, L. P. and Santillan Marcus, E.','','','',1),(2522,'MR4137256','Model-based clustering with determinant-and-shape constraint','Stat. Comput.','Statistics and Computing',30,2020,5,'1363--1380','0960-3174','62H30 (62F35)','4137256','','10.1007/s11222-020-09950-w','https://doi.org/10.1007/s11222-020-09950-w','','','','','García-Escudero, Luis Ángel and Mayo-Íscar, Agustín and Riani, Marco','','','',1),(2523,'MR4136515','Incorporating boundary conditions in a stochastic volatility model for the numerical approximation of bond prices','Math. Methods Appl. Sci.','Mathematical Methods in the Applied Sciences',43,2020,14,'7993--8005','0170-4214','91G20 (65M06)','4136515','','10.1002/mma.5815','https://doi.org/10.1002/mma.5815','','','','','Gómez-Valle, Lourdes and López-Marcos, Miguel Ángel and Martínez-Rodríguez, Julia','','','',1),(2524,'MR4134185','Approximate proper solutions in vector equilibrium problems: limit behavior and linear scalarization results','Vietnam J. Math.','Vietnam Journal of Mathematics',48,2020,3,'425--437','2305-221X','49J40 (90C29 90C33 90C48)','4134185','','10.1007/s10013-020-00416-0','https://doi.org/10.1007/s10013-020-00416-0','','','','','Gutiérrez, C.','','','',1),(2525,'MR4133553','Time consistent pension funding in a defined benefit pension plan with non-constant discounting','Insurance Math. Econom.','Insurance: Mathematics & Economics',94,2020,0,'142--153','0167-6687','91G05 (91G10)','4133553','','10.1016/j.insmatheco.2020.07.007','https://doi.org/10.1016/j.insmatheco.2020.07.007','','','','','Josa-Fombellida, Ricardo and Navas, Jorge','','','',1),(2526,'MR4123867','Foreword-special issue: Codes, cryptology and curves in honour of Ruud Pellikaan','Des. Codes Cryptogr.','Designs, Codes and Cryptography. An International Journal',88,2020,8,'1477--1478','0925-1022','94-06','4123867','','10.1007/s10623-020-00780-5','https://doi.org/10.1007/s10623-020-00780-5','','','','','Beelen, Peter and Geil, Olav and Martínez-Moro, Edgar and Wu, Xin-Wen','','','',1),(2527,'MR4123878','Computing sharp recovery structures for locally recoverable codes','Des. Codes Cryptogr.','Designs, Codes and Cryptography. An International Journal',88,2020,8,'1687--1698','0925-1022','94B27 (11G20 11T71 14G50 94B05)','4123878','','10.1007/s10623-020-00746-7','https://doi.org/10.1007/s10623-020-00746-7','','','','','Márquez-Corbella, Irene and Martínez-Moro, Edgar and Munuera, Carlos','','','',1),(2528,'MR4128273','On polycyclic codes over a finite chain ring','Adv. Math. Commun.','Advances in Mathematics of Communications',14,2020,3,'455--466','1930-5346','94B05 (13M05)','4128273','','10.3934/amc.2020028','https://doi.org/10.3934/amc.2020028','','','','','Fotue-Tabue, Alexandre and Martínez-Moro, Edgar and Blackford, J. Thomas','','','',1),(2529,'MR4125949','Entire functions polynomially bounded in several variables','Bull. Iranian Math. Soc.','Bulletin of the Iranian Mathematical Society',46,2020,4,'1117--1122','1017-060X','32A15','4125949','','10.1007/s41980-019-00316-1','https://doi.org/10.1007/s41980-019-00316-1','','','','','Mozo-Fernández, Jorge','','','',1),(2530,'MR4142846','On the solvability of the Yakubovich linear-quadratic infinite horizon minimization problem','Ann. Mat. Pura Appl. (4)','Annali di Matematica Pura ed Applicata. Series IV',199,2020,5,'1713--1735','0373-3114','49N10 (34D09 37B55)','4142846','','10.1007/s10231-019-00939-5','https://doi.org/10.1007/s10231-019-00939-5','','','','','Fabbri, Roberta and Núñez, Carmen','','','',1),(2531,'MR4127779','Forwards attraction properties in scalar non-autonomous linear-dissipative parabolic PDEs. The case of null upper Lyapunov exponent','Nonlinearity','Nonlinearity',33,2020,9,'4277--4309','0951-7715','37B55 (35K20 37L30)','4127779','','10.1088/1361-6544/ab86ce','https://doi.org/10.1088/1361-6544/ab86ce','','','','','Langa, José A. and Obaya, Rafael and Sanz, Ana M.','','','',1),(2532,'MR4123876','High dimensional affine codes whose square has a designed minimum distance','Des. Codes Cryptogr.','Designs, Codes and Cryptography. An International Journal',88,2020,8,'1653--1672','0925-1022','94B05 (94A60 94B65)','4123876','','10.1007/s10623-020-00764-5','https://doi.org/10.1007/s10623-020-00764-5','','','','','García-Marco, Ignacio and Márquez-Corbella, Irene and Ruano, Diego','','','',1),(2533,'MR4133643','Ultraholomorphic extension theorems in the mixed setting','Banach J. Math. Anal.','Banach Journal of Mathematical Analysis',14,2020,4,'1630--1669','2662-2033','30D60 (26E10 46E15)','4133643','','10.1007/s43037-020-00073-y','https://doi.org/10.1007/s43037-020-00073-y','','','','','Jiménez-Garrido, Javier and Sanz, Javier and Schindl, Gerhard','','','',1),(2534,'','The convergence analysis of a numerical method for a structured consumer-resource model with delay in the resource evolution rate','Mathematics','',8,2020,1440,'','22277390','','','','10.3390/math8091440','','','','','','Abia, L.M. , Angulo, O. , López-Marcos, J.C. , López-Marcos, M.A.','','','',1),(2535,'','Interaction and imitation with heterogeneous agents: A misleading evolutionary equilibrium','Journal of Economic Behavior and Organization','',179,2020,0,'152-174','01672681','','','','10.1016/j.jebo.2020.09.002','','','','','','Cabo, F. , García-González, A.','','','',1),(2536,'','Types of director, board diversity and firm performance','Corporate Governance','',20,2020,0,'324-342','14720701','','','','10.1108/CG-03-2019-0096','','','','','','Fernández-Temprano, M.A. , Tejerina-Gaite, F.','','','',1),(2537,'','Assessment of airflow and oximetry signals to detect pediatric sleep Apnea-Hypopnea syndrome using AdaBoost','Entropy','',22,2020,670,'','10994300','','','','10.3390/E22060670','','','','','','Jiménez-García, J., Gutiérrez-Tobal, G.C., García, M., ...Gozal, D., Hornero, R.','','','',1),(2538,'','Main symptomatic treatment targets in suspected and early psychosis: New insights from network analysis','Schizophrenia Bulletin','',46,2020,0,'884-895','05867614','','','','10.1093/schbul/sbz140','','','','','','Jimeno, N., Gomez-Pilar, J., Poza, J., Hornero, R., ...Klosterkötter, J., Schultze-Lutter, F.','','','',1),(2539,'','Relationship between the presence of the ApoE ε4 allele and EEG complexity along the Alzheimer’s disease continuum','Sensors (Switzerland)','',20,2020,3849,'1-17','14248220','','','','10.3390/s20143849','','','','','','Pablo, V.G., Gómez, C., Poza, J., ...Pinto, N., Hornero, R.','','','',1),(2540,'','Inter-band Bispectral Analysis of EEG Background Activity to Characterize Alzheimer\'s Disease Continuum','Frontiers in Computational Neuroscience','',14,2020,70,'','16625188','','','','10.3389/fncom.2020.00070','','','','','','Maturana-Candelas, A., Gómez, C., Poza, J., Ruiz-Gómez, S.J., Hornero, R.','','','',1),(2541,'','Consistency of local activation parameters at sensor- And source-level in neural signals','Journal of Neural Engineering','',17,2020,56020,'','17412560','','','','10.1088/1741-2552/abb582','','','','','','Rodríguez-González, V., Gómez, C., Shigihara, Y., ...Hornero, R., Poza, J.','','','',1),(2542,'','Genome-wide scan for five brain oscillatory phenotypes identifies a new qtl associated with theta eeg band','Brain Sciences','',10,2020,870,'1-22','20763425','','','','10.3390/brainsci10110870','','','','','','Rebelo, M.Â., Gómez, C., Gomes, I., ...Hornero, R., Pinto, N., Lopes, A.M.','','','',1),(2543,'','Effective fundus image decomposition for the detection of red lesions and hard exudates to aid in the diagnosis of diabetic retinopathy','Sensors (Switzerland)','',20,2020,6549,'1-17','14248220','','','','10.3390/s20226549','','','','','','Romero-Oraá, R., García, M., Oraá-Pérez, J., López-Gálvez, M.I., Hornero, R.','','','',1),(2544,'','Generalizations of Weighted Means and OWA Operators by Using Unimodal Weighting Vectors','IEEE Transactions on Fuzzy Systems','',28,2020,8762230,'1961-1970','10636706','','','','10.1109/TFUZZ.2019.2928513','','','','','','Llamazares, B.','','','',1),(2545,'','On the Relationship between the Crescent Method and SUOWA Operators','IEEE Transactions on Fuzzy Systems','',28,2020,8794732,'2645-2650','10636706','','','','10.1109/TFUZZ.2019.2934937','','','','','','Llamazares, B.','','','',1),(2546,'','Linear complementary pair of group codes over finite chain rings','Designs, Codes, and Cryptography','',88,2020,0,'2397-2405','09251022','','','','10.1007/s10623-020-00792-1','','','','','','Güneri, C., Martínez-Moro, E., Sayıcı, S.','','','',1),(2547,'','The two lowest eigenvalues of the harmonic oscillator in the presence of a Gaussian perturbation','European Physical Journal Plus','',135,2020,728,'','21905444','','','','10.1140/epjp/s13360-020-00761-6','','','','','','Fassari, S., Nieto, L.M., Rinaldi, F.','','','',1),(2548,'','Editorial: Complexity and Connectivity: Functional Signatures of Neurodegenerative Disorders','Frontiers in Neuroscience','',14,2020,916,'','16624548','','','','10.3389/fnins.2020.00916','','','','','','Gómez, C., Poza, J., Abásolo, D.','','','',1),(2549,'','Sectorial extensions for ultraholomorphic classes defined by weight functions','Mathematische Nachrichten','',293,2020,0,'2140-2174','0025584X','','','','10.1002/mana.201800465','','','','','','Jiménez-Garrido, J., Sanz, J., Schindl, G.','','','',1),(2550,'','A Phragmén–Lindelöf Theorem via Proximate Orders, and the Propagation of Asymptotics','Journal of Geometric Analysis','',30,2020,0,'','10506926','','','','10.1007/s12220-019-00203-5','','','','','','Jiménez-Garrido, J., Sanz, J., Schindl, G.','','','',1),(2551,'MR4123876','High dimensional affine codes whose square has a designed minimum distance','Des. Codes Cryptogr.','Designs, Codes and Cryptography. An International Journal',88,2020,8,'1653--1672','0925-1022','94B05 (94A60 94B65)','4123876','','10.1007/s10623-020-00764-5','https://doi.org/10.1007/s10623-020-00764-5','','','','','García-Marco, Ignacio and Márquez-Corbella, Irene and Ruano, Diego','','','',1),(2552,'','Spatial vs. Non-Spatial Transboundary Pollution Control in a Class of Cooperative and Non-Cooperative Dynamic Games',' European Journal of Operational Research','',276,2019,0,'379-394','','','','','doi:10.1016/j.ejor.2018.12.045','','','','','','Javier de Frutos & Guiomar Martín-Herrán','','','',1),(2553,'','Manufacturer Defensive and Offensive Advertising in Competing Distribution Channels',' International Transactions in Operational Research ','',27,2020,27,'958-983','','','','',' Doi: 10.1111/itor.12693','','','','','',' Guiomar Martín-Herrán & Simon-Pierre Sigué','','','',1),(2554,'','Pricing of demand-related products: Can ignoring cross-category effect be a smart choice?','International Journal of Production Economics ','',223,2020,107512,'','','','','','doi: 10.1016/j.ijpe.2019.09.033','','','','','','Salma Karray, Guiomar Martín-Herrán & Georges Zaccour','','','',4),(2555,'','Enforcing regulatory standards in stock pollution problems','Journal of Environmental Economics and Management ','',100,2020,102297,'','','','','','doi: 10.1016/j.jeem.2019.102297','','','','','','Carmen Arguedas, Francisco Cabo & Guiomar Martín-Herrán','','','',4),(2556,'','Present bias and the inefficiency of the centralized economy. The role of the elasticity of intertemporal substitution','Economic Modelling','',0,2020,93,'702-716','','','','','doi: 10.1016/j.econmod.2020.01.019','','','','','',' Francisco Cabo, Guiomar Martín-Herrán & María Pilar Martínez-García','','','',4),(2557,'','Non-constant discounting, social welfare and endogenous growth with pollution externalities','Environmental and Resource Economics  ','',76,2020,0,'369-403','','','','','doi: 10.1007/s10640-020-00430-3  ','','','','','',' Francisco Cabo, Guiomar Martín-Herrán & María Pilar Martínez-García','','','',4),(2558,'','On Coincidence of Feedback and Global Stackelberg Equilibria in a Class of Differential Games',' European Journal of Operational Research','',293,2021,0,'761-772','','','','',' doi: 10.1016/j.ejor.2020.12.022','','','','','','Santiago Rubio & Guiomar Martín-Herrán','','','',4),(2561,'MR4244136','HMC: reducing the number of rejections by not using leapfrog and some results on the acceptance rate.','J. Comput. Phys.','',437,2021,0,'110333','','','','','10.1016/J.JCP.2021.110333','https://doi.org/10.1016/J.JCP.2021.110333','','','','','Calvo, M. P. and Sanz-Alonso, D. and Sanz-Serna, J. M.','','','',1),(2563,'MR4316582 ','Symmetrically processed splitting integrators for enhanced Hamiltonian Monte Carlo sampling.','SIAM J. Sci. Comput.','',43,2021,5,'A3357–A3371','','','','','10.1137/20M137940X','https://doi.org/10.1137/20M137940X','','','','','Blanes, S. and Calvo, M. P. and Casas, F. and Sanz-Serna, J. M. ','','','',1),(2564,'','The complex behaviour of Galton rank-order statistic','Bernoulli','',28,2022,4,'2123--2150','','60E15 (62G05 62G20)','MR4474538','','10.3150/21-BEJ1406','','','','','','del Barrio, Eustasio; Cuesta-Albertos, Juan A.; Matran, Carlos; ','','','',5),(2565,'','A survey of bias in machine learning through the prism of statistical parity','American Statistician','',76,2022,2,'188--198','','','MR4413152','','','https://doi.org/10.1080/00031305.2021.1952897','','','','','Besse, Philippe; del Barrio, Eustasio; Gordaliza, Paula; Loubes, Jean-Michel','','','',5),(2566,'','Predicting COVID-19 progression from diagnosis to recovery or death linking primary care and hospital records in Castilla y León (Spain) ',' PLoS One','',16,2021,9,'','','','','','https://doi.org/10.1371/journal.pone.0257613','https://doi.org/10.1371/journal.pone.0257613','','','','',' Pedro C Álvarez-Esteban, Eustasio Del Barrio, Oscar M Rueda, Cristina Rueda','','','',5),(2567,'','Distribution and quantile functions, ranks and signs in dimension d: a measure transportation approach.','Annals of Statistics','',49,2021,2,'1139--1165','','62G30 (49Q22 62B05)','MR4255122','','10.1214/20-AOS1996','','','','','','Hallin, Marc; del Barrio, Eustasio; Cuesta-Albertos, Juan; Matrán, Carlos','','','',5),(2568,'','Achieving robustness in classification using optimal transport with hinge regularization','2021 IEEE/CVF Conference on Computer Vision and Pattern Recognition (CVPR)','',0,2021,0,'505--514','','','','','10.1109/CVPR46437.2021.00057','','','','','','M. Serrurier, F. Mamalet, A. González-Sanz, T. Boissin, J. -M. Loubes and E. del Barrio','','','',1),(2569,'','Attraction-repulsion clustering: a way of promoting diversity linked to demographic parity in fair clustering','Advances in Data Analysis and Classification ','',0,2022,0,'','','','','','10.1007/s11634-022-00516-4','https://doi.org/10.1007/s11634-022-00516-4','','','','','del Barrio, E., Inouzhe, H. and Loubes, J.M.','','','',5),(2570,'MR4067374','High-order stroboscopic averaging methods for highly oscillatory delay problems.','Applied Numerical Mathematics','',152,2020,0,'466-479','','','','','','','','','','','Calvo, M. P.; Sanz-Serna, J. M.; Zhu, Beibei ','','','',4),(2571,'','Entanglement-assisted quantum error correcting codes from RS codes and BCH codes with extension degree 2','Quantum Inf. Process. ','Quantum Information Processing ',20,2021,158,'26 pp','','81P73 (81P70 94B05)','4252896','','10.1007/s11128-021-03101-4','https://doi.org/10.1007/s11128-021-03101-4','','','','','C. Galindo, F. Hernando, D. Ruano','','','',1),(2572,'','An algorithmic approach to entanglement-assisted quantum error-correcting codes from the Hermitian curve','Adv. Math. Commun. ','Advances in Mathematics of Communications',17,2023,0,'78-97','','','','','10.3934/amc.2021072','https://doi.org/10.3934/amc.2021072','','','','','R.B. Christensen, C. Munuera, F.R.F. Pereira, D. Ruano','','','',1),(2573,'','Stabilizer quantum codes defined by trace-depending polynomials','Finite Fields their Appl.','Finite Fields and their Applications',87,2023,102138,'33 pp','','','','','10.1016/j.ffa.2022.102138','https://doi.org/10.1016/j.ffa.2022.102138','','','','','C. Galindo, F. Hernando, H. Martín-Cruz, D. Ruano','','','',1),(2574,'','','','',0,0,0,'','','','','','10.1016/j.jretconser.2022.103166','','','','','','','','','',1),(2575,'','Demand-enhancing services for tangible products in a distribution system with online and off-line channels','Journal of Service Research','',25,2022,3,'390-401','','','','','https://journals.sagepub.com/doi/abs/10.1177/10946705211022841','','','','','','Guiomar Martin-Herran & Simon-Pierre Sigué','','','',6),(2576,'','Cooperative advertising in competing supply chains and the long-term effects of retail advertising',' Journal of the Operational Research Society','',0,2021,0,'','','','','',' 10.1080/01605682.2021.1973350','','','','','','Salma Karray, Guiomar Martin-Herran & Simon-Pierre Sigué','','','',6),(2577,'','The impact of a store brand introduction in a supply chain with competing manufacturers: The strategic role of pricing and advertising decision timing','International Journal of Production Economics','',244,2022,0,'Article Number: 108378','','','','','10.1016/j-ijpe.2021.108378','','','','','','Salma Karray & Guiomar Martin-Herran','','','',6),(2578,'','Cooperative advertising in competing supply chains and the long-term effects of retail advertising',' Journal of the Operational Research Society','',0,2021,0,'','','','','','10.1080/01605682.2021.1973350','','','','','','Salma Karray, Guiomar Martin-Herran & Simon-Pierre Sigué','','','',6),(2579,'','The impact of a store brand introduction in a supply chain with competing manufacturers: The strategic role of pricing and advertising decision timing',' International Journal of Production Economics','',244,2022,0,'Article Number: 108378','','','','','Doi:10.1016/j-ijpe.2021.108378','','','','','','Salma Karray & Guiomar Martin-Herran','','','',1),(2580,'','The effects of decision timing for pricing and marketing efforts in a supply chain with competing manufacturers','International Transactions in Operational Research','',0,2021,0,'','','','','','Doi: 10.1111/itor.13094','','','','','','Salma Karray & Guiomar Martin-Herran','','','',1),(2581,'','Managing advertising investments in marketing channels',' Journal of Retailing and Consumer Services','',0,2021,0,' Article Number 102852','','','','','Doi:10.1016/j.jretconser.2021.102852','','','','','','Salma Karray, Guiomar Martin-Herran & Simon-Pierre Sigué','','','',6),(2582,'','Investment in cleaner technologies in a transboundary pollution dynamic game: A numerical investigation','Dynamic Games and Applications','',12,2022,0,'813-843','','','','','doi.org/10.1007/s13235-022-00445-z','','','','','','Javier de Frutos, Víctor Gatón, Paula López-Pérez, Guiomar Martín-Herrán','','','',1),(2583,'','An integrative framework of cooperative advertising with reference price effects',' Journal of Retailing and Consumer Services ','',70,2023,0,'Article Number 103166','','','','','Doi:10.1016/j.jretconser.2022.103166','','','','','','Guiomar Martin-Herran & Simon-Pierre Sigué','','','',1),(2584,'','An Improved Central Limit Theorem and Fast Convergence Rates for Entropic Transportation Costs','SIAM Journal on Mathematics of Data Science','',5,2023,3,'639--669','2577-0187','','','','https://doi.org/10.1137/22M149260X','','','','','','E. del Barrio and A. González-Sanz and J.M. Loubes and Jonathan Niles-Weed','','','',5);

--
-- Table structure for table `centros`
--

CREATE TABLE `centros` (
  `id_centro` int(10) unsigned NOT NULL AUTO_INCREMENT,
  `nombre` varchar(255) COLLATE utf8_unicode_ci NOT NULL,
  PRIMARY KEY (`id_centro`)
) ENGINE=InnoDB AUTO_INCREMENT=15 DEFAULT CHARSET=utf8 COLLATE=utf8_unicode_ci;

--
-- Dumping data for table `centros`
--

INSERT INTO `centros` VALUES (1,'No se especifica centro'),(2,'Facultad de Ciencias'),(3,'E. de Ingenierías Industriales - Sede Paseo del Cauce'),(4,'E.T.S. de Ingenieros de Telecomunicación'),(5,'Facultad de Ciencias Económicas y Empresariales'),(6,'E.T.S. de Arquitectura'),(7,'Escuela de Ingeniería Informática de Valladolid'),(8,'Edificio I+D'),(9,'E. de Ingenierías Industriales - Sede Francisco Mendizábal'),(10,'Facultad de Educación y Trabajo Social'),(11,'Facultad de Medicina'),(12,'Facultad de Educación de Soria'),(13,'Facultad de Educación de Palencia'),(14,'Escuela de Ingeniería Informática de Segovia');

--
-- Table structure for table `ciclos`
--

CREATE TABLE `ciclos` (
  `id_ciclo` int(10) unsigned NOT NULL AUTO_INCREMENT,
  `fechaI` date NOT NULL,
  `fechaF` date DEFAULT NULL,
  `titulo` varchar(255) COLLATE utf8_unicode_ci NOT NULL,
  `descripcion` longtext COLLATE utf8_unicode_ci,
  `tipo` int(10) unsigned NOT NULL,
  `cartel` varchar(255) COLLATE utf8_unicode_ci DEFAULT NULL,
  `estado` int(11) NOT NULL DEFAULT '3',
  `portada` tinyint(1) NOT NULL DEFAULT '0',
  `agenda` tinyint(1) NOT NULL DEFAULT '0',
  `proponente` int(10) unsigned DEFAULT NULL,
  `email` varchar(255) COLLATE utf8_unicode_ci DEFAULT NULL,
  `url` varchar(255) COLLATE utf8_unicode_ci DEFAULT NULL,
  PRIMARY KEY (`id_ciclo`),
  KEY `ciclos_tipo_foreign` (`tipo`),
  KEY `proponente` (`proponente`),
  CONSTRAINT `ciclos_investigador_foreign` FOREIGN KEY (`proponente`) REFERENCES `investigadores` (`id_investigador`) ON DELETE NO ACTION ON UPDATE NO ACTION,
  CONSTRAINT `ciclos_tipo_foreign` FOREIGN KEY (`tipo`) REFERENCES `tipos` (`id_tipo`)
) ENGINE=InnoDB AUTO_INCREMENT=20 DEFAULT CHARSET=utf8 COLLATE=utf8_unicode_ci;

--
-- Dumping data for table `ciclos`
--

INSERT INTO `ciclos` VALUES (5,'2017-11-15','0000-00-00','Semana de la Ciencia 2017. Las matemáticas del análisis de imágenes.','El análisis de imágenes es un campo al que contribuyen muchas disciplinas científicas, con objetivos diversos como el procesado de señales biomédicas, visión artificial o la teledetección, entre otros. Las cuestiones fundamentales sobre cómo representar y procesar la información visual son abordadas por ingenieros, físicos, informáticos o matemáticos, con diferentes puntos de vista. La interacción de investigadores con perfiles, metodologías y áreas de aplicación tan diversas requiere un lenguaje común que es proporcionado por las Matemáticas. \r\n\r\nEl IMUVA se suma a la celebración de la Semana de la Ciencia 2017 con dos conferencias que ilustran el papel de las Matemáticas en el análisis de imágenes en el contexto biomédico a cargo de investigadores destacados en el área.',7,NULL,1,1,1,9,'tasio@eio.uva.es',NULL),(11,'2019-11-25','2019-11-27','Investigación en Problemas de Optimización','En el marco de algunos problemas de optimización aún en desarrollo, como son los problemas multiobjetivo o cuasiconvexos y de otros clásicos como son los problemas de programación lineal, se mostrarán algunas líneas de investigación actuales referidas a estabilidad y condiciones de optimalidad y para la existencia de soluciones, que se engloban en lo que se ha dado en llamar análisis variacional.',6,NULL,1,1,1,9,'tasio@eio.uva.es',''),(12,'2020-03-14','2020-03-16','Matemáticas de Papel. Papiroflexia y Ciencia.','Actividades organizadas para celebrar el \'Día de $\\pi$\' 2020\r\n\r\n\r\nSE APLAZA POR EL MOMENTO LA CELEBRACIÓN DE ESTA ACTIVIDAD',7,'cartl1032020_Papiroflexia-20200314.pdf',1,0,0,9,'tasio@eio.uva.es',''),(13,'2020-09-04','2020-09-04','Jornada de Doctorandos de Matemáticas de la Uva 2020','Seminarios impartidos por los estudiantes del Programa de Doctorado en Matemáticas del IMUVa',9,NULL,1,1,1,9,'tasio@eio.uva.es',''),(14,'2020-09-05','2020-09-04','Jornada de Doctorandos de Matemáticas de la Uva 2020','Seminarios impartidos por los estudiantes del Programa de Doctorado en Matemáticas del IMUVa',9,NULL,2,1,1,9,'tasio@eio.uva.es',''),(15,'2021-07-02','2021-07-02','Jornada de Doctorandos en Matemáticas de la UVa 2021','Seminarios impartidos por los estudiantes del Programa de Doctorado en Matemáticas del IMUVa',13,'cartl172021_doctorado_2021_07.pdf',1,1,1,9,'tasio@eio.uva.es',''),(16,'2022-05-23','2022-05-27','International School on Tropical Geometry','In words of Diane Maclagan and Bernd Sturmfels at the beginning of their book, Introduction to Tropical Geometry (AMS, 2015), “Tropical geometry is an exciting new field at the interface between algebraic geometry and combinatorics with connection to many other areas”. It is now a wide field with applications in many branches of pure and applied mathematics like enumerative and real algebraic geometry, mirror symmetry, coding theory, etc.\r\n\r\nThis school is organized by the IMUVA-Mathematics Research Institute of the University of Valladolid with the support of the European Mathematical Society, the Doctoral School of the University of Valladolid and the Foundation Compositio Mathematica. The main objective is to offer to future and young researchers of distinct branches of mathematics a series of courses at doctorate level on a new field connected to many areas. There will be an introductory course with minimal prerequisites and three courses on recent applications in different areas. The four courses are aimed to be as self-contained as possible in order to make the school attractive to a wide and diverse audience.\r\n\r\nThe target audience is master’s students, PhD students and postdocs from all areas of mathematics. Senior researchers interested in learning on this new topic are also welcome. The school is based on 4 courses organized in an exercise-based format (1 hour of lecture + 40 minutes of exercises for each session). We will also give the opportunity to young researchers to present their own work either through a series of short communications or a poster session.\r\n\r\nThis is an EMS-European Mathematical Society summer school.\r\n',11,'cartl2642022_TropicalSchool2020.jpeg',1,1,1,9,'tasio@eio.uva.es','http://tropicalschool2020.uva.es/'),(18,'2022-06-30','2022-06-30','Jornada de Doctorado IMUVa 2022','Jornada dedicada a la presentación del trabajo de investigación de los estudiantes del Programa de Doctorado en Matemáticas del IMUVa. Los seminarios se celebran de forma presencial en el seminario del IMUVa en el edificio LUCIA. También se puede asistir online a través del siguiente enlace:\r\n\r\n\r\n\r\nhttps://universidaddevalladolid.webex.com/universidaddevalladolid/j.php?MTID=m40297f51a22c48f7da5d589aeb4206ce\r\n\r\nReunión: 2734 727 1430\r\nContraseña: Doctorado\r\n\r\n\r\n',12,NULL,1,0,0,9,'tasio@eio.uva.es',''),(19,'2023-06-28','2023-06-28','Jornada de Doctorado IMUVa 2023','<p>\r\n\r\n\r\n\r\n\r\n\r\n	\r\n	\r\n	\r\n	\r\n\r\n</p><h2 class=\"western\" align=\"left\">\r\n<font color=\"#000000\"><span lang=\"es-ES\"><b>Lugar: Seminario del\r\nIMUVa, Edificio LUCIA</b></span></font></h2><p>\r\n</p><h2 class=\"western\" align=\"left\"><font color=\"#000000\"><span lang=\"es-ES\"><b>Fecha:\r\nMi</b></span></font><font color=\"#000000\"><font style=\"font-size: 13pt\" size=\"3\"><span lang=\"es-ES\"><b>ércoles</b></span></font></font><font color=\"#000000\"><span lang=\"es-ES\"><b>\r\n28 de Junio de 2023</b></span></font></h2><p>\r\n</p><p class=\"western\" style=\"line-height: 100%; margin-bottom: 0cm\" align=\"left\">\r\n<br>\r\n\r\n</p><p>\r\n</p><h2 class=\"western\" align=\"left\">08:30-09:05 Daniel Camazón Portela:\r\n</h2><p>\r\n</p><h2 class=\"western\" align=\"center\"><a href=\"http://www.imuva.uva.es/es/actividades/ver/850\">“Combinatoricsof sequences of blow-ups”</a><font color=\"#000000\"></font></h2><p>\r\n</p><h2 class=\"western\" align=\"left\"><br>\r\n\r\n</h2><p>\r\n</p><h2 class=\"western\" align=\"left\">09:05-09:30 Álvaro Samperio: \r\n</h2><p>\r\n</p><h2 class=\"western\" align=\"center\"><font color=\"#000000\">“<i>Stable\r\nrecovery of piecewise constant conductances on networks with\r\nboundary”</i></font></h2><p>\r\n</p><p class=\"western\" style=\"line-height: 100%; margin-bottom: 0cm\" align=\"left\">\r\n<br>\r\n\r\n</p><p>\r\n</p><h2 class=\"western\" align=\"left\">09:30-09:55 Seyma Bodur:</h2><p>\r\n</p><h2 class=\"western\" align=\"center\"><font color=\"#000000\"> “<i>Single\r\nServer Private Information Retrieval Schemes over Rings”</i></font>\r\n</h2><p>\r\n</p><p class=\"western\" style=\"line-height: 100%; margin-bottom: 0cm\" align=\"left\">\r\n<br>\r\n\r\n</p><p>\r\n</p><h2 class=\"western\" align=\"left\">09:55-10:20 María Martín Vega: \r\n</h2><p>\r\n</p><h2 class=\"western\" align=\"center\"><font color=\"#000000\">“<i>El\r\nproblema de Dulac en R</i></font><font color=\"#000000\"><sup><i>3</i></sup></font><font color=\"#000000\"><i>\r\npara perturbaciones de centros lineales”</i></font></h2><p>\r\n</p><h2 class=\"western\" align=\"center\"><br>\r\n\r\n</h2><p>\r\n</p><h2 class=\"western\" align=\"left\"><a name=\"_GoBack\"></a>10:20-10:45\r\nJesús Dueñas Pamplona: \r\n</h2><p>\r\n</p><h2 class=\"western\" align=\"center\"><font color=\"#000000\">“<i>Modelling\r\ncritical transitions: results on d-concave equations and applications\r\nin population ecology”</i></font> 	</h2><p>\r\n</p><h2 class=\"western\" align=\"left\"><br>\r\n\r\n</h2><p>\r\n</p><h2 class=\"western\" align=\"left\">10:45-11:10 Carlos Arranz Simón: \r\n</h2><p>\r\n</p><h2 class=\"western\" align=\"center\"><font color=\"#000000\">“</font><font color=\"#000000\"><i><span style=\"background: #ffffff\">Rational\r\nmethods for abstract evolution problems without order reduction”</span></i></font></h2><p>\r\n</p><h2 class=\"western\" align=\"center\"><br>\r\n\r\n</h2><p>\r\n</p><h2 class=\"western\" align=\"left\">11:10-11:35 Rodrigo San José Rubio:\r\n</h2><p>\r\n</p><h2 class=\"western\" align=\"center\"><font color=\"#000000\">“<i>Entanglement-assisted\r\nquantum error-correcting codes from subfield subcodes of projective\r\nReed-Solomon codes”</i></font></h2><p>\r\n</p><h2 class=\"western\" align=\"left\"><br>\r\n\r\n</h2><p>\r\n</p><h2 class=\"western\" align=\"left\">11:30-12:00 Pausa café</h2><p>\r\n</p><p class=\"western\" style=\"line-height: 100%; margin-bottom: 0cm\" align=\"left\">\r\n<br>\r\n\r\n</p><p>\r\n</p><p class=\"western\" style=\"line-height: 100%; margin-bottom: 0cm\" align=\"left\">\r\n<br>\r\n\r\n</p><p>\r\n</p><p class=\"western\" style=\"line-height: 100%; margin-bottom: 0cm\" align=\"left\">\r\n<br>\r\n\r\n</p><p>\r\n</p><h2 class=\"western\" align=\"left\">13:05- 13:25 David Rodríguez\r\nVítores: \r\n</h2><p>\r\n</p><h2 class=\"western\" align=\"center\"><font color=\"#000000\">“<i>Improving\r\nModel Choice in Classification: An Approach Based on Clustering of\r\nCovariance Matrices” </i></font>\r\n</h2><p>\r\n</p><p class=\"western\" style=\"line-height: 100%; margin-bottom: 0cm\" align=\"center\">\r\n<br>\r\n\r\n</p><p>\r\n</p><h2 class=\"western\" align=\"left\">13:25-13:45 Mario González Sánchez:\r\n</h2><p>\r\n</p><h2 class=\"western\" align=\"center\"><font color=\"#000000\">“<i>Sumsets,\r\nsemigroups and Castelnuovo-Mumford regularity of projective monomial\r\ncurves”</i></font></h2><p>\r\n</p><h2 class=\"western\" align=\"center\"><br>\r\n\r\n</h2><p>\r\n</p><h2 class=\"western\" align=\"left\">13:45-14:10 Manuel Gadella Urquiza: \r\n</h2><p>\r\n</p><h2 class=\"western\" align=\"center\"><font color=\"#000000\">“<i>Gelfand\r\nTriplets, Lie Algebras and Quantum Mechanics” 	</i></font></h2><p>\r\n</p><h2 class=\"western\" align=\"left\"><br>\r\n\r\n</h2><p>\r\n</p><p class=\"western\" style=\"line-height: 100%; margin-bottom: 0cm\" align=\"center\">\r\n<br>\r\n\r\n</p><p>\r\n</p><h2 class=\"western\" align=\"left\">14:10-14:30 Adrián Fidalgo-Díaz: \r\n</h2><p>\r\n</p><h2 class=\"western\" align=\"center\"><font color=\"#000000\">“<i>Multiplicación\r\ndistribuida de matrices por medio de códigos algebro-geométricos”</i></font></h2><p>\r\n</p><h2 class=\"western\" align=\"left\"><br>\r\n\r\n</h2><p>\r\n</p><h2 class=\"western\" align=\"left\">14:30-15:00 Ignacio Miguel Cantero: \r\n</h2><p>\r\n</p><h2 class=\"western\" align=\"center\"><font color=\"#000000\">“<i>Stability\r\nproperties for ultraholomorphic classes defined by a weight matrix”</i></font></h2><p>\r\n</p><p class=\"western\" style=\"line-height: 100%; margin-bottom: 0cm\" align=\"left\">\r\n<br>\r\n\r\n</p><p>\r\n\r\n<style type=\"text/css\">h2 { color: #2e74b5; text-align: left; page-break-inside: avoid; orphans: 2; widows: 2; margin-top: 0.07cm; margin-bottom: 0cm; direction: ltr; background: transparent; page-break-after: avoid }h2.western { font-family: serif; font-size: 13pt; so-language: es-ES }h2.cjk { font-family: ; font-size: 13pt; so-language: zh-CN }h2.ctl { font-family: ; font-size: 13pt; so-language: hi-IN }p { color: #000000; line-height: 115%; text-align: left; orphans: 2; widows: 2; margin-bottom: 0.25cm; direction: ltr; background: transparent }p.western { font-family: \"Liberation Serif\", serif; font-size: 12pt; so-language: es-ES }p.cjk { font-family: \"Noto Serif CJK SC\"; font-size: 12pt; so-language: zh-CN }p.ctl { font-family: \"Lohit Devanagari\"; font-size: 12pt; so-language: hi-IN }a:link { color: #0000ff; text-decoration: underline }</style></p>',13,'cartl2462023_JornadasDoctoralesIMUVa2023-programa.pdf',3,1,1,9,'tasio@eio.uva.es','');

--
-- Table structure for table `ciclos_actividades`
--

CREATE TABLE `ciclos_actividades` (
  `id_ciclo` int(10) unsigned NOT NULL,
  `id_actividad` int(10) unsigned NOT NULL,
  `orden` int(11) NOT NULL DEFAULT '1',
  KEY `ciclos_actividades_id_ciclo_foreign` (`id_ciclo`),
  KEY `ciclos_actividades_id_actividad_foreign` (`id_actividad`),
  CONSTRAINT `ciclos_actividades_id_actividad_foreign` FOREIGN KEY (`id_actividad`) REFERENCES `actividades` (`id_actividad`),
  CONSTRAINT `ciclos_actividades_id_ciclo_foreign` FOREIGN KEY (`id_ciclo`) REFERENCES `ciclos` (`id_ciclo`) ON DELETE CASCADE
) ENGINE=InnoDB DEFAULT CHARSET=utf8 COLLATE=utf8_unicode_ci;

--
-- Dumping data for table `ciclos_actividades`
--

INSERT INTO `ciclos_actividades` VALUES (11,663,1),(11,671,2),(11,673,3),(11,684,4),(12,703,2),(12,702,3),(13,713,1),(13,714,2),(13,715,3),(13,716,4),(13,717,5);

--
-- Table structure for table `comite_asesores`
--

CREATE TABLE `comite_asesores` (
  `id_asesor` int(10) unsigned NOT NULL AUTO_INCREMENT,
  `nombre` varchar(255) COLLATE utf8_unicode_ci NOT NULL,
  `institucion` varchar(255) COLLATE utf8_unicode_ci DEFAULT '',
  `web` varchar(255) COLLATE utf8_unicode_ci DEFAULT '',
  PRIMARY KEY (`id_asesor`)
) ENGINE=InnoDB AUTO_INCREMENT=6 DEFAULT CHARSET=utf8 COLLATE=utf8_unicode_ci;

--
-- Dumping data for table `comite_asesores`
--

INSERT INTO `comite_asesores` VALUES (1,'Jean-Marc Azaïs','Institut de Mathématiques de Toulouse. Francia','http://www.math.univ-toulouse.fr/~azais/'),(2,'César Camacho','IMPA. Río de Janeiro. Brasil','https://impa.br/page-pessoas/cesar-camacho/'),(3,'Peter E. Kloeden','Institut für Mathematik, Goethe Universität. Frankfurt. Alemania.','http://www.math.uni-frankfurt.de/~kloeden/'),(4,'Bernard Teissier','Institut Mathématique de Jussieu, Paris. Francia','https://webusers.imj-prg.fr/~bernard.teissier/'),(5,'Georges Zaccour','HEC Montreal. Canadá','http://neumann.hec.ca/pages/georges.zaccour/Zaccour_home.html');

--
-- Table structure for table `congreso_investigadores`
--

CREATE TABLE `congreso_investigadores` (
  `id_congreso` int(10) unsigned NOT NULL,
  `id_investigador` int(10) unsigned NOT NULL,
  `modalidad` int(11) NOT NULL,
  `otros` varchar(255) COLLATE utf8_unicode_ci DEFAULT '',
  KEY `congreso_investigadores_id_investigador_foreign` (`id_investigador`),
  KEY `congreso_investigadores_id_congreso_foreign` (`id_congreso`),
  CONSTRAINT `congreso_investigadores_id_congreso_foreign` FOREIGN KEY (`id_congreso`) REFERENCES `congresos` (`id_congreso`),
  CONSTRAINT `congreso_investigadores_id_investigador_foreign` FOREIGN KEY (`id_investigador`) REFERENCES `investigadores` (`id_investigador`)
) ENGINE=InnoDB DEFAULT CHARSET=utf8 COLLATE=utf8_unicode_ci;

--
-- Dumping data for table `congreso_investigadores`
--


--
-- Table structure for table `congresos`
--

CREATE TABLE `congresos` (
  `id_congreso` int(10) unsigned NOT NULL AUTO_INCREMENT,
  `titulo` varchar(255) COLLATE utf8_unicode_ci NOT NULL DEFAULT '',
  `autores` varchar(255) COLLATE utf8_unicode_ci NOT NULL DEFAULT '',
  `nombreC` varchar(255) COLLATE utf8_unicode_ci DEFAULT '',
  `fechas` varchar(255) COLLATE utf8_unicode_ci NOT NULL,
  `anho` int(11) NOT NULL,
  `indicadorC1` varchar(255) COLLATE utf8_unicode_ci DEFAULT '',
  `indicadorC2` varchar(255) COLLATE utf8_unicode_ci DEFAULT '',
  PRIMARY KEY (`id_congreso`)
) ENGINE=InnoDB DEFAULT CHARSET=utf8 COLLATE=utf8_unicode_ci;

--
-- Dumping data for table `congresos`
--


--
-- Table structure for table `convocatorias`
--

CREATE TABLE `convocatorias` (
  `id_convocatoria` int(10) unsigned NOT NULL AUTO_INCREMENT,
  `titulo` varchar(255) COLLATE utf8_unicode_ci NOT NULL,
  `fechaF` date DEFAULT NULL,
  `enlace` varchar(255) COLLATE utf8_unicode_ci DEFAULT '',
  `descripcion` longtext COLLATE utf8_unicode_ci,
  `tipo` int(10) unsigned DEFAULT NULL,
  `convocante` varchar(255) COLLATE utf8_unicode_ci DEFAULT '',
  `archivo` varchar(255) COLLATE utf8_unicode_ci DEFAULT '',
  `autor` int(10) unsigned NOT NULL,
  `portada` tinyint(1) NOT NULL DEFAULT '0',
  `agenda` tinyint(1) NOT NULL DEFAULT '0',
  `indicadorCo1` varchar(255) COLLATE utf8_unicode_ci DEFAULT '',
  `indicadorCo2` varchar(255) COLLATE utf8_unicode_ci DEFAULT '',
  `created_at` timestamp NOT NULL DEFAULT '0000-00-00 00:00:00',
  `updated_at` timestamp NOT NULL DEFAULT '0000-00-00 00:00:00',
  PRIMARY KEY (`id_convocatoria`),
  KEY `convocatorias_autor_foreign` (`autor`),
  CONSTRAINT `convocatorias_autor_foreign` FOREIGN KEY (`autor`) REFERENCES `investigadores` (`id_investigador`)
) ENGINE=InnoDB AUTO_INCREMENT=65 DEFAULT CHARSET=utf8 COLLATE=utf8_unicode_ci;

--
-- Dumping data for table `convocatorias`
--

INSERT INTO `convocatorias` VALUES (2,'12 PhD positions in Mathematics: Research Training Group 2224, University of Bremen','2016-08-01','','12 PhD positions in Mathematics: Research Training Group 2224, University of Bremen',2,'','',1,0,0,'','','2016-07-19 07:19:43','2016-10-26 04:35:32'),(3,'Becas de colaboración - Ministerio de Educación, Cultura y Deporte','2016-09-15','','Becas para estudiantes de segundo ciclo (grado o máster) de iniciación en tareas de investigación en departamentos e institutos universitarios',2,'Ministerio de Educación, Cultura y Deporte','',1,1,0,'','','2016-07-21 05:27:43','2016-10-26 04:35:19'),(4,'International Call for postdocs IC2016 Summer','2016-09-20','','International Call for postdocs IC2016 - Summer',2,'BCAM','',9,0,0,'','','2016-07-26 08:23:12','2016-10-26 04:35:13'),(5,'Postdoc position in Mathematical Physics and Quantum	 Field Theory in Materials Science	','2016-08-24','http://mathphys.uva.es/','The	 Mathematical Physics Group of Castilla  y  León offers a  21-month postdoc position.',2,'Mathematical Physics Group of Castilla y León','',9,1,0,'','','2016-07-26 08:29:41','2016-10-26 04:35:28'),(6,'Beca de Colaboración con cargo al  \'AIRPORTS: Construcción de un prototipo de plataforma “bigdata” para el análisis de la eficiencia operacional de vuelos basada en trayectorias.\' ','2016-09-11','https://www.dropbox.com/s/jarhrb9caf6qowm/ConvIMUVa.pdf?dl=0','Beca para graduados en informática adscrita al proyecto \'AIRPORTS: Construcción de un prototipo de plataforma “bigdata” para el análisis de la eficiencia operacional de vuelos basada en trayectorias.\' El becario se integrará en la dinámica del grupo de investigación que trabaja actualmente en el proyecto \"AIRPORTS\". Sus responsabilidades principales estarán relacionadas con la integración de las diferentes fuentes de datos utilizadas en el proyecto, asumiendo tareas de diseño conceptual, lógico y físico del almacén de datos, así como de la optimización de las consultas que se lleven a cabo dentro de la plataforma de análisis de datos que se está construyendo en el proyecto. Asimismo, el alumno también participará en el diseño e implementación de diferentes componentes de dicha plataforma y de la realización de diferentes análisis de esos datos. El trabajo se realizará, principalmente, en las instalaciones del Campus María Zambrano (Segovia).\r\n\r\n\r\n\r\n',2,'IMUVA','',1,0,0,'','','2016-09-02 08:11:33','2016-10-26 04:35:24'),(7,'Ayudas para investigadores visitantes en el Campus de Excelencia Internacional Triangular-E3','2017-09-15','http://ceitriangular.org/actuaciones/ayudas-para-investigadores-visitantes/','Ayudas para investigadores visitantes en el Campus de Excelencia Internacional Triangular-E3. Pueden solicitarla Centros, Departamentos, Grupos de Investigación e Institutos Universitarios de las Universidades de Burgos, León y Valladolid. La duración de las estancias será de un mínimo de 1 mes y un máximo de 6 meses.',0,'Campus de Excelencia Internacional Triangular-E3','',9,1,0,'','','2016-11-23 11:04:05','2017-06-09 07:15:55'),(8,'Ayudas para financiar la contratación predoctoral de personal investigador (PREDOC), cofinanciadas por el Fondo Social Europeo','2016-12-09','https://www.tramitacastillayleon.jcyl.es/web/jcyl/AdministracionElectronica/es/Plantilla100Detalle/1251181054765/_/1284670577848/Propuesta','Convocatoria de 75 becas predoctorales financiadas por la Junta de Castilla y León',2,'Junta de Castilla y León','',9,1,0,'','','2016-11-23 11:08:21','2017-06-09 07:16:21'),(9,'Convocatoria 2016 de contratos predoctorales de la Universidad de Valladolid','2016-12-14','https://sede.uva.es/opencms/opencms/es/Tablones/Tablon_de_Anuncios/INVESTIGACION/tablon_1577.html','32 becas predoctorales de la Universidad de Valladoliid',2,'Universidad de Valladolid','',9,1,0,'','','2016-11-23 11:13:03','2017-06-09 07:16:14'),(10,'Convocatoria del Premio Extraordinario de Doctorado','2016-12-21','http://escueladoctorado.uva.es/export/sites/doctorado/laescuela/convocatorias/Convocatoria-del-Premio-Extraordinario-de-Doctorado/','Convocatoria abierta a doctores que hayan defendido su tesis doctoral en la UVa entre el 01-10-2015 y el 30-09-2016, con mención \"Cum Laude\"',0,'Universidad de Valladolid','',9,1,0,'','','2016-11-25 07:55:11','2017-06-09 07:18:35'),(11,'Convocatoria de ayudas de la Agencia Estatal de Investigación 2016: programas Ramón y Cajal, Juan de la Cierva y de personal técnico de apoyo a la I+D+I','2017-01-24','http://www.idi.mineco.gob.es/stfls/MICINN/Ayudas/PE_2013_2016/PE_Promocion_e_Incorporacion_Talento_y_su_Empleabilidad/FICHEROS/SE_Incorporacion/Ayudas_contratos_RYC_2016/Resolucion_convocatoria_CONTRATACION_2016_21_noviembre_2016.pdf','Ayudas para contratos Ramón y Cajal. Ayudas para contratos Juan de la Cierva-formación. Ayudas para contratos de personal técnico de apoyo a la I+D+I. Ayudas para contratos Juan de la Cierva-incorporación.',0,'Agencia Estatal de Investigación, MINECO','',9,1,0,'','','2016-12-02 11:43:45','2017-06-09 06:52:18'),(12,'Convocatoria de becas de posgrado \"La Caixa\"','2017-02-02','https://news.obrasociallacaixa.com/optiext/optiextension.dll?ID=GcdGg6bMkjtnyynBmchgDV0OObhs9JC8NJMT%2BPG12EFBYmlWO0jZMbWhNkOEHELBmSQxCoHLSbKEj6H0_Y432TliBkRi_','197 becas de posgrado para ampliar estudios en las mejores universidades y centros de investigación de todo el mundo \r\n',2,'La Caixa','',9,1,0,'','','2016-12-02 11:48:49','2017-06-09 06:52:05'),(13,'Beca predoctoral para recién graduados en Matemáticas con cargo al  proyecto AIRPORTS','2016-12-30','','Beca predoctoral para graduados en Matemáticas con recorrido en Probabilidad y Estadística. El becario se integrará en el grupo de investigación que trabaja en el proyecto \"AIRPORTS\". \r\n',2,'IMUVA','/uploads/documentos/ConvCompletaTerceraBecaIMUVa.pdf',9,1,0,'','','2016-12-22 11:05:06','2017-06-09 07:16:06'),(14,'5th Heidelberg Laureate Forum September 24 - 29, 2017','2017-02-14','http://www.heidelberg-laureate-forum.org','For one week in late summer, the Heidelberg Laureate Forum Foundation (HLFF) invites the recipients of the Abel Prize, the ACM A.M. Turing Award, the ACM Prize in Computing, the Fields Medal, and the Nevanlinna Prize to join 200 carefully selected young researchers.\r\n',2,'Heidelberg Laureate Forum Foundation','',9,0,0,'','','2017-01-26 17:59:56','2017-06-09 06:51:45'),(15,'Convocatoria de propuestas de Actividades del IMUVA financiables parcialmente. Curso 2017/2018.','2017-09-30','','Convocatoria para miembros del IMUVA interesados en organizar actividades en el ámbito del Programa Explora o del tipo Escuelas Doctorales y Cursos.\r\n',0,'IMUVA','/uploads/documentos/ConvocatoriaActividades-2017-18-1.pdf',9,1,1,'','','2017-07-31 06:34:24','2017-09-20 06:28:08'),(16,'Contrato de Investigación para realizar una Tesis Doctoral con el Grupo de Ingeniería Biomédica de la UVa','2017-10-06','','El Grupo de Ingeniería Biomédica de la Universidad de Valladolid ofrece un Contrato de Investigación para realizar una Tesis Doctoral en el marco del Proyecto 0378_AD_EEGWA_2_P titulado “Análisis y correlación entre el genoma completo y la actividad cerebral para la ayuda en el diagnóstico de la enfermedad de Alzheimer”. Este proyecto ha sido financiado en Programa de Cooperación Inter-regional V-A España-Portugal POCTEP 2014-2020.\r\n\r\n\r\n\r\nMás información: contactar con Roberto Hornero (email: robhor@tel.uva.es) o Carlos Gómez (email: carlos.gomez@tel.uva.es)',2,'Grupo de Ingeniería Biomédica de la Universidad de Valladolid','/uploads/documentos/Contrato-GIB-POCTEP.pdf',9,1,1,'','','2017-09-19 04:43:34','2017-09-20 06:23:57'),(17,'Becas de colaboración en tareas de investigación del Consejo Social de la UVa. Curso 2017/2018.','2017-10-11','http://consejosocial.uva.es/becas/','El Consejo Social de la Universidad de Valladolid convoca 35 becas de colaboración en tareas de investigación en Departamentos e Institutos L.O.U. en el curso 2017/2018,  para alumnos que vayan a finalizar sus estudios de Grado o que estén cursando Primer curso de Másteres oficiales de la UVa.',2,'Consejo Social de la Universidad de Valladolid','',9,1,1,'','','2017-09-26 08:44:38','2017-09-26 08:44:38'),(18,'Resolución de la Convocatoria de propuestas de Actividades del IMUVA financiables parcialmente. Curso 2017/2018. ','2018-06-30','','Resolución de la Convocatoria de propuestas de Actividades del IMUVA financiables parcialmente. Curso 2017/2018.  \r\n\r\nSe mantiene la convocatoria abierta hasta junio de 2018 (hasta finalización de presupuesto).',0,'IMUVA','/uploads/documentos/ResolucionConvocatoriaActividades-2017-18-1.pdf',9,1,0,'','','2017-10-11 08:14:41','2018-04-13 16:13:26'),(19,'Búsqueda de candidatos para un contrato postdoctoral','2017-12-31','','El Grupo de Probabilidad y Estadística Matemática (PEM) de la Universidad de Valladolid (UVa) convocará inminentemente un contrato post-doctoral con cargo a un proyecto de investigación cofinanciado por la Junta de Castilla y León y los fondos FEDER. El grupo PEM (http://www.imuva.uva.es/es/girs/13) forma parte del Instituto de Matemáticas de la UVa y tiene varias menciones como grupo de investigación de excelencia. La duración prevista del contrato es de 22-24 meses y el salario bruto es de aproximadamente 30000 euros anuales. \r\nLa persona contratada trabajará en las líneas de investigación del grupo y, especialmente, con los contratos de investigación que el grupo mantiene vinculados al desarrollo, adaptación y aplicación de metodologías de clasificación (supervisada y no supervisada) para datos complejos en entornos bigdata. \r\n\r\n',2,'G.I.R Probabilidad y Estadística Matemática','/uploads/documentos/postdoc_position.pdf',9,1,1,'','','2017-11-22 14:17:55','2017-11-22 14:45:47'),(20,'Job Opening (Postdoc Position)','2017-12-11','http://hermite.uva.es/frutos','The Institute of Mathematics at University of Valladolid (Spain)  has an opening Postdoc Position starting in February 2018. The position is part of the research project \" MODELIZACIÓN MATEMÁTICA Y ANÁLISIS DE REGULACIONES MEDIOAMBIENTALES, INCENTIVOS Y USO EFICIENTE DE ENERGÍAS LIMPIAS EN UN ENTORNO DINÁMICO\" funded by the Junta de Castilla y León and by the EU FEDER. For more information about the project or the postdoc position please contact Javier de Frutos at frutos@mac.uva.es or\r\nGuiomar Martín-Herrán at guiomar@eco.uva.es.\r\n\r\nWe are looking for applicants with good background in numerical mathematics, and/or economics, in particular some experience on control theory and differential games or environmental management and economic growth will be welcome.\r\n\r\nThe official job announcement will be available at https://sede.uva.es/opencms/opencms/es/Tablones/Tablon_de_Anuncios/INVESTIGACION/, see also http://hermite.uva.es/frutos',2,'','',9,1,1,'','','2017-11-23 08:41:55','2017-11-23 08:41:55'),(21,' Ayudas para la formación de profesorado universitario (FPU) - Convocatoria 2017','2017-12-29','http://www.mecd.gob.es/servicios-al-ciudadano-mecd/catalogo/general/educacion/998758/ficha/998758-2017.html','Destinadas a la formación investigadora en programas de doctorado para la consecución del título de Doctor/a o la adquisición de competencias docentes universitarias, en cualquier área del conocimiento científico, que faciliten la futura incorporación de estas personas al sistema español de educación superior, y de investigación científica.\r\n\r\nSe convocan 850 ayudas de las que 17 de ellas se reservan a estudiantes con una discapacidad igual o superior al 33 por ciento.',2,'Ministerio de Educación, Cultura y Deporte','',9,1,1,'','','2017-12-12 15:26:50','2017-12-12 15:26:50'),(22,'1st Forecasting Summer School “Recent developments in econometric forecasting”','2018-06-30','https://forecasters.org/events/summer-school/','The International Institute of Forecasters (IIF) is launching the  1st Forecasting Summer School “Recent developments in econometric forecasting” (Instructors: David Hendry, Jennifer Castle and James Reade) to be held jointly with the ISF 2018 on the 16-17 June 2018 at the University of Colorado, Boulder, USA.',0,'International Institute of Forecasters','',9,0,1,'','','2018-02-13 09:11:32','2018-02-13 09:13:07'),(23,'Convocatoria de propuestas de Actividades del IMUVA financiables parcialmente. Curso 2018/2019.','2018-09-30','','Convocatoria para miembros del IMUVA interesados en organizar actividades en el ámbito del Programa Explora o del tipo Escuelas Doctorales y Cursos.',0,'IMUVA','/uploads/documentos/ConvocatoriaActividadesFinaciablesIMUVA-2018-19.pdf',9,1,1,'','','2018-08-31 08:34:21','2018-08-31 08:56:31'),(24,'Convocatoria actualizada de propuestas de Actividades del IMUVA financiables parcialmente. Curso 2018/2019.','2019-06-30','','El Consejo del IMUVA ha acordado ampliar la convocatoria para miembros del IMUVA  interesados en organizar actividades dentro del ámbito descrito en el documento adjunto.',0,'','conv1712020_ConvocatoriaActividadesFinaciablesIMUVA-2018-19-actualizada.pdf',9,1,1,'','','2019-01-14 08:54:45','2020-01-17 08:40:52'),(25,'Ayudas para contratos Juan de la Cierva-formación 2018','2019-01-31','http://www.ciencia.gob.es/portal/site/MICINN/menuitem.dbc68b34d11ccbd5d52ffeb801432ea0/?vgnextoid=73d917cd13e77610VgnVCM1000001d04140aRCRD&vgnextchannel=115222e988f75610VgnVCM1000001d04140aRCRD','',0,'Programa Estatal de Promoción del Talento y su Empleabilidad en I+D+i','',9,1,1,'','','2019-01-14 11:54:19','2019-01-14 11:54:19'),(26,'Ayudas para contratos Ramón y Cajal (RYC) 2018','2019-01-30','http://www.ciencia.gob.es/portal/site/MICINN/menuitem.dbc68b34d11ccbd5d52ffeb801432ea0/?vgnextoid=498d32e144e77610VgnVCM1000001d04140aRCRD&vgnextchannel=deef865dd69b2610VgnVCM1000001d04140aRCRD','',0,'','',9,1,1,'','','2019-01-14 11:57:15','2019-01-14 11:57:15'),(27,'Convocatoria 2019/2020 de las Becas Consejo Social de Colaboración en tareas de Investigación en Departamentos e Institutos LOU','2019-10-14','http://www.imuva.uva.es/uploads/convocatoria_becas_c.s.departamentos-institutos-2019-20.pdf','',2,'Consejo Social de la UVa','',100,1,1,'','','2019-09-20 08:44:41','2019-09-23 06:00:25'),(43,'Becas FPI en GIR SINGACOM','2019-11-04','http://www.ciencia.gob.es/portal/site/MICINN/menuitem.dbc68b34d11ccbd5d52ffeb801432ea0/?vgnextoid=14d767e8fd8cd610VgnVCM1000001d04140aRCRD','Dos becas predoctorales en el Programa de Contratos Predoctorales para la Formación de Doctores. Subprograma Estatal de Formación (Programa Estatal de Promoción del Talento y su Empleabilidad en I+D+i, 2019)\r\n\r\n',2,' Ministerio de Ciencia, Innovación y Universidades','conv28102019_BECAS19L.pdf',9,1,1,'','','2019-10-28 09:50:21','2019-10-28 09:53:55'),(44,'Predoctoral contracts with SINGACOM','2019-11-04','http://www.ciencia.gob.es/portal/site/MICINN/menuitem.dbc68b34d11ccbd5d52ffeb801432ea0/?vgnextoid=14d767e8fd8cd610VgnVCM1000001d04140aRCRD','Two predoctoral contracts within the FPI program of the Spanish Ministry of Science, Innovation and Universities. One predoctoral position with SINGACOM (U. Valladolid) and one with TASC (U Jaume I, Castellon) are available.\r\n',2,'Ministerio de Ciencia, Innovación y Universidades','conv28102019_scholarships2019L.pdf',9,1,1,'','','2019-10-28 09:58:52','2019-10-28 09:58:52'),(45,'Beca FPI en U. Politécnica de Madrid','2019-11-07','http://www.ciencia.gob.es/portal/site/MICINN/menuitem.dbc68b34d11ccbd5d52ffeb8014 32ea0/?vgnextoid=14d767e8fd8cd610VgnVCM1000001d04140aRCRD','Beca FPI adscrita al proyecto: PGC2018-097565-B-I00, U. Politécnica de Madrid\r\n',2,'Ministerio de Ciencia, Innovación y Universidades','conv28102019_Oferta_beca_FPI.pdf',9,1,1,'','','2019-10-28 10:01:50','2019-10-28 10:02:05'),(46,'Convocatoria de propuestas de Actividades del IMUVA financiables parcialmente. Curso 2020/2021.','2021-06-30','','Convocatoria actualizada aprobada por el Consejo del IMUVa en su reunión de 2020/06/15',0,'IMUVa','conv1772020_ConvocatoriaActividadesFinaciablesIMUVA-2020-21.pdf',9,1,1,'','','2020-07-17 08:38:30','2020-07-17 08:38:30'),(47,'Ofertas jóvenes investigadores en BCAM','2020-09-18','http://www.bcamath.org/en/research/job','Varias posiciones abiertas (internships, research technicians, estudiantes de doctorado). Más información en http://www.bcamath.org/en/research/job y http://www.bcamath.org/en/research/internships.',2,'BCAM','',9,0,1,'','','2020-07-28 07:44:18','2020-09-02 08:45:49'),(48,'Becas Consejo Social UVa curso 2020/2021','2020-10-15','http://www.uva.es/export/sites/uva/1.lauva/1.08.consejosocial/index.html','Convocatoria de las Becas del Consejo Social, de Colaboración en tareas de investigación en Departamentos e Institutos Universitarios de la Universidad de Valladolid para el curso académico 2020/2021',2,'Consejo Social de la UVa','',9,1,1,'','','2020-10-01 07:18:17','2020-10-01 07:18:17'),(49,'Beca de investigación en el proyecto  Airports','2020-10-12','','Proyecto de construcción de un prototipo de plataforma bigdata para el análisis de eficiencia operacional de vuelos basada en trayectorias',2,'IMUVa','conv7102020_2020_10_02_convocatoria_beca_con_bases.pdf',9,1,1,'','','2020-10-07 08:04:33','2020-10-07 08:04:33'),(50,'Convocatoria 2020 de contratos de investigadores postdoctorales senior de la Universidad de Valladolid','2020-12-22','https://miportal.uva.es/export/sites/uva/3.investigacion/3.2.programas-y-convocatorias/3.2.1.convocatorias/3.10.05.ayudaspredoctoralesyposdoctorales/2020-CALL-FOR-UNIVERSITY-OF-VALLADOLID-SENIOR-RESEARCH-CONTRACTS/','Convocatoria, en régimen de concurrencia competitiva y aplicando los principios de mérito, publicidad y objetividad, 5 contratos, orientados a la incorporación de doctores españoles o extranjeros con amplia experiencia investigadora a unidades de investigación reconocidas, para mejorar la productividad de las mismas y facilitar el rejuvenecimiento de las plantillas investigadoras de la Universidad de Valladolid.',0,'UVa','',9,1,1,'','','2020-12-04 10:47:35','2020-12-04 10:47:35'),(51,'Premios de Investigación Matemática Vicent Caselles','2021-03-01','https://www.rsme.es/2020/12/convocatoria-de-los-premios-vicent-caselles-rsme-fundacion-bbva-2021/','La Fundación BBVA y la Real Sociedad Matemática Española convocan la séptima edición de los Premios de Investigación Matemática Vicent Caselles,  destinada a investigadores en matemáticas menores de 30 años de nacionalidad española o que hayan realizado su trabajo de investigación en un centro científico de España.',0,'','',9,1,1,'','','2021-01-14 06:32:55','2021-01-14 06:32:55'),(52,'Convocatoria de contratos postdoctorales UVa 2020','2021-02-12','https://www.uva.es/export/sites/uva/3.investigacion/3.2.programas-y-convocatorias/3.2.1.convocatorias/3.10.05.ayudaspredoctoralesyposdoctorales/CONVOCATORIA-DE-CONTRATOS-POSTDOCTORALES-UVA-2020/','La Universidad de Valladolid convoca 10 contratos para la incorporación de doctores  a unidades de investigación reconocidas, para mejorar la productividad de las mismas y facilitar el rejuvenecimiento de las plantillas investigadoras, posibilitando la consecución de la acreditación a figuras de profesor con contrato temporal o permanente.',0,'UVa','',9,0,1,'','','2021-01-18 09:36:02','2023-06-24 07:53:37'),(53,'Convocatoria de plazas de profesores asociados y ayudante doctor en Matemáticas en la Universidad de Burgos','2022-07-13','https://www.ubu.es/te-interesa/concurso-publico-no-61-para-la-provision-de-plazas-de-pdi-contratado-temporal-profesores-asociados-no-de-plazas-ofertadas-76-plazo-de-presentacion-de-instancias-hasta','https://www.ubu.es/te-interesa/concurso-publico-no60-para-la-provision-de-plazas-de-pdi-contratado-temporal-profesor-ayudante-doctor-no-de-plazas-ofertadas-20-plazo-de-presentacion-de-instancias',0,'Universidad de Burgos','',9,0,0,'','','2022-06-29 10:22:18','2022-10-07 05:41:37'),(54,'Convocatoria de contrato predoctoral para la formación de doctores vinculado a proyecto de investigación ','2023-01-26','https://www.aei.gob.es/convocatorias/buscador-convocatorias/ayudas-contratos-predoctorales-formacion-doctoresas-2022','Contrato predoctoral vinculado al proyecto de investigación \"Desarrollo de metodologías de clasificación y validación para datos complejos\", con referencia PID2021-128314NB-I00',2,'Agencia Estatal de Investigación','conv1312023_ResumenContratoPredoctoral.pdf',9,0,1,'','','2023-01-13 09:25:37','2023-06-24 07:54:03'),(55,'Job Opening (Postdoc Position) at the research project \"Dynamic Analysis of Environmental Regulation: Social Context and Geographical Aspects\"','2023-02-28','','The University of Valladolid (Spain) has an opening for an 18-month Postdoc Position starting in March-April 2023. The position is part of the research project \"Dynamic Analysis of Environmental Regulation: Social Context and Geographical Aspects\" funded by the Ministry of Sciences and Innovation). ',0,'Universidad de Valladolid','conv2122023_call_postdoc_ANEODA_2023.pdf',9,0,1,'','','2023-02-21 09:08:00','2023-06-24 07:53:55'),(56,'Contrato de técnico de apoyo informático en el IMUVa','2023-07-07','https://www.educa.jcyl.es/universidad/es/servicio-investigacion-cientifica/ayudas-subvenciones-investigacion/2023-contratacion-personal-tecnico-apoyo-investigacion-2023','El IIMUVa ofrece un contrato por dos años de técnico de apoyo informático, financiado por el programa de Garantía Juvenil de la Junta de Castilla y León. Los candidatos deben tener un título de Grado en Matemáticas, Estadística  o Informática. El plazo de solicitudes termina el 7 de julio. Los detalles se pueden encontrar en el enlace.',0,'IMUVa','',9,1,1,'','','2023-06-30 05:52:33','2023-06-30 05:52:33'),(57,'Contratos postdoctorales de la Unviersidad de Valladolid 2023','2023-09-20','https://portal.sede.uva.es/tablon/investigacion/dce3e17f-36d0-402e-9f6e-13af7d1e2301','Contratos postdoctorales de la Universidad de Valladolid 2023',0,'Universidad de Valladolid','',110,1,1,'','','2023-09-07 10:31:52','2023-09-07 10:32:30'),(58,'Convocatoria bilateral hispano alemana de proyectos de investigación','2023-10-25','https://www.aei.gob.es/convocatoria-bilateral-hispano-alemana-proyectos-investigacion','Esta convocatoria tiene por objetivo seleccionar proyectos de investigación en los que participen grupos españoles y alemanes. ',1,'AEI-Agencia Estatal de Investigación y la DFG-Deutsche Forschungsgemeinschaft (Fundación Alemana para la Investigación)','',110,1,0,'','','2023-09-29 08:49:17','2023-09-29 08:50:59'),(59,'Convocatoria de Becas de Colaboración del Consejo Social de la UVa','2023-10-17','https://consejosocial.inf.uva.es/el-consejo-social-abre-la-convocatoria-de-sus-becas-de-colaboracion-en-tareas-de-investigacion-2023-2024/','35 Becas de Colaboración en tareas de formación e investigación para estudiantes que vayan a finalizar sus estudios de Grado o que estén cursando primer curso en Másteres Oficiales de la UVa',2,'Consejo Social de la Universidad de Valladolid','',110,1,0,'','','2023-09-29 09:22:43','2023-09-29 09:22:43'),(60,'Convocatoria 2023 de Contratos Predoctorales de la Universidad de Valladolid, cofinanciados por el Banco de Santander','2023-10-26','https://investiga.uva.es/convocatoria-2023-de-contratos-predoctorales-de-la-universidad-de-valladolid-cofinanciados-por-el-banco-de-santander-3/','Esta convocatoria de contratos predoctorales se integra en el programa propio de investigación de la Universidad de Valladolid. Su propósito es promover la formación especializada de personas que deseen orientar su actividad profesional hacia la docencia e investigación.',2,'Universidad de Valladolid','',110,1,0,'','','2023-10-05 13:36:25','2023-10-05 13:37:16'),(61,'BCAM Postdoctoral Fellow in Algebraic Geometry or Commutative Algebra','2024-01-19','https://joboffers.bcamath.org/apply/ic2023-10-postdoctoral-fellow-in-algebraic-geometry-or-commutative-algebra-link-to-the-offer','Basque Center for Applied Mathematics - BCAM, offers a Postdoctoral Fellow. The candidate will work under the supervision of researcher Ilya Smirnov.',0,'BCAM','',110,1,0,'','','2023-11-20 02:19:33','2023-11-20 02:21:12'),(62,'Convocatoria de proyectos de investigación en ciencia aplicada de la Junta de Castilla y León','2023-12-22','https://bocyl.jcyl.es/html/2023/11/21/html/BOCYL-D-21112023-12.do','A iniciar en el año 2024',1,'Junta de Castilla y León','',110,0,0,'','','2023-11-22 18:22:06','2024-01-11 09:05:02'),(63,'Ayudas para financiar la contratación predoctoral de personal investigador (PREDOC) de la Junta de Castilla y León (2023)','2024-01-31','https://www.tramitacastillayleon.jcyl.es/web/jcyl/AdministracionElectronica/es/Plantilla100Detalle/1251181050732/Ayuda012/1285339761862/Propuesta','Cofinanciadas por el Fondo Social Europeo Plus (FSE+)',2,'Junta de Castilla y León','',110,1,0,'','','2023-12-12 00:22:03','2023-12-12 00:22:03'),(64,'Convocatoria 2024 de Actividades del IMUVA financiables parcialmente','2024-12-31','','Convocatoria para que los miembros del IMUVA interesados en organizar actividades soliciten financiación parcial.',0,'IMUVa','conv15122023_ConvocatoriaActividadesFinaciablesIMUVA-2024.report.pdf',9,1,1,'','','2023-12-15 08:37:14','2023-12-15 08:37:25');

--
-- Table structure for table `departamentos`
--

CREATE TABLE `departamentos` (
  `id_departamento` int(10) unsigned NOT NULL AUTO_INCREMENT,
  `nombre` varchar(255) COLLATE utf8_unicode_ci NOT NULL,
  PRIMARY KEY (`id_departamento`)
) ENGINE=InnoDB AUTO_INCREMENT=12 DEFAULT CHARSET=utf8 COLLATE=utf8_unicode_ci;

--
-- Dumping data for table `departamentos`
--

INSERT INTO `departamentos` VALUES (1,'No se especifica departamento'),(2,'Matemática Aplicada'),(3,'Estadística e Investigación Operativa'),(4,'Economía Aplicada'),(5,'Álgebra, Análisis Matemático, Geometría y Topología'),(6,'Laboratorios'),(7,'Edificio I+D'),(8,'Fundamentos del Análisis Económico e Historia e Instituciones Económicas'),(9,'Teoría de la Señal y Comunicaciones e Ingeniería Telemática'),(10,'Didáctica de las Ciencias Experimentales, Sociales y de la Matemática'),(11,'Física Teórica, Atómica y Óptica');

--
-- Table structure for table `documentacion`
--

CREATE TABLE `documentacion` (
  `documento` varchar(255) COLLATE utf8_unicode_ci DEFAULT NULL,
  `tipo` int(10) unsigned NOT NULL DEFAULT '0',
  `rango` int(11) NOT NULL DEFAULT '1',
  `id_documentacion` int(10) unsigned NOT NULL AUTO_INCREMENT,
  `nombre` varchar(255) COLLATE utf8_unicode_ci NOT NULL,
  PRIMARY KEY (`id_documentacion`),
  KEY `documentacion_tipo_foreign` (`tipo`),
  CONSTRAINT `documentacion_tipo_foreign` FOREIGN KEY (`tipo`) REFERENCES `tiposDocumentacion` (`id_tipoDoc`)
) ENGINE=InnoDB AUTO_INCREMENT=91 DEFAULT CHARSET=utf8 COLLATE=utf8_unicode_ci;

--
-- Dumping data for table `documentacion`
--

INSERT INTO `documentacion` VALUES ('Acta_Consejo_20110920.pdf',2,1,1,''),('Acta_Consejo_20111026.pdf',2,1,2,''),('Acta_Consejo_20111103.pdf',2,1,3,''),('Acta_Consejo_20111110.pdf',2,1,4,''),('Acta_Consejo_20120328.pdf',2,1,5,''),('Acta_Consejo_20120531.pdf',2,1,6,''),('Acta_Consejo_20121211.pdf',2,1,7,''),('Acta_Consejo_20130325.pdf',2,1,8,''),('Acta_Consejo_20130703.pdf',2,1,9,''),('Acta_Consejo_20131127.pdf',2,1,10,''),('Acta_Consejo_20140410.pdf',2,1,11,''),('Acta_Consejo_20140717.pdf',2,1,12,''),('Acta_Consejo_20141203.pdf',2,1,13,''),('Acta_Consejo_20150409.pdf',2,1,14,''),('Acta_Consejo_20150616.pdf',2,1,15,''),('Acta_Consejo_20151218.pdf',2,1,16,''),('Acta_Consejo_20160418.pdf',2,1,17,''),('Acta_Consejo_20160602.pdf',2,1,18,''),('Acta_Consejo_20161220.pdf',2,1,19,''),('Convocatoria_Consejo_20110920.pdf',3,1,20,''),('Convocatoria_Consejo_20111026.pdf',3,1,21,''),('Convocatoria_Consejo_20111103.pdf',3,1,22,''),('Convocatoria_Consejo_20111110.pdf',3,1,23,''),('Convocatoria_Consejo_20120328.pdf',3,1,24,''),('Convocatoria_Consejo_20120531.pdf',3,1,25,''),('Convocatoria_Consejo_20121211.pdf',3,1,26,''),('Convocatoria_Consejo_20130325.pdf',3,1,27,''),('Convocatoria_Consejo_20130703.pdf',3,1,28,''),('Convocatoria_Consejo_20131127.pdf',3,1,29,''),('Convocatoria_Consejo_20140410.pdf',3,1,30,''),('Convocatoria_Consejo_20141203.pdf',3,1,31,''),('Convocatoria_Consejo_20150409.pdf',3,1,32,''),('Convocatoria_Consejo_20150616.pdf',3,1,33,''),('Convocatoria_Consejo_20151218.pdf',3,1,34,''),('Convocatoria_Consejo_20160418.pdf',3,1,35,''),('Convocatoria_Consejo_20160602.pdf',3,1,36,''),('Convocatoria_Consejo_20161220.pdf',3,1,37,''),('acta_2014_12_01.pdf',4,1,38,'Acta Reunión Comité Científico 01/12/2014'),('acta_2015_01_20.pdf',4,1,39,'Acta Reunión Comité Científico 20/01/2015'),('acta_2015_02_17.pdf',4,1,40,'Acta Reunión Comité Científico 17/02/2015'),('acta_2015_03_12.pdf',4,1,41,'Acta Reunión Comité Científico 12/03/2015'),('acta_2015_12_15.pdf',4,1,42,'Acta Reunión Comité Científico 15/12/2015'),('acta_2016_01_13.pdf',4,1,43,'Acta Reunión Comité Científico 01/13/2016'),('acta_2016_02_12.pdf',4,1,44,'Acta Reunión Comité Científico 12/02/2016'),('acta_2016_04_13.pdf',4,1,45,'Acta Reunión Comité Científico 13/04/2016'),('acta_2016_05_23.pdf',4,1,46,'Acta Reunión Comité Científico 23/05/2016'),('acta_2016_07_19.pdf',4,1,47,'Acta Reunión Comité Científico 19/07/2016'),('acta_2016_12_15.pdf',4,5,48,'Acta Reunión Comité Científico 15/12/2016'),('Layout.pdf',1,6,49,''),('EV_FINAL.zip',1,2,50,'Documentación evaluación 2017'),('Memoria Renovación.pdf',1,2,52,'Memoria para la renovación de la acreditación del IMUVa 2017'),('acta_2017_03_23.pdf',4,5,53,'Acta Reunión Comité Científico 23/03/2017'),('Acta_Consejo_20170404.pdf',2,1,54,''),('acta_2018_06_26.pdf',4,5,55,'Acta Reunión Comité Científico 26/06/2018'),('Acta_Consejo_20170719.pdf',2,2,58,''),('Acta_Consejo_20171221.pdf',2,2,59,''),('Acta_Consejo_20180327.pdf',2,2,60,''),('Acta_Consejo_20180628.pdf',2,2,61,''),('Acta_Consejo_20181219.pdf',2,2,69,''),('Acta_Consejo_20190516.pdf',2,2,70,''),('Acta_Consejo_20190618.pdf',2,2,71,''),('Acta_Consejo_20191219.pdf',2,2,72,''),('Acta_Consejo_20200715.pdf',2,2,73,''),('Acta_Consejo_20201218.pdf',2,2,74,''),('Acta_Consejo_20210428.pdf',2,2,75,''),('Acta_Consejo_20210709.pdf',2,2,76,''),('Acta_Consejo_20211220.pdf',2,2,77,''),('Acta_Consejo_20220503.pdf',2,2,78,''),('Acta_Consejo_20221103.pdf',2,1,79,''),('Memoria_Evaluacion_IMUVA.pdf',1,2,80,'Memoria para la renovación de la acreditación del IMUVa 2023'),('ActaComiteCientifico2023-09-15.pdf',4,5,81,'Acta comite cientifico 15-09-2023'),('ActaComiteCientifico2023-11-02.pdf',4,5,84,' Acta comite cientifico 02-11-2023'),('ActaComiteCientifico2023-12-11.pdf',4,5,85,' Acta comite cientifico 11-12-2023'),('Acta_Consejo_20230517.pdf',2,1,86,''),('Acta_Consejo_20230627.pdf',2,1,87,''),(NULL,1,5,88,''),('ActaComiteCientifico2024-01-23.pdf',4,5,89,' Acta comite cientifico 23-01-2024 - ActaComiteCientifico2024-01-23.pdf'),('ActaComiteCientifico2024-04-11.pdf',4,5,90,' Acta comite cientifico 11-04-2024');

--
-- Table structure for table `documentacion_ciclos`
--

CREATE TABLE `documentacion_ciclos` (
  `id_documentacion` int(10) unsigned NOT NULL AUTO_INCREMENT,
  `nombre` varchar(255) COLLATE utf8_unicode_ci NOT NULL,
  `documento` varchar(255) COLLATE utf8_unicode_ci DEFAULT NULL,
  `tipo` int(10) unsigned NOT NULL,
  `ciclo` int(10) unsigned NOT NULL,
  PRIMARY KEY (`id_documentacion`),
  KEY `documentacion_ciclos_ciclo_foreign` (`ciclo`),
  CONSTRAINT `documentacion_ciclos_ciclo_foreign` FOREIGN KEY (`ciclo`) REFERENCES `ciclos` (`id_ciclo`)
) ENGINE=InnoDB DEFAULT CHARSET=utf8 COLLATE=utf8_unicode_ci;

--
-- Dumping data for table `documentacion_ciclos`
--


--
-- Table structure for table `girs`
--

CREATE TABLE `girs` (
  `id_gir` int(10) unsigned NOT NULL AUTO_INCREMENT,
  `nombre` varchar(255) COLLATE utf8_unicode_ci NOT NULL,
  `siglas` varchar(255) COLLATE utf8_unicode_ci NOT NULL,
  `mencion1` varchar(255) COLLATE utf8_unicode_ci DEFAULT '',
  `mencion2` varchar(255) COLLATE utf8_unicode_ci DEFAULT '',
  `otrosdatos` varchar(255) COLLATE utf8_unicode_ci DEFAULT '',
  `web` varchar(255) COLLATE utf8_unicode_ci DEFAULT '',
  `externo` varchar(255) COLLATE utf8_unicode_ci DEFAULT '',
  `descripcion` longtext COLLATE utf8_unicode_ci,
  `coordinador` int(10) unsigned NOT NULL,
  `lineas` longtext COLLATE utf8_unicode_ci,
  `colaboradores` longtext COLLATE utf8_unicode_ci,
  `indicadorG1` varchar(255) COLLATE utf8_unicode_ci DEFAULT '',
  `indicadorG2` varchar(255) COLLATE utf8_unicode_ci DEFAULT '',
  `deleted_at` timestamp NULL DEFAULT NULL,
  PRIMARY KEY (`id_gir`),
  KEY `girs_coordinador_foreign` (`coordinador`),
  CONSTRAINT `girs_coordinador_foreign` FOREIGN KEY (`coordinador`) REFERENCES `investigadores` (`id_investigador`)
) ENGINE=InnoDB AUTO_INCREMENT=29 DEFAULT CHARSET=utf8 COLLATE=utf8_unicode_ci;

--
-- Dumping data for table `girs`
--

INSERT INTO `girs` VALUES (1,'Administradores','ADM','','','',NULL,'','Grupo de trabajo dedicado a los administradores de la aplicación ajenos a la actividad del instituto',1,NULL,NULL,'','',NULL),(2,'Sin GIR Asignado','SGA','','','',NULL,'','Grupo de trabajo destinado a ubicar a las personas que no dispongan de ningún GIR asignado dentro de la jerarquía del IMUva',1,NULL,NULL,'','',NULL),(4,'Análisis Numérico de Problemas de Evolución','ANPE','','','',NULL,'','El grupo se forma para conseguir los siguientes grandes objetivos:\n1) Crear un marco y atmósfera de trabajo que permitan la colaboración efectiva entre todos los miembros.\n2) Intensificar la colaboración con el entorno.\n3) Mejorar la difusión de resultados.\n4) Coordinar las peticiones y gestión de proyectos y subvenciones, así como las peticiones de becas.',58,'Transformadas integrales. Elementos finitos. Integradores geométricos. Integradores exponenciales. Ecuaciones de tipo parabólico. Ecuaciones con memoria. Condiciones de contorno absorbentes y transparentes. Problemas de evolución con valores en la frontera.',NULL,'','',NULL),(5,'Análisis Numérico de Problemas de Evolución. Aplicaciones en Biomatemática','ANPEAB','Unidad de Investigación Consolidada de la Junta de Castilla y León – 033','Grupo de Investigación de Excelencia de la Junta de Castilla y León, GR-137','Unidad de Investigación Consolidada de la Junta de Castilla y León – 033\r\nGrupo de Investigación de Excelencia de la Junta de Castilla y León, GR-137','','','El Grupo Reconocido de Investigación tiene como fin la articulación de la actividad investigadora, principalmente en equipo, y la gestión de los recursos que la sustentan, referida a las siguientes líneas de investigación:\r\na) Análisis Numérico de problemas de evolución no lineales.\r\nb) Computación científica en Biomatemática.\r\nSon objetivos del Grupo:\r\na) El desarrollo de actividades de investigación propias, en relación con las líneas de investigación que definen la actividad del Grupo, contribuyendo a la generación y transmisión del conocimiento.\r\nb) La difusión de los resultados de investigación.\r\nc) Favorecer las iniciativas dentro del Grupo para la captación de fondos, externos y de la Universidad de Valladolid, de financiación de la actividad investigadora del Grupo.\r\nd) Participar en la formación de investigadores, contribuyendo a su especialización científica en las técnicas y metodologías propias de las líneas de investigación del Grupo.\r\ne) El establecimiento de vínculos estables con otros grupos de investigación, nacionales e internacionales, para favorecer el intercambio científico y la calidad de la investigación en relación con las líneas de investigación del Grupo.',2,'Computación Científica en Biomatemática. Análisis numérico de problemas de evolución.','','','',NULL),(6,'Análisis numérico y estocástico, Optimización dinámica y Aplicaciones','ANEODA','','Grupo de Investigación de Excelencia de la Junta de Castilla y León, GR-289','Grupo de Investigación de Excelencia de la Junta de Castilla y León, GR-289','','','Objetivos:\r\na) Coordinar la investigación a desarrollar por sus miembros en las líneas de investigación de interés para el grupo.\r\nb) Potenciar las líneas de investigación de los miembros del grupo, en particular las mas claramente aplicables.\r\nc) Favorecer el intercambio de ideas científicas entre los miembros del grupo con otros grupos de investigación de la UVa y de otras instituciones españolas o extranjeras.\r\nd) Impulsar el retorno de los resultados de investigación del grupo hacia el sector privado.',43,'Solución numérica de ecuaciones diferenciales ordinarias y en derivadas parciales: problemas altamente oscilatorios, análisis estocástico, integración geométrica, análisis de métodos de elementos finitos y espectrales, adaptatividad dinámica y estabilización. Estudio de la racionalidad individual dinámica en juegos diferenciales: teoría y aplicaciones económicas. Aplicaciones: dinámica molecular, sistemas mecánicos, formación de estructuras en ecuaciones de reacción-difusión, dinámica de fluidos, análisis de productos financieros, crecimiento económico, comercio internacional, medio ambiente y márketing.','ALFONSO ALAMO ZAPATERO.  Miembro asociado (Investigador en formación. UVa)\r\nVÍCTOR GATÓN BUSTILLO. Miembro asociado (Doctor. UVa)\r\nMARÍA PILAR MARTÍNEZ GARCÍA .Miembro asociado (Doctor. UMu)\r\nJULIA MARIA NOVO MARTIN. Miembro asociado (Doctor. UAM)','','',NULL),(7,'Codificacion de la Informacion y Criptografia','CIC','','','',NULL,'','El grupo pretende continuar articulando la investigacion que desarrolla desde hace años en el campo de la Codificación y la seguridad de la Información, en particular con los objetivos siguientes:\na) Investigación pura y aplicada en las líneas señaladas\nb) Colaboracion con empresas e instituciones interesadas en los resultados obtenidos\nc) Participacion en programas de doctorado y otros cursos de formacion.',8,'Códigos Correctores de errores. Matemática discreta. Criptografía y protocolos criptográficos. Tarjetas inteligentes.',NULL,'','',NULL),(8,'Ecuaciones y Singularidades','ECSING','','Grupo de Investigación de Excelencia de la Junta de Castilla y León, GR-196','Grupo de Investigación de Excelencia de la Junta de Castilla y León, GR-196','','','El grupo investigador ECSING trabaja en investigación básica en matemáticas, en todas sus facetas, con ramificaciones al desarrollo aplicado y acento en la formación de investigadores.\r\nLos objetivos son continuación de los objetivos básicos que viene persiguiendo nuestro equipo desde hace ya más de quince años, soportado por diferentes contratos nacionales y europeos. Las razones son esencialmente las mismas del inicio. Señalaremos no obstante una evolución hacia la geometría moderada, debido a los resultados de J.M. Lion y de la escuela de lógicos, un refuerzo del papel de la teoría de valoraciones, en relación también con el caso real de cuerpos de Hardy, una línea nueva de topología de sistemas dinámicos que promete más resultados, el desembarco de J. Ribón en el estudio de sistemas dinámicos discretos, sobre lo que por el momento es nuestro único especialista, así como una vuelta a temas clásicos como el de las polares, con la nueva óptica de los sistemas dinámicos. La influencia de Ramis y Malgrange asimismo está relanzando la Teorís de Galois diferencial, con una versión no lineal en la que deseamos entrar y para la que contamos con Aroca, Mozo y J. Cano.  Los algoritmos obtenidos por F. Aroca y J. Cano nos acercan también a los resultados aplicados.',52,'Teoría de Galois de ecuaciones diferenciales. Geometría y topología de campos de vectores. Construcción explícita de soluciones de ODEs y EDPs. Foliaciones holomorfas singulares. Clasificación de difeomorfismos en varias variables. Desarrollos asintóticos. Reducción de singularidades.','','','',NULL),(9,'Física Matemática','FM','Unidad de Investigación Consolidada de la Junta de Castilla y León – 011','','Unidad de Investigación Consolidada de la Junta de Castilla y León – 011','','','El fin principal de este grupo de investigación es desarrollar trabajos en el campo de la Física Matemática, con énfasis en sus aplicaciones en Mecánica Clásica y Cuántica. Los objetivos concretos son:\r\n1.- Avanzar en las líneas de investigación específicas descritas más adelante, contribuyendo a la formación de investigadores y nuevos doctores, difundiendo los resultados que se vayan obteniendo a través de los canales usuales en nuestra disciplina (publicaciones en revistas internacionales de prestigio y participación en reuniones científicas y congresos de nivel internacional).\r\n2.- Afianzar e incrementar las relaciones con grupos de investigación de otras universidades nacionales y extranjeras, promoviendo el intercambio de investigadores en ambas direcciones.\r\n3.- Promover la realización de congresos y reuniones científicas relacionadas con las líneas de investigación del grupo.\r\n4.- Desarrollar actividades de divulgación científica.',82,'Técnicas algebraicas en Física Cuántica y aplicaciones en modelos de Física de materia condensada: grafeno, nanotubos, ... Técnicas geométricas en Gravitación y en Teoría de Campos. Sistemas integrables y superintegrables. Resonancias en mecánica cuántica. Mecánica cuántica supersimétrica.','Manuel DONAIRE (U. Valladolid), Alberto ALONSO  (U. Salamanca), Ángel BALLESTEROS  (U. Burgos), Alfonso BLASCO  (U. Burgos), Sara G. CRUZ Y CRUZ (IPN, Mexico), José F. CARIÑENA (U. Zaragoza), Elso DRIGO FILHO (UNESP-Universidade Estadual Paulista, Brasil)., Manuel FERNÁNDEZ-RAÑADA (U. Zaragoza), Enrico CELEGHINI  (U. Firenze, Italy), Osvaldo CIVITARESE (U. La Plata, Argentina), David J. FERNÁNDEZ C. (CINVESTAV, Mexico), Larry GLASSER  (Clarkson U., NY, USA), Miguel A. GONZALEZ-LEÓN  (U. Salamanca), Faruk GÜNGÖR (Istanbul Tech. U., Turkey), Francisco J. HERRANZ  (U. Burgos), Sengül KURU  (U. Ankara, Turkey), Luis P. LARA (U. Rosario, Argentina), Juan M. MATEOS-GUILARTE  (U. Salamanca), José M. MUÑOZ-CASTAÑEDA (U. Politécnica de Madrid), George P. PRONKO (IHEP, Protvino, Russia), Marina de la TORRE  (U. Salamanca)','','',NULL),(12,'Inferencia Estadística con Restricciones','IER','','','',NULL,'','La Inferencia estadística con restricciones tiene por objeto diseñar procedimientos que, aprovechando la información a priori que a menudo se tiene sobre los parámetros del modelo de interés, resulten más eficientes que los clásicos que no tienen en cuenta dicha información previa.\nDesde sus inicios, hace más de veinte años, este grupo se ha dedicado al estudio de problemas generales de estimación y contraste de hipótesis en modelos lineales normales cuando la incorporación de la información a priori se traduce en la reducción del espacio paramétrico habitual a un cono convexo y cerrado.\nLa metodología ha estado basada en el principio de máxima verosimilitud y en consecuencia en el estudio del comportamiento del estimador máximo verosímil y del test de la razón de verosimilitud.\nLas principales aportaciones del grupo se concretan, por un lado, en delimitar en que situaciones los procedimientos con restricciones tienen un buen comportamiento y poner de manifiesto y explicar las razones de índole estructural que justifican el deficiente comportamiento de dichos procedimientos en otras situaciones, y, por otro, en la propuesta de procedimientos alternativos que eviten dicho comportamiento anómalo.',70,'Métodos de suavizado con restricciones de forma. Estimación en áreas pequeñas. Estimación y contraste de hipótesis en modelos normales con restricciones. Reglas de clasificación con restricciones.',NULL,'','',NULL),(13,'Probabilidad y Estadística Matemática','PEM','Unidad de Investigación Consolidada de la Junta de Castilla y León – 005','Grupo de Investigación de Excelencia de la Junta de Castilla y León, GR-150','Unidad de Investigación Consolidada de la Junta de Castilla y León – 005\r\nGrupo de Investigación de Excelencia de la Junta de Castilla y León, GR-150','','','La actividad que se pretende desarrollar se enmarca dentro de la investigación en Teoría de la Probabilidad y Estadística Matemática de carácter básico. La filosofía que inspira el trabajo del grupo tiene su punto de partida en el análisis de conceptos básicos de la Estadística desde distintas ópticas (ideas geométricas de representación y aproximación, métricas probabilísticas, robustez o estabilidad de los procedimientos, etc.) con el ánimo de desarrollar nuevos métodos estadísticos y estudiar su implementación práctica y sus propiedades en comparación con procedimientos ya existentes.',26,'Análisis de datos funcionales. Métodos estadísticos robustos. Técnicas de recorte y aplicaciones estadísticas. Estudio de métricas probabilísticas y de sus aplicaciones estadísticas. Métodos basados en remuestreo. Técnicas bootstrap.','','','',NULL),(14,'Singularidades, Geometría Algebraica, Álgebra, Conmutativa, Codificación, Combinatoria, Computación y Optimización','SINGACOM','','Grupo de Investigación de Excelencia de la Junta de Castilla y León, GR-135','Grupo de Investigación de Excelencia de la Junta de Castilla y León, GR-135','http://www.singacom.uva.es','','El Grupo SINGACOM tiene como finalidad la investigación en varios campos de las matemáticas: SINGularidades, Geometría Algebraica, Álgebra Conmutativa, COdificación, COMbinatoria, COMputación y Optimización. Sus objetivos son los siguientes:\r\na) Realización de investigación básica y aplicada sobre temas referentes a las líneas de investigación del Grupo o relacionados con ellos.\r\nb) Realización de investigación multidisciplinar en matemáticas e identificación de aplicaciones en otros ámbitos científicos y tecnológicos. \r\nc) Sensibilización y contribución técnica sobre problemas de interés social o demandados por el actual contexto de la sociedad de la información.\r\nd) Cooperación internacional y nacional con otros grupos de investigación o especialistas cualificados en los temas de interés del Grupo.\r\ne) Contraste, difusión y divulgación de los resultados obtenidos.\r\nf) Formación de investigadores en los campos propios del Grupo y en campos emergentes cuya metodología sea afín con el interés del mismo.\r\ng) Transmisión del conocimiento en la forma reglada por el sistema universitario y fomento de la cultura en relación con los campos y temas de interés del Grupo.\r\nh) Transferencia de conocimiento hacia los sectores tecnológico y productivo.\r\ni)  Participación en iniciativas o estructuras amplias para el desarrollo de la investigación en los campos y temas de interés del Grupo.',12,' Geometría global de las curvas y de campos vectoriales meromorfos. Geometría algebraica afín y proyectiva. Geometría tórica. Matemática discreta. Grafos. Álgebra y geometría algebraica aplicadas. Resolución de singularidades, métodos y algoritmos. Álgebra local. Graduaciones. Valoraciones. Clausura entera de ideales. Sistemas lineales con condiciones base asignadas. Aplicaciones a interpolación. Series de Poincaré. Integración. Aplicaciones a la teoría de singularidades. Espacios de arcos. Integración motívica. Aplicaciones. Clasificación de singularidades y equisingularidad. Geometría no conmutativa. Aspectos homológicos. Códigos algebro-geométricos. Codificación y decodificación. Combinatoria algebraica. Aplicaciones. Optimización combinatoria. Computación simbólica en geometría algebraica y singularidades. Lógica en computación. Complejidad de algoritmos.','','','',NULL),(15,'Sistemas Dinámicos','SD','','','',NULL,'','La teoría matemática de sistemas dinámicos tuvo su origen hace más de cien años en los trabajos de A. M. Lyapunov en teoría de estabilidad y de H. Poincaré en mecánica celeste. Desde entonces su crecimiento ha sido continuo y significativo, tanto desde el punto de vista conceptual como desde el punto de vista de las técnicas empleadas en su desarrollo. En nuestro días las aportaciones de la teoría de sistemas dinámicos  a la profundización del conocimiento cientifíco y tecnológico son enormes y exceden ampliamente el ámbito de las matemáticas, siendo su aplicación relevante en numerosas áreas de ingeniería.\nLa finalidad de este grupo de investigación es promover el desarrollo de dicha teoría científica así como facilitar y ampliar sus aplicaciones tecnológicas. Podemos destacar los siguientes objetivos principales:\nO1) Investigación y desarrollo de metódos dinámicos con aplicación en el estudio de las ecuaciones diferenciales no-autónomas. Descripción de las dinámicas local y global.\nO2) Elaboración y análisis  de los modelos en biología e ingeniería que se describen mediante  ecuaciones diferenciales.  Estudio cualitativo y computacional de dichos modelos.\nO3) Investigación de problemas de teoría de bifurcación y teoría de control con influencia en ingeniería.\nO4) Investigación y desarrollo de métodos matemáticos para el cálculo y refinamiento de órbitas de objetos celestes y estudio de posibilidades de impacto con la Tierra.\nO5) Divulgación del trabajo científico y  los resultados obtenidos que permita un mejor conocimiento y una mayor valoración social del trabajo realizado.',55,'Dinámica orbital. Teoría de control no autónoma. Teoría de bifurcación no lineal. Modelos en biología e ingeniería. Ecuaciones diferenciales no autónomas. Dinámica casi-periódica y casi-automórfica.',NULL,'','',NULL),(16,'Teoría de Anillos. Aplicaciones y Métodos Computacionales','TAAMC','','','','','','Se centra en aquellos establecidos por las líneas de investigación. Los miembros del grupo vienen colaborando desde hace más de 10 años al amparo de proyectos y otras ayudas subvencionadas por organismos oficiales, públicos y privados, autonómicos, nacionales e internacionales. \r\nLa actividad de investigación abarca, entre otros, los temas siguientes:\r\n1.- Sistemas de ecuaciones lineales sobre anillos. Resoluciones libres finitas.\r\n2.- Clasificación de sistemas dinámicos lineales sobre anillos.\r\n3.- Extensiones de anillos de funciones. Compactificaciones.\r\n4.- Estructuras de convergencia en anillos. Anillos topológicos.\r\n5.- Estudio de valoraciones dominando anillos locales regulares.\r\n6.- Valoraciones y clasificación de singularidades de hipersuperficies.\r\n7.- Sesarrollo e implementación de algoritmos para el cálculo de invariantes numéricos de ideales de anillos de polinomios.\r\n8.- Cohomología local y funciones de hilbert. Sicigias. \r\nAdemás del trabajo de investigación básica en los temas anteriores se considera de gran importancia, por los miembros del grupo de investigación, el de las aplicaciones. No sólo en el área de álgebra y en las matemáticas, sino también en la investigación de carácter multidisciplinar y, en concreto, en sus aplicaciones en física e ingeniería.',31,'Teoría de Valoraciones y Equisingularidad. Aspectos Computacionales del Álgebra Conmutativa y Cálculo Efectivo de Invariantes: Diseño e Implementación de Algoritmos. Anillos de Funciones y Anillos Topológicos\r\nÁlgebra Lineal sobre Anillos. Teoría de Sistemas y Control.','','','',NULL),(18,'Optimización Dinámica, Finanzas Matemáticas y Utilidad Recursiva','ODFMUR','','','',NULL,'','Creación de un grupo estable de investigación para el estudio de procesos económicos dinámicos, mediante técnicas e instrumentos de disciplinas tales como la Optimización Dinámica, la Programación Dinámica, el Control Óptimo y la Utilidad Recursiva. Dentro de este enfoque se incluyen numerosos modelos dinámicos de decisiva relevancia en Economía tales como los aparecidos en Macroeconomía, Finanzas Matemáticas, Teoría Económica y Teoría de Juegos, entre otros. Las actividades de investigación consideradas suponen la continuación y ampliación de las llevadas a cabo con anterioridad por los miembros del grupo, quienes han formado equipos de investigación estables y competitivos, que han sido financiados en convocatorias públicas en los últimos años. \r\nLas áreas de referencia específicas del grupo son la Optimización Dinámica, las Finanzas Matemáticas y la Utilidad Recursiva. \r\nEntre los objetivos del grupo se destacan (1) promover actividades científicas y académicas (reuniones de trabajo, seminarios, conferencias) con investigadores de reconocido prestigio, profesores y estudiantes; (2) originar el desarrollo y aparición de nuevos resultados, tanto teóricos como aplicados,  en las áreas referidas; (3) suscitar la participación en congresos y reuniones de relevancia internacional, así como la publicación en revistas de referencia de impacto; (3) impulsar la transferencia de los resultados obtenidos a la resolución de problemas económicos dinámicos reales de la sociedad actual. ',48,'Optimización Dinámica. Finanzas Matemáticas. Utilidad Recursiva','','','',NULL),(19,'Preferencias, Elección Social y Ayuda a la Decisión','PRESAD','Unidad de Investigación Consolidada de la Junta de Castilla y León – 031','','Unidad de Investigación Consolidada de la Junta de Castilla y León – 031','','','Este grupo de investigación aborda varios temas colindantes que tienen en común la agregación de información, tanto en la toma de decisiones colectivas como en la generación de índices sintéticos. Los principales objetivos del grupo son el diseño y análisis de: - Sistemas de votación. - Medidas de desigualdad, bienestar y pobreza. - Medidas de consenso. - Formación de grupos y conglomerados.',30,'Ayuda a la decisión. Modelización de preferencias. Elección social.','','','',NULL),(20,'Grupo de Ingeniería Biomédica','INGBIO','Unidad de Investigación Consolidada de la Junta de Castilla y León – 060','','Unidad de Investigación Consolidada de la Junta de Castilla y León – 060','','Adrián Galvez','La finalidad general del grupo es investigar en aplicaciones de la ingeniería a la medicina. Por ello es un grupo multidisciplinar formado principalmente por ingenieros y médicos de diferentes especialidades. Los objetivos principales se describen a continuación: \r\n- Desarrollo de métodos de análisis de señales biomédicas (electroencefalogramas, pruebas cognitivas aplicadas por ordenador, magnetoencefalogramas, electromiogramas) para la ayuda en el diagnóstico de diferentes tipos de patologías: esquizofrenia, enfermedad de Alzheimer, Parkinson y epilepsias. \r\n- Análisis de imágenes de retinografias para la detección automática de las patologías características de la retinopatía diabética: exudados duros, exudados algodonosos, hemorragias y microaneurismas. \r\n- Desarrollo e implantación de servicios de Telemedicina en Oftalmología: Tele-Oftalmología. \r\n- Tecnologías de rehabilitación: desarrollo de sistemas de ayuda a discapacitados o personas con alteraciones del lenguaje y comunicación. Extracción, procesado e interpretación de señales biomédicas para su aplicación al manejo de prótesis mioeléctricas, elementos domóticos, comunicación y capacidades aumentativas. Sistemas implantados y electroestimulación funcional. \r\n- Nuevos sensores e instrumentación médica experimental. \r\n- Medida de radiaciones no ionizantes y exposición. Efectos biológicos.',37,'Análisis de señales biomédicas para la ayuda en el diagnóstico de enfermedades neurodegenerativas. Procesado de imágenes de fondo de ojo para la ayuda en el diagnóstico de la retinopatía diabética. Tecnologías de rehabilitación. Desarrollo de servicios de Tele-Oftalmología. Análisis de señales de oximetría y flujo aéreo para la ayuda en el diagnóstico del síndrome la apnea-hipopnea del sueño (SASH)','','','',NULL),(27,'Análisis Funcional Aplicado','AFA','','','',NULL,'Manuel Nuñez Jiménez','El objetivo fundamental es la aplicación de técnicas avanzadas de Análisis Funcional al estudio de problemas dentro de la Física Matemática, la Teoría de la Señal y teorías matemáticas tales como los desarrollos asintóticos y los sistemas dinámicos. Más específicamente, los miembros del grupo desarrollan sus investigaciones en los siguientes temas:\r\n- Magnetohidrodinámica y Teoría Dinamo. \r\nEstudio del comportamiento de los fluidos conductores, entre los que se incluyen los plasmas, fluidos emisores de luz que constituyen la forma más abundante de materia en el Universo. Su descripción se realiza mediante el empleo de técnicas de análisis matemático, como las ecuaciones de Maxwell-Boltzmann, cuya complejidad hace aconsejable el análisis de un modelo más sencillo, el de la Magnetohidrodinámica, disciplina que estudia la dinámica de fluidos conductores de electricidad mediante la combinación de ecuaciones de Navier-Stokes (describen el movimiento de un fluido) y de electromagnetismo (describen fenómenos electromagnéticos).\r\nEntre las múltiples aplicaciones de esta teoría, el grupo se centra especialmente en fenómenos astrofísicos clásicos y relativistas, en el crecimiento del campo magnético (teoría dinamo) con sus aplicaciones al estudio de la atmósfera solar, y en el confinamiento magnético de plasmas, relevante en el estudio de la fusión nuclear controlada.\r\nInvestigador principal: Manuel Nuñez Jiménez\r\n\r\n- Ondículas, \'Frames\' y aplicaciones al Análisis Armónico y la Teoría de la Señal.\r\nLa teoría de ondículas (wavelets) es una rama de las Matemáticas que sintetiza ideas del ámbito de la Ingeniería, Física, Análisis Numérico y Matemática Pura, y que constituye una importante herramienta en el procesamiento, análisis e interpretación de señales. Objetivos específicos en esta línea de investigación son el desarrollo de técnicas espectrales y su aplicación en el ámbito de la teoría de la señal, en particular, el procesado de imágenes de resonancia magnética y fondo de ojo orientado al diagnóstico.\r\nInvestigadores principales: Félix Galindo Soto y Fernando Gómez Cubillo\r\n\r\n- Teoría asintótica de ecuaciones en derivadas parciales y problemas de perturbación singular. \r\nSe estudia la existencia y el significado analítico de soluciones formales en serie de potencias para diversos tipos de ecuaciones, principalmente diferenciales pero también en q-diferencias-diferenciales o problemas de perturbación singular. Dichas soluciones formales resultan ser representaciones asintóticas de soluciones holomorfas en regiones del plano complejo, que en ocasiones pueden ser reconstruidas mediante procedimientos de sumación. Estas técnicas requieren del estudio de diversos aspectos (transformadas integrales, casianaliticidad, etc.) en el contexto de las clases ultradiferenciables y ultraholomorfas de funciones en una y varias variables, que generalizan las clases clásicas denominadas de Gevrey.\r\nInvestigador principal: Javier Sanz Gil\r\n\r\n- Fundamentos matemáticos de la Física Cuántica.\r\nDesarrollo de técnicas en Análisis Funcional orientadas al estudio de fundamentos matemáticos de la Física Cuántica. En esta línea de investigación se atiende, entre otros, al estudio de la teoría de transformaciones de Dirac -uno de los fundadores de la Mecánica Cuántica-, equipamientos de medidas espectrales, ecuaciones de Lippmann-Schwinger, probabilidad cuántica, análisis infinito-dimensional, irreversibilidad, operadores de tiempo, etc.\r\nInvestigador principal: Fernando Gómez Cubillo',1,'Magnetohidrodinámica, Análisis Armónico y Teoría de ondículas, Desarrollos Asintóticos, Mecánica Cuántica','','','',NULL),(28,'Modelización, Teoría y Análisis Numérico en Problemas de Optimización y Ecuaciones de Evolución','MTANPOEE','','','','','','- Favorecer el desarrollo de la investigación de los miembros del grupo.\r\n- Coordinar el esfuerzo en la gestión de proyectos de los miembros del grupo.\r\n- Fortalecer el debate de ideas para la colaboración entre los miembros del grupo.\r\n- Fomentar la realización conjunta de actividades de carácter investigador y de difusión, como seminarios, visitas de investigadores extranjeros, etc.',36,'Problemas de optimización en espacios ordenados y aplicaciones. Modelización y análisis numérico en la propagación de ondas no lineales. Análisis teórico y numérico de problemas de difusión y su aplicación al procesamiento de imágenes','','','',NULL);

--
-- Table structure for table `incollections`
--

CREATE TABLE `incollections` (
  `id_incollection` int(10) unsigned NOT NULL AUTO_INCREMENT,
  `referencia` varchar(255) COLLATE utf8_unicode_ci DEFAULT NULL,
  `titulo` varchar(255) COLLATE utf8_unicode_ci NOT NULL,
  `tituloLibro` varchar(255) COLLATE utf8_unicode_ci DEFAULT '',
  `series` varchar(255) COLLATE utf8_unicode_ci DEFAULT '',
  `publisher` varchar(255) COLLATE utf8_unicode_ci DEFAULT '',
  `volumen` int(10) unsigned DEFAULT NULL,
  `anho` int(10) unsigned DEFAULT NULL,
  `paginas` varchar(255) COLLATE utf8_unicode_ci DEFAULT '',
  `claseMR` varchar(255) COLLATE utf8_unicode_ci DEFAULT '',
  `numeroMR` varchar(255) COLLATE utf8_unicode_ci DEFAULT '',
  `revisorMR` varchar(255) COLLATE utf8_unicode_ci DEFAULT '',
  `DOI` varchar(255) COLLATE utf8_unicode_ci DEFAULT '',
  `URL` varchar(255) COLLATE utf8_unicode_ci DEFAULT '',
  `CODEN` varchar(255) COLLATE utf8_unicode_ci DEFAULT '',
  `coautores` varchar(255) COLLATE utf8_unicode_ci DEFAULT '',
  `indicadorInc1` varchar(255) COLLATE utf8_unicode_ci DEFAULT '',
  `indicadorInc2` varchar(255) COLLATE utf8_unicode_ci DEFAULT '',
  `indicadorInc3` varchar(255) COLLATE utf8_unicode_ci DEFAULT '',
  PRIMARY KEY (`id_incollection`),
  UNIQUE KEY `referencia` (`referencia`)
) ENGINE=InnoDB AUTO_INCREMENT=51 DEFAULT CHARSET=utf8 COLLATE=utf8_unicode_ci;

--
-- Dumping data for table `incollections`
--

INSERT INTO `incollections` VALUES (2,NULL,'Global Warming and R&D-Based Growth in a Trade Model between Environmentally Sensitive and Environmentally Neglectful Countries','The Oxford Handbook of the Macroeconomics of Climate Change, W. Semmler and L. Bernard (eds.).','.ISBN 978-0-19-985697','',0,2015,'222 - 247','','','','','','','F. Cabo; G. Martín-Herrán; M.P. Martínez-García.','','',''),(3,NULL,'On the Effect of Resource Exploitation on Growth: Domestic Innovation vs. Technological Diffusion Through Trade','Dynamic Optimization in Environmental Economics, E. Moser, W. Semmler, G. Tragler and V. Veliov (eds.)','','',0,2014,'243 - 264','','','','','','','F. Cabo; G. Martín-Herrán; M.P. Martínez-García.','','',''),(8,'MR3051171','Monomial inequalities for Newton coefficients and determinantal inequalities for p-Newton matrices','Notions of positivity and the geometry of polynomials','Trends Math.','',0,2011,'275--282','15B36 (11C20 15A45)','3051171','Tin-Yau Tam','10.1007/978-3-0348-0142-3_15','http://dx.doi.org/10.1007/978-3-0348-0142-3_15','','Johnson, C. R. and Marijuán, C. and Pisonero, M. and Walch, O.','','',''),(10,'MR3051927','Some advances on image processing by means of fractional calculus','Nonlinear science and complexity','','',0,2011,'265--271','94A08 (26A33 35R11)','3051927','','10.1007/978-90-481-9884-9_31','http://dx.doi.org/10.1007/978-90-481-9884-9_31','','Cuesta, E.','','',''),(11,'MR3515666','On sufficient conditions for the RNIEP and their margins of realizability','Conference on Discrete Mathematics and Computer Science (Spanish)','Electron. Notes Discrete Math.','',46,2014,'201--208','15A29 (15A18)','3515666','','10.1016/j.endm.2014.08.027','http://dx.doi.org/10.1016/j.endm.2014.08.027','','Marijuán, C. and Pisonero, M.','','',''),(12,'MR2523381','Digraphic realizability of polynomials of the form $x^n+k_px^n-p+dots+k_n-1x+k_n$ with $p>1$','Sixth Conference on Discrete Mathematics and Computer Science (Spanish)','','',0,2008,'453--460','15B48','2523381','','','','','Marijuán, C. and Pisonero, M.','','',''),(13,'MR2523380','Necessary conditions for a polynomial to be the characteristic polynomial of a weighted digraph','Sixth Conference on Discrete Mathematics and Computer Science (Spanish)','','',0,2008,'445--452','05C20 (05C50)','2523380','','','','','Marijuán, C. and Pisonero, M.','','',''),(14,'MR2325978','Relations between sufficient conditions in the nonnegative inverse real spectral problem','Fifth Conference on Discrete Mathematics and Computer Science (Spanish)','Ciencias (Valladolid)','',23,2006,'335--342','15A18','2325978','','','','','Marijuán López, C. and Pisonero Pérez, M.','','',''),(15,'MR3477527','Nonlinear scalarizations of set optimization problems with set orderings','Set optimization and applications---the state of the art','Springer Proc. Math. Stat.','',151,2015,'43--63','90C29 (49J53 90C48)','3477527','Phan Quoc Khánh','10.1007/978-3-662-48670-2_2','http://dx.doi.org/10.1007/978-3-662-48670-2_2','','Gutiérrez, César and Jiménez, Bienvenido and Novo, Vicente','','',''),(16,'','Scalarization of set-valued optimization problems in normed spaces','Modelling, Computation and Optimization in Information Systems and Management Sciences','Advances in Intelligent Systems and Computing','',359,2015,'505--512','','','','','','','C. Gutiérrez, B. Jiménez, E. Miglierina, and E. Molho','','',''),(27,'ISBN 978-84-15770-81-7','A decision model for a newsvendor inventory problem with an extraordinary order','','Monografías matemáticas García de Galdeano','',38,2013,'107-116','','','','','','','Valentín Pando; Luis A. San-José; Juan García-Laguna; Joaquín Sicilia','','',''),(28,'MR1882144','A fuzzy Borda count in multi-person decision making','Multiple objective and goal programming (Ustro\'n, 2000)','Adv. Soft Comput.','',0,2002,'46--60','90B50 (90C29 90C70)','1882144','','','','','García-Lapresta, José Luis and Martínez-Panero, Miguel','','',''),(29,'MR2778302','Generating OWA weights from individual assessments','Recent developments in the ordered weighted averaging operators: theory and practice','Stud. Fuzziness Soft Comput.','',265,2011,'135--147','91B06 (26E50)','2778302','','10.1007/978-3-642-17910-5_7','http://dx.doi.org/10.1007/978-3-642-17910-5_7','','García-Lapresta, José Luis and Llamazares, Bonifacio and Pe~na, Teresa','','',''),(31,'ISBN: 962-8286-11-0','A Newsboy Model for Impatient Customers where the Backlogged Demand Ratio is a Truncated Rational Function','Proceedings of Abstracts and Papers of The 13th Asia Pacific Industrial Engineering and Management Systems Conference 2012','','',0,2012,'2079-2086','','','','','','','Luis A. San-José; Joaquín Sicilia-Rodríguez; Valentín Pando; Juan García-Laguna','','',''),(32,'ISBN 962-8286-11-0','A Stochastic Inventory Model with Potential Backorder Rate Function and Demand Exponentially Distributed.','Proceedings of 12th Asia Pacific Industrial Engineering & Management Systems Conference','','',0,2011,'518-522','','','','','','','J. Sicilia; V. Pando; L. A. San-José; J. García-Laguna','','',''),(33,'MR2882676','Minimal free resolutions for certain affine monomial curves','Commutative algebra and its connections to geometry','Contemp. Math.','',555,2011,'87--95','13D02 (13C40)','2882676','Petter Andreas Bergh','10.1090/conm/555/10991','http://dx.doi.org/10.1090/conm/555/10991','','Gimenez, Philippe and Sengupta, Indranath and Srinivasan, Hema','','',''),(38,'ISBN 978-612-317-056-1','Introducción a las bases de Gröbner y algunas de sus aplicaciones','VI Escuela Doctoral Intercontinental de Matemáticas (PUCP-UVA, 2013)','','',0,2014,'137-183','','','','','','','Philippe Gimenez','','',''),(39,'DOI 10.1145/2429135.2429171','Monomialideal.lib','','ACM Communications in Computer Algebra Issue 182','',46,2013,'160-161','','','','10.1145/2429135.2429171','','','Isabel Bermejo, Eva García-Llorente, Philippe Gimenez','','',''),(40,'MR3884067','$SU(2)$, associated Laguerre polynomials and rigged Hilbert spaces','Quantum theory and symmetries with Lie theory and its applications in physics. Vol. 2','Springer Proc. Math. Stat.','',255,2018,'373--383','22E45 (22E60 33C55 33D80)','3884067','Sergei S. Platonov','','','','Celeghini, Enrico and Gadella, Manuel and del Olmo, Mariano A.','','',''),(41,'MR3793200','An optimal transportation approach for assessing almost stochastic order','The mathematics of the uncertain','Stud. Syst. Decis. Control','',142,2018,'33--44','62G10 (60B10 60E15)','3793200','Natalia Stepanova','','','','del Barrio, Eustasio and Cuesta-Albertos, Juan A. and Matr\'an, Carlos','','',''),(42,'MR3839812','The metric structure of linear codes','Singularities, algebraic geometry, commutative algebra, and related topics','','',0,2018,'537--561','94B05 (94B27)','3839812','Juan Antonio L\'opez-Ramos','','','','Ruano, Diego','','',''),(43,'MR3696640','Geometric and computational approach to classical and quantum secret sharing','Applications of computer algebra','Springer Proc. Math. Stat.','',198,2017,'267--272','94A62','3696640','','','','','Matsumoto, Ryutaroh and Ruano, Diego','','',''),(44,'MR2580848','The order bound for toric codes','Applied algebra, algebraic algorithms, and error-correcting codes','Lecture Notes in Comput. Sci.','',5527,2009,'1--10','94B27 (14G50)','2580848','Caleb McKinley Shor','10.1007/978-3-642-02181-7_1','https://doi.org/10.1007/978-3-642-02181-7_1','','Beelen, Peter and Ruano, Diego','','',''),(45,'MR2509127','Toric codes','Advances in algebraic geometry codes','Ser. Coding Theory Cryptol.','',5,2008,'295--322','14G50 (14M25 94B27)','2509127','Zlatko G. Varbanov','10.1142/9789812794017_0008','https://doi.org/10.1142/9789812794017_0008','','Martínez-Moro, Edgar and Ruano, Diego','','',''),(46,'MR2325990','Some algorithms for computing the minimum distance of evaluation codes','Fifth Conference on Discrete Mathematics and Computer Science (Spanish)','Ciencias (Valladolid)','',23,2006,'421--428','94B05','2325990','','','','','Ruano, D.','','',''),(49,'P-O. Pineau, S.P. Sigué and S. Taboubi (eds.). pp. 15-39, Springer, 2019. ISBN 978-3-030-19106-1  ','On the Modelling of Price Effects in the Diffusion of Optimal Contingent Products','Games in Management Science. Essays in Honor of Georges Zaccour','','',0,2019,'15-39','','','','','','',' Guiomar Martín-Herrán & Sihem Taboubi','','',''),(50,'P-O. Pineau, S.P. Sigué and S. Taboubi (eds.). pp. 187-204, Springer, 2019. ISBN 978-3-030-19106-1  ','Non-linear Incentive Equilibrium Strategies for a Transboundary Pollution Differential Games','Games in Management Science. Essays in Honor of Georges Zaccour','','',0,2019,'187-204','','','','','','','Javier de Frutos & Guiomar Martín-Herrán','','','');

--
-- Table structure for table `investigador_articulos`
--

CREATE TABLE `investigador_articulos` (
  `id_investigador` int(10) unsigned NOT NULL,
  `id_articulo` int(10) unsigned NOT NULL,
  KEY `investigador_articulos_id_articulo_foreign` (`id_articulo`),
  KEY `investigador_articulos_id_investigador_foreign` (`id_investigador`),
  CONSTRAINT `investigador_articulos_id_articulo_foreign` FOREIGN KEY (`id_articulo`) REFERENCES `articulos` (`id_articulo`) ON DELETE CASCADE,
  CONSTRAINT `investigador_articulos_id_investigador_foreign` FOREIGN KEY (`id_investigador`) REFERENCES `investigadores` (`id_investigador`) ON DELETE NO ACTION
) ENGINE=InnoDB DEFAULT CHARSET=utf8 COLLATE=utf8_unicode_ci;

--
-- Dumping data for table `investigador_articulos`
--

INSERT INTO `investigador_articulos` VALUES (2,1),(2,2),(2,3),(2,4),(2,5),(2,6),(2,7),(2,8),(2,9),(2,10),(2,11),(2,12),(2,13),(2,14),(2,15),(3,16),(3,17),(3,18),(3,19),(3,20),(3,21),(3,22),(3,23),(3,24),(3,25),(3,26),(3,27),(3,28),(3,29),(3,30),(3,31),(3,32),(3,33),(3,34),(3,35),(3,36),(3,37),(3,38),(3,39),(4,40),(4,41),(4,42),(4,43),(4,44),(4,45),(5,46),(5,47),(5,48),(5,49),(5,50),(5,51),(5,52),(5,53),(5,54),(6,55),(6,10),(6,57),(6,58),(6,12),(6,60),(6,61),(6,62),(6,63),(6,64),(6,65),(6,66),(6,67),(6,68),(6,13),(6,70),(6,71),(6,72),(6,73),(6,74),(6,75),(6,76),(6,14),(6,15),(6,79),(6,80),(6,81),(7,82),(7,83),(7,84),(7,85),(7,86),(7,87),(7,88),(7,89),(7,90),(7,91),(7,92),(7,93),(7,94),(8,95),(8,96),(8,97),(9,98),(9,99),(9,100),(9,101),(9,102),(9,103),(9,104),(9,105),(9,106),(9,107),(9,41),(9,109),(9,110),(9,111),(9,112),(9,42),(9,114),(9,43),(9,116),(9,44),(9,45),(9,119),(10,120),(10,121),(10,122),(10,123),(11,124),(11,125),(11,126),(11,127),(11,128),(11,129),(11,130),(11,131),(11,132),(11,133),(11,134),(11,135),(11,136),(11,137),(11,138),(11,139),(11,140),(11,141),(11,142),(11,143),(11,144),(11,145),(11,146),(12,147),(12,148),(12,149),(12,150),(12,151),(12,152),(12,153),(12,154),(12,155),(12,156),(12,157),(12,158),(12,159),(12,160),(12,161),(12,162),(12,163),(12,164),(12,165),(12,166),(12,167),(12,168),(12,169),(12,170),(12,171),(12,172),(12,173),(12,174),(12,175),(12,176),(12,177),(12,178),(12,179),(12,180),(12,181),(12,182),(12,183),(12,184),(12,185),(12,186),(12,187),(12,188),(12,189),(12,190),(12,191),(12,192),(12,193),(12,194),(12,195),(12,196),(12,197),(12,198),(12,199),(12,200),(12,201),(12,202),(12,203),(12,204),(12,205),(12,206),(13,207),(13,208),(13,209),(13,210),(13,211),(13,212),(13,213),(13,214),(13,215),(13,216),(13,217),(13,218),(13,219),(13,220),(13,221),(13,222),(13,223),(13,224),(13,225),(13,226),(13,227),(13,228),(13,229),(13,230),(13,231),(13,232),(13,233),(13,234),(13,235),(13,236),(13,237),(14,238),(14,239),(14,240),(14,241),(14,242),(14,243),(15,244),(15,245),(15,246),(15,247),(15,19),(15,20),(15,250),(15,251),(15,26),(15,253),(15,254),(15,28),(15,29),(15,31),(15,258),(15,32),(15,33),(15,261),(15,262),(15,263),(15,264),(15,265),(15,266),(17,267),(17,268),(17,269),(17,141),(17,271),(18,148),(18,273),(18,274),(18,275),(18,150),(18,157),(18,158),(18,159),(18,171),(18,281),(18,282),(18,174),(18,175),(18,176),(18,182),(18,287),(18,288),(18,289),(18,188),(18,190),(18,192),(18,196),(18,294),(18,197),(18,198),(18,199),(18,201),(18,202),(18,203),(18,205),(18,206),(19,303),(19,304),(19,305),(19,306),(19,307),(19,308),(19,309),(19,310),(19,311),(19,312),(20,313),(20,247),(20,315),(20,250),(20,251),(20,318),(20,319),(20,320),(20,321),(20,322),(20,46),(20,47),(20,325),(20,48),(20,49),(20,50),(20,36),(20,51),(20,52),(20,53),(20,337),(20,54),(21,339),(21,340),(21,341),(21,342),(21,343),(21,344),(21,345),(21,346),(21,204),(22,170),(22,177),(22,183),(22,186),(22,193),(22,361),(22,362),(22,365),(22,378),(23,379),(23,380),(23,381),(23,382),(23,383),(23,384),(23,385),(23,386),(23,387),(23,388),(23,389),(23,390),(23,391),(24,392),(25,393),(25,394),(25,395),(25,396),(25,397),(25,398),(25,399),(25,400),(25,401),(25,402),(25,138),(25,404),(25,405),(25,406),(25,407),(25,408),(25,409),(25,410),(25,411),(25,412),(25,413),(25,414),(25,415),(25,416),(25,417),(25,418),(25,419),(25,420),(25,421),(25,422),(25,423),(25,424),(25,425),(25,426),(25,427),(25,428),(26,429),(26,430),(26,431),(26,432),(26,433),(26,434),(26,436),(26,437),(26,439),(26,440),(26,441),(26,442),(26,443),(26,444),(26,445),(26,446),(26,447),(26,450),(26,452),(26,453),(26,454),(26,455),(26,456),(30,457),(30,458),(30,459),(30,460),(30,461),(30,462),(30,463),(30,464),(30,465),(30,466),(30,467),(30,468),(30,469),(30,470),(31,471),(31,164),(31,474),(31,185),(31,477),(31,478),(31,479),(31,480),(31,481),(31,482),(31,483),(31,484),(31,485),(31,486),(31,487),(33,488),(33,489),(33,490),(33,491),(33,492),(33,493),(33,494),(33,495),(34,496),(34,497),(34,429),(34,430),(34,431),(34,501),(34,502),(34,503),(34,432),(34,433),(34,434),(34,436),(34,437),(34,439),(34,440),(34,441),(34,512),(34,442),(34,514),(34,443),(34,445),(34,517),(34,518),(34,447),(34,450),(34,452),(34,453),(34,454),(34,524),(34,455),(34,456),(36,532),(36,533),(36,534),(36,535),(36,536),(36,537),(36,538),(36,539),(36,540),(36,541),(36,542),(36,543),(36,544),(37,545),(38,546),(38,547),(38,548),(38,549),(38,550),(38,551),(38,552),(38,553),(38,554),(38,555),(38,556),(38,557),(38,558),(38,559),(38,560),(38,561),(38,562),(39,564),(39,565),(39,566),(39,567),(39,568),(39,569),(39,465),(39,571),(39,572),(39,573),(39,574),(39,575),(40,576),(40,577),(40,578),(40,579),(40,580),(40,581),(40,55),(40,6),(40,7),(40,585),(40,8),(40,9),(40,10),(40,57),(40,58),(40,11),(40,12),(40,60),(40,61),(40,62),(40,63),(40,64),(40,65),(40,67),(40,68),(40,13),(40,602),(40,71),(40,72),(40,73),(40,74),(40,75),(40,76),(40,14),(40,15),(40,79),(40,80),(40,81),(40,614),(41,615),(41,616),(41,129),(41,618),(41,619),(41,399),(41,315),(41,318),(41,12),(41,322),(41,64),(41,65),(41,67),(41,68),(41,13),(41,72),(41,73),(41,75),(41,76),(41,14),(41,15),(41,79),(41,80),(41,81),(42,155),(42,162),(42,163),(42,642),(42,643),(43,644),(43,645),(43,646),(43,647),(43,648),(43,649),(43,120),(43,651),(43,652),(43,121),(43,654),(43,122),(43,656),(43,657),(43,658),(43,659),(43,660),(43,123),(43,662),(43,663),(43,664),(43,665),(43,666),(43,428),(43,668),(43,669),(45,670),(45,671),(45,672),(45,673),(45,674),(45,675),(46,676),(46,677),(46,678),(46,679),(46,682),(46,683),(46,684),(46,685),(46,686),(46,687),(46,688),(46,689),(46,690),(46,691),(46,692),(46,693),(46,694),(46,695),(46,696),(46,697),(46,698),(46,699),(46,700),(46,701),(46,702),(46,703),(46,704),(46,705),(46,706),(46,707),(46,708),(46,709),(46,710),(46,712),(46,713),(46,365),(46,715),(46,716),(46,717),(46,718),(46,719),(46,720),(46,721),(46,722),(47,458),(47,468),(48,7),(48,8),(48,11),(48,73),(48,76),(49,730),(49,732),(49,733),(49,734),(49,735),(49,736),(49,737),(49,738),(49,739),(49,740),(49,741),(49,742),(49,743),(49,98),(49,429),(49,746),(49,99),(49,100),(49,431),(49,501),(49,502),(49,752),(49,753),(49,754),(49,503),(49,756),(49,757),(49,758),(49,759),(49,760),(49,761),(49,432),(49,763),(49,101),(49,102),(49,103),(49,104),(49,105),(49,436),(49,107),(49,771),(49,41),(49,437),(49,109),(49,112),(49,42),(49,114),(49,43),(49,116),(49,450),(49,44),(49,45),(49,453),(49,456),(50,436),(50,771),(50,437),(50,442),(50,443),(50,444),(50,445),(50,446),(50,447),(50,450),(50,452),(50,453),(50,454),(50,455),(50,456),(51,457),(52,801),(52,678),(52,803),(52,804),(52,805),(52,806),(52,807),(52,808),(52,809),(52,810),(52,811),(52,812),(52,813),(52,814),(52,815),(52,816),(52,817),(52,818),(52,819),(52,820),(52,821),(52,822),(52,823),(52,824),(52,825),(52,826),(52,827),(52,828),(52,829),(52,830),(53,831),(53,832),(53,678),(53,834),(53,183),(53,836),(53,837),(53,838),(53,839),(53,840),(53,841),(53,842),(53,365),(53,844),(53,845),(54,846),(54,847),(54,848),(54,849),(54,850),(54,851),(54,852),(54,853),(54,854),(54,855),(54,856),(54,857),(54,858),(55,860),(55,862),(55,865),(55,866),(55,850),(55,868),(55,869),(55,870),(55,871),(55,872),(55,853),(55,874),(55,855),(55,876),(55,93),(55,856),(55,857),(55,880),(56,881),(56,882),(56,883),(56,884),(56,885),(56,887),(56,888),(56,889),(56,890),(56,891),(56,893),(56,894),(56,895),(56,896),(56,898),(56,899),(56,900),(56,901),(56,902),(56,903),(56,904),(56,905),(56,906),(56,907),(56,908),(56,909),(56,910),(56,911),(56,912),(56,913),(56,914),(56,915),(56,82),(56,83),(56,919),(56,920),(56,921),(56,84),(56,85),(56,86),(56,925),(56,926),(56,928),(56,929),(56,930),(56,931),(56,932),(56,933),(56,935),(56,936),(56,937),(56,938),(56,939),(56,940),(56,941),(56,87),(56,88),(56,944),(56,945),(56,89),(56,90),(56,948),(56,91),(56,950),(56,951),(56,952),(56,953),(56,92),(56,955),(56,956),(56,957),(56,958),(56,959),(56,960),(56,961),(56,962),(56,964),(56,965),(56,966),(56,967),(56,968),(56,969),(56,970),(56,971),(56,972),(56,973),(56,974),(56,94),(56,976),(57,977),(57,396),(57,979),(57,397),(58,981),(58,982),(58,983),(58,16),(58,985),(58,986),(58,987),(58,988),(58,989),(58,489),(58,490),(58,992),(58,18),(58,994),(58,995),(58,267),(58,268),(58,23),(58,999),(58,135),(58,1001),(58,1002),(58,491),(58,1004),(58,1005),(58,492),(58,141),(58,142),(58,271),(58,1010),(58,1011),(60,569),(60,574),(63,1014),(63,1015),(63,706),(63,710),(63,712),(64,1020),(64,1021),(64,1022),(64,642),(65,1024),(65,134),(65,140),(65,34),(65,35),(65,37),(65,39),(67,1031),(67,180),(68,1033),(68,1034),(68,1035),(68,1036),(68,1037),(68,1038),(69,1039),(69,1040),(70,1041),(70,1042),(70,1043),(70,379),(70,380),(70,381),(70,382),(70,383),(70,1049),(70,1050),(70,384),(70,385),(70,386),(70,40),(70,387),(70,388),(70,390),(70,1058),(70,1059),(70,1060),(70,391),(70,1062),(71,1063),(71,1064),(71,1065),(72,1066),(72,1067),(72,1041),(72,1069),(72,1042),(72,1043),(72,1072),(72,1073),(72,379),(72,380),(72,381),(72,382),(72,383),(72,1079),(72,1049),(72,1050),(72,384),(72,385),(72,387),(72,388),(72,389),(72,390),(72,391),(73,1089),(73,1090),(73,1091),(73,1092),(73,1093),(73,1094),(73,1095),(73,1096),(73,1097),(73,1098),(73,1099),(74,1100),(74,1101),(74,1102),(74,93),(75,881),(75,883),(75,884),(75,1107),(75,888),(75,889),(75,890),(75,891),(75,894),(75,895),(75,899),(75,900),(75,903),(75,905),(75,906),(75,1120),(75,1121),(75,1122),(75,1123),(75,1124),(75,1125),(75,1126),(75,919),(75,1128),(75,1129),(75,929),(75,930),(75,931),(75,932),(75,933),(75,936),(75,1138),(75,1139),(75,1140),(75,1141),(75,1142),(75,1143),(75,1144),(75,1145),(75,1146),(75,1147),(75,1148),(75,1149),(75,1150),(75,1151),(75,1152),(75,1153),(75,1154),(75,1155),(75,1156),(75,1157),(75,1158),(75,1159),(75,1160),(75,1161),(75,1162),(75,1163),(75,1164),(75,1165),(75,1166),(75,1167),(75,1168),(75,1169),(75,1170),(75,1171),(75,1172),(75,1173),(75,1174),(76,862),(76,868),(76,869),(76,870),(76,852),(76,871),(76,872),(76,853),(76,874),(76,876),(76,856),(76,857),(76,880),(77,1193),(77,1194),(77,1195),(77,1196),(77,1197),(77,1198),(77,1199),(77,1200),(77,1201),(77,1203),(77,1204),(77,1205),(77,1206),(77,1207),(77,1208),(77,1209),(77,1210),(77,1211),(77,1212),(77,1213),(77,1214),(77,1215),(77,1216),(77,1217),(77,1218),(77,1219),(77,1220),(77,1221),(77,1222),(77,1223),(77,1224),(77,1225),(77,1226),(77,1227),(77,1228),(77,1229),(77,1230),(77,1231),(77,1232),(77,1233),(77,1234),(77,1235),(77,1236),(77,1237),(77,825),(77,1239),(77,1240),(77,1241),(77,1242),(77,1243),(77,1244),(77,1245),(77,1246),(77,1247),(77,1248),(77,1249),(77,1250),(77,1251),(77,1252),(77,1253),(77,1254),(77,1255),(77,1256),(77,1257),(78,1258),(78,1259),(78,1260),(78,1261),(78,219),(78,1263),(78,1264),(78,1265),(78,1266),(78,1267),(78,1268),(78,1269),(78,1270),(78,1271),(78,1272),(78,223),(78,1274),(78,1275),(78,1276),(78,1278),(78,1279),(78,1280),(78,1281),(78,224),(78,1283),(78,1284),(78,1285),(78,1286),(78,1288),(78,1289),(78,1290),(78,1291),(78,1292),(78,1293),(78,1294),(78,1295),(78,1296),(78,1297),(78,1298),(78,1299),(78,228),(78,1301),(78,1302),(78,1303),(78,1304),(78,1305),(78,1306),(78,1307),(78,1308),(78,1309),(78,1310),(78,1311),(78,1312),(78,1313),(78,1314),(78,1315),(78,1316),(78,1317),(78,1318),(78,1319),(78,1320),(78,1321),(78,1322),(78,1323),(78,1324),(78,1325),(79,1326),(79,1327),(79,1328),(79,981),(79,1330),(79,982),(79,1),(79,1333),(79,393),(79,1335),(79,2),(79,1337),(79,1338),(79,1339),(79,576),(79,977),(79,1342),(79,1343),(79,1344),(79,1345),(79,1346),(79,1347),(79,1348),(79,1349),(79,1350),(79,1351),(79,1352),(79,983),(79,1354),(79,1355),(79,1356),(79,124),(79,1358),(79,125),(79,126),(79,3),(79,127),(79,1363),(79,395),(79,1365),(79,1366),(79,1367),(79,1368),(79,4),(79,1370),(79,1371),(79,1372),(79,396),(79,1374),(79,979),(79,397),(79,5),(79,1378),(79,1379),(79,1380),(79,1381),(79,1382),(79,1383),(79,313),(79,129),(79,244),(79,1387),(79,245),(79,618),(79,398),(79,1391),(79,619),(79,1024),(79,399),(79,1395),(79,320),(79,1397),(79,139),(79,1399),(79,1400),(79,1401),(79,1402),(79,1403),(79,1404),(79,1405),(79,1406),(79,1407),(79,1408),(79,144),(79,1410),(79,145),(79,146),(79,1413),(79,1414),(79,1415),(81,1416),(81,149),(81,1419),(81,1420),(81,1421),(81,1422),(81,1423),(81,1424),(81,178),(81,1426),(81,1427),(81,195),(81,1429),(81,1430),(81,1431),(81,1432),(81,1433),(82,893),(82,898),(82,1437),(82,902),(82,907),(82,909),(82,1441),(82,911),(82,1443),(82,1444),(82,1445),(82,920),(82,921),(82,1128),(82,926),(82,1450),(82,1451),(82,1452),(82,1453),(82,935),(82,1455),(82,1456),(82,1457),(82,938),(82,1459),(82,1460),(82,944),(82,948),(82,950),(82,1464),(82,951),(82,1466),(82,1467),(82,1468),(82,1469),(82,1470),(82,955),(82,1472),(82,1473),(82,1474),(82,957),(82,1476),(82,1477),(82,1150),(82,959),(82,1480),(82,1481),(82,1482),(82,1483),(82,1484),(82,1485),(82,1486),(82,1487),(82,1488),(82,1489),(82,1490),(82,1491),(82,1492),(82,964),(82,1494),(82,965),(82,971),(82,1168),(82,1499),(82,973),(82,1502),(82,974),(82,1504),(82,1505),(82,1173),(83,1507),(83,1508),(83,1509),(83,1510),(83,1511),(83,1512),(83,900),(83,1514),(83,1515),(83,1516),(83,904),(83,1441),(83,1519),(83,1520),(83,1443),(83,1522),(83,1125),(83,1128),(83,1451),(83,1452),(83,1527),(83,1455),(83,1457),(83,1530),(83,1531),(83,1459),(83,1533),(83,1534),(83,1460),(83,1536),(83,1464),(83,1538),(83,1466),(83,1467),(83,1468),(83,1469),(83,1470),(83,1544),(83,1473),(83,1474),(83,1476),(83,1484),(83,1551),(83,1486),(83,1553),(83,1554),(83,1487),(83,1488),(83,1557),(83,1490),(83,1491),(83,1492),(83,1494),(83,1562),(83,1563),(83,1564),(83,1565),(83,1566),(83,1567),(83,1568),(83,1504),(83,1505),(83,1173),(83,1572),(83,1574),(83,1576),(84,1577),(84,1578),(84,1579),(84,1580),(84,1581),(84,1582),(84,1583),(84,1584),(84,1585),(84,1586),(84,1587),(84,1588),(84,1589),(84,1590),(84,1591),(84,1592),(84,1593),(84,1594),(84,1595),(84,1596),(84,1597),(84,1598),(84,1599),(84,1600),(84,1601),(84,976),(85,1603),(85,1604),(85,1415),(86,1606),(86,1607),(86,1608),(86,1612),(86,1613),(86,1614),(86,1615),(86,1616),(86,1617),(86,1618),(86,1619),(86,1621),(86,1622),(86,1623),(86,1624),(86,1625),(86,1627),(86,1631),(86,1632),(86,1633),(86,1634),(86,1636),(86,1637),(87,1638),(87,1507),(87,1509),(87,1641),(87,1510),(87,1511),(87,901),(87,904),(87,1646),(87,1647),(87,1648),(87,1649),(87,1650),(87,1651),(87,1652),(87,1653),(87,1606),(87,1655),(87,939),(87,1607),(87,1608),(87,1659),(87,1661),(87,1662),(87,1473),(87,1476),(87,1477),(87,1666),(87,1613),(87,1150),(87,1669),(87,1616),(87,1483),(87,1485),(87,1673),(87,1623),(87,1675),(87,1676),(87,1677),(87,967),(87,1624),(87,1680),(87,1681),(87,1682),(87,1683),(87,1684),(87,1625),(87,1686),(87,1168),(87,1688),(87,1690),(87,1691),(87,1629),(87,1693),(87,1566),(87,1567),(87,1568),(87,1505),(87,1173),(87,1572),(87,1632),(87,1701),(87,1702),(87,1637),(87,1704),(87,1576),(87,1706),(87,1707),(4,1709),(9,1709),(49,1709),(12,1714),(18,1714),(26,1715),(34,1715),(50,1715),(97,1716),(55,1717),(76,1717),(55,1718),(55,1719),(55,1721),(54,1721),(55,1722),(54,1722),(55,1723),(55,1724),(54,1724),(76,1724),(55,1725),(55,1726),(43,1727),(43,1728),(10,1729),(43,1729),(10,1730),(43,1730),(43,1731),(43,1732),(10,1733),(43,1733),(10,1734),(43,1734),(43,1735),(43,1736),(15,1744),(20,1746),(20,1747),(79,1750),(79,1751),(39,1752),(39,1753),(39,1754),(39,1755),(39,1758),(39,1759),(6,1760),(40,1760),(41,1760),(48,1760),(20,1762),(58,1762),(20,1763),(10,1764),(10,1766),(10,1767),(43,1767),(10,1768),(29,1768),(49,1770),(4,1770),(9,1770),(4,1771),(12,1773),(42,1774),(42,1775),(64,1775),(42,1776),(64,1776),(42,1777),(42,1778),(42,1779),(64,1779),(42,1780),(64,1780),(42,1781),(64,1781),(42,1782),(42,1783),(64,1783),(42,1784),(64,1784),(63,1785),(63,1787),(63,1788),(63,1789),(25,1795),(25,1796),(25,1797),(25,1798),(25,1800),(25,1801),(79,1800),(11,1799),(25,1799),(55,1807),(54,1807),(55,1808),(55,1809),(11,1810),(79,1810),(55,1811),(76,1811),(11,1812),(79,1812),(54,1813),(55,1813),(54,1814),(55,1814),(55,1815),(36,1816),(36,1817),(36,1818),(36,1819),(36,1820),(36,1822),(76,1825),(54,1825),(55,1825),(55,1827),(54,1827),(76,1827),(42,1829),(64,1829),(18,1831),(12,1831),(81,1833),(81,1838),(53,1840),(32,1845),(48,1845),(32,1846),(48,1846),(32,1847),(48,1847),(32,1848),(48,1848),(32,1849),(48,1849),(37,1851),(66,1851),(37,1852),(53,1853),(37,1854),(66,1854),(37,1855),(66,1855),(37,1856),(66,1856),(37,1857),(5,1861),(20,1861),(21,1862),(66,1863),(22,1864),(22,1865),(54,1867),(54,1868),(54,1869),(55,1869),(21,1873),(21,1874),(55,1879),(30,1886),(30,1887),(30,1888),(8,1890),(17,1892),(17,1894),(42,1895),(64,1895),(8,1896),(17,1898),(42,1897),(17,1902),(17,1903),(17,1904),(61,1905),(61,1907),(17,1908),(61,1909),(61,1910),(64,1912),(61,1916),(61,1917),(36,1918),(36,1919),(36,1920),(49,1923),(50,1923),(33,1925),(73,1926),(73,1927),(73,1928),(73,1929),(73,1930),(47,1932),(78,1933),(78,1935),(78,1936),(60,1937),(39,1937),(37,1850),(3,1938),(26,1939),(23,1939),(26,1940),(23,1940),(8,1942),(8,1943),(26,1944),(23,1944),(26,1945),(23,1945),(8,1946),(26,1947),(50,1947),(8,1948),(8,1949),(70,1950),(23,1950),(23,1951),(23,1952),(70,1952),(23,1953),(70,1953),(23,1954),(70,1954),(72,1954),(23,1955),(70,1955),(23,1956),(70,1956),(37,1957),(37,1958),(66,1958),(66,1959),(37,1959),(37,1960),(37,1961),(66,1961),(37,1962),(66,1962),(37,1963),(37,1964),(66,1965),(37,1965),(37,1966),(66,1966),(37,1967),(37,1968),(37,1969),(66,1970),(37,1970),(37,1971),(37,1972),(66,1973),(37,1973),(66,1974),(37,1974),(37,1975),(37,1976),(66,1976),(37,1978),(37,1979),(66,1980),(37,1980),(66,1981),(37,1981),(37,1982),(37,1983),(66,1984),(37,1984),(50,1985),(50,1986),(50,1987),(37,1988),(37,1989),(37,1990),(37,1991),(37,1992),(66,1993),(37,1993),(37,1994),(37,1995),(37,1996),(66,1997),(37,1997),(37,1998),(37,1999),(37,2000),(66,2002),(37,2002),(34,2001),(37,2003),(37,2004),(37,2005),(37,2006),(37,2007),(30,2009),(30,2010),(30,2011),(5,2012),(5,2013),(5,2014),(5,2015),(5,2016),(5,2017),(5,2018),(5,2019),(5,2020),(31,2021),(77,2022),(70,2023),(70,2024),(70,2025),(70,2027),(70,2028),(93,2029),(77,2029),(77,2030),(77,2031),(83,2032),(83,2033),(83,2035),(83,2036),(83,2037),(83,2038),(83,2039),(83,2040),(83,2041),(87,2043),(82,2043),(87,2044),(87,2045),(83,2045),(87,2046),(87,2047),(82,2047),(87,2048),(82,2048),(87,2049),(56,2049),(87,2050),(38,2052),(38,2053),(75,2056),(46,2057),(63,2057),(43,2058),(43,2059),(25,2060),(43,2060),(4,2065),(9,2065),(49,2065),(9,2068),(26,2069),(34,2069),(50,2069),(26,2070),(50,2070),(26,2071),(23,2071),(26,2072),(34,2072),(26,2073),(50,2073),(26,2074),(50,2074),(26,2075),(50,2075),(43,2077),(25,2077),(43,2078),(43,2079),(43,2080),(43,2082),(43,2083),(9,2085),(110,2395),(110,2396),(110,2397),(110,2398),(110,2399),(110,2400),(110,2401),(110,2402),(110,2404),(110,2405),(110,2406),(46,2406),(110,2407),(110,2408),(110,2409),(110,2410),(110,2411),(110,2412),(110,2413),(110,2414),(110,2415),(110,2416),(110,2417),(110,2418),(53,2413),(110,2419),(110,2420),(110,2421),(110,2422),(110,2423),(110,2424),(9,2511),(103,2511),(4,2512),(9,2512),(49,2512),(9,2513),(49,2513),(50,2513),(9,2514),(92,2514),(49,2514),(9,2515),(114,2515),(9,2516),(103,2516),(9,2517),(92,2517),(49,2517),(9,2518),(9,2519),(49,2519),(50,2519),(110,2551),(25,2552),(43,2552),(43,2553),(43,2554),(10,2555),(43,2555),(10,2556),(43,2556),(10,2557),(43,2557),(43,2558),(11,2561),(79,2561),(11,2563),(79,2563),(9,2564),(49,2564),(9,2565),(103,2565),(4,2566),(9,2566),(70,2566),(9,2567),(49,2567),(9,2568),(114,2568),(9,2569),(11,2570),(79,2570),(110,2571),(110,2572),(53,2572),(110,2573),(43,2575),(43,2576),(43,2577),(43,2578),(43,2579),(43,2580),(43,2581),(25,2582),(132,2582),(109,2582),(43,2582),(43,2583),(9,2584);

--
-- Table structure for table `investigador_incollections`
--

CREATE TABLE `investigador_incollections` (
  `id_investigador` int(10) unsigned NOT NULL,
  `id_incollection` int(10) unsigned NOT NULL,
  KEY `investigador_incollections_id_investigador_foreign` (`id_investigador`),
  KEY `investigador_incollections_id_incollection_foreign` (`id_incollection`),
  CONSTRAINT `investigador_incollections_id_incollection_foreign` FOREIGN KEY (`id_incollection`) REFERENCES `incollections` (`id_incollection`) ON DELETE CASCADE,
  CONSTRAINT `investigador_incollections_id_investigador_foreign` FOREIGN KEY (`id_investigador`) REFERENCES `investigadores` (`id_investigador`)
) ENGINE=InnoDB DEFAULT CHARSET=utf8 COLLATE=utf8_unicode_ci;

--
-- Dumping data for table `investigador_incollections`
--

INSERT INTO `investigador_incollections` VALUES (10,2),(10,3),(43,2),(43,3),(42,8),(64,8),(17,10),(42,11),(64,11),(42,12),(64,12),(42,13),(64,13),(42,14),(64,14),(36,15),(36,16),(73,27),(47,28),(73,31),(73,32),(31,33),(31,38),(31,39),(110,42),(110,43),(110,44),(110,45),(46,45),(110,46),(43,49),(43,50);

--
-- Table structure for table `investigador_libros`
--

CREATE TABLE `investigador_libros` (
  `id_investigador` int(10) unsigned NOT NULL,
  `id_libro` int(10) unsigned NOT NULL,
  KEY `investigador_libros_id_investigador_foreign` (`id_investigador`),
  KEY `investigador_libros_id_libro_foreign` (`id_libro`),
  CONSTRAINT `investigador_libros_id_investigador_foreign` FOREIGN KEY (`id_investigador`) REFERENCES `investigadores` (`id_investigador`),
  CONSTRAINT `investigador_libros_id_libro_foreign` FOREIGN KEY (`id_libro`) REFERENCES `libros` (`id_libro`) ON DELETE CASCADE
) ENGINE=InnoDB DEFAULT CHARSET=utf8 COLLATE=utf8_unicode_ci;

--
-- Dumping data for table `investigador_libros`
--

INSERT INTO `investigador_libros` VALUES (9,1),(11,2),(13,3),(13,4),(20,5),(52,8),(52,9),(52,10),(52,11),(79,16),(87,17),(54,31),(55,31),(12,33),(12,43),(12,44),(31,45),(31,46),(110,47),(46,47),(53,47),(79,2);

--
-- Table structure for table `investigador_proyectos`
--

CREATE TABLE `investigador_proyectos` (
  `id_investigador` int(10) unsigned NOT NULL,
  `id_proyecto` int(10) unsigned NOT NULL,
  `responsable` tinyint(1) NOT NULL DEFAULT '0',
  `externo` varchar(255) COLLATE utf8_unicode_ci NOT NULL DEFAULT '',
  `anotaciones` varchar(255) COLLATE utf8_unicode_ci NOT NULL,
  KEY `investigador_proyectos_id_investigador_foreign` (`id_investigador`),
  KEY `investigador_proyectos_id_proyecto_foreign` (`id_proyecto`),
  CONSTRAINT `investigador_proyectos_id_investigador_foreign` FOREIGN KEY (`id_investigador`) REFERENCES `investigadores` (`id_investigador`),
  CONSTRAINT `investigador_proyectos_id_proyecto_foreign` FOREIGN KEY (`id_proyecto`) REFERENCES `proyectos` (`id_proyecto`) ON DELETE CASCADE
) ENGINE=InnoDB DEFAULT CHARSET=utf8 COLLATE=utf8_unicode_ci;

--
-- Dumping data for table `investigador_proyectos`
--

INSERT INTO `investigador_proyectos` VALUES (12,1,1,'',''),(18,1,1,'',''),(49,2,1,'',''),(40,3,1,'',''),(55,4,1,'',''),(43,5,1,'',''),(70,6,1,'',''),(90,7,1,'',''),(30,8,1,'',''),(68,9,1,'',''),(13,10,1,'',''),(79,11,1,'',''),(58,12,1,'',''),(80,13,1,'',''),(3,14,1,'',''),(41,15,1,'',''),(49,16,1,'',''),(43,17,1,'',''),(55,18,1,'',''),(90,19,1,'',''),(18,20,1,'',''),(12,21,1,'',''),(70,22,1,'',''),(30,23,1,'',''),(13,24,1,'',''),(79,25,1,'',''),(20,26,1,'',''),(58,26,1,'',''),(6,27,1,'',''),(41,27,1,'',''),(83,28,1,'',''),(49,29,1,'',''),(9,29,1,'',''),(43,30,1,'',''),(38,32,1,'',''),(54,33,1,'',''),(43,34,1,'',''),(35,35,1,'',''),(44,36,1,'',''),(54,37,1,'',''),(49,38,1,'',''),(6,39,1,'',''),(30,40,1,'',''),(2,41,1,'',''),(2,42,1,'',''),(3,46,1,'',''),(15,46,1,'',''),(18,47,1,'',''),(55,48,1,'',''),(9,38,1,'',''),(26,38,0,'',''),(34,38,0,'',''),(50,38,0,'',''),(4,38,0,'',''),(4,2,0,'',''),(9,2,0,'',''),(26,2,0,'',''),(34,2,0,'',''),(50,2,0,'',''),(4,16,0,'',''),(26,16,0,'',''),(34,16,0,'',''),(50,16,0,'',''),(9,16,0,'',''),(14,24,0,'',''),(52,24,0,'',''),(77,24,1,'',''),(78,24,0,'',''),(70,51,1,'',''),(23,51,0,'',''),(72,51,0,'',''),(94,51,0,'',''),(70,52,0,'',''),(12,47,0,'',''),(53,47,0,'',''),(42,47,0,'',''),(22,47,0,'',''),(46,47,0,'',''),(22,20,0,'',''),(42,20,0,'',''),(53,21,0,'',''),(46,21,0,'',''),(42,1,0,'',''),(46,1,0,'',''),(22,1,0,'',''),(53,1,0,'',''),(56,28,0,'',''),(87,28,0,'',''),(84,28,0,'',''),(75,28,0,'',''),(82,28,1,'',''),(7,28,0,'',''),(86,28,0,'',''),(83,55,1,'',''),(56,55,0,'',''),(87,55,0,'',''),(84,55,0,'',''),(82,55,0,'',''),(75,55,0,'',''),(37,56,1,'',''),(66,56,0,'',''),(1,57,1,'Julia Novo Martín',''),(25,57,0,'',''),(43,44,1,'','(Responsable Nodo 4)'),(30,43,1,'','(Responsable Nodo de Valladolid)'),(55,45,1,'','(Responsable Nodo de Valladolid)'),(43,58,1,'',''),(13,59,1,'',''),(77,59,1,'',''),(30,60,1,'',''),(110,47,0,'',''),(9,61,1,'',''),(49,61,1,'',''),(26,61,0,'',''),(34,61,0,'',''),(4,61,0,'',''),(50,61,0,'',''),(43,62,1,'',''),(25,63,1,'',''),(11,63,0,'',''),(43,63,0,'',''),(43,64,1,'',''),(25,65,1,'',''),(11,65,0,'',''),(43,65,0,'',''),(43,67,1,'',''),(29,67,0,'',''),(10,67,0,'',''),(25,68,1,'',''),(10,68,0,'',''),(11,68,0,'',''),(15,68,0,'',''),(33,68,0,'',''),(43,68,0,'',''),(25,69,1,'',''),(10,69,0,'',''),(11,69,0,'',''),(15,69,0,'',''),(33,69,0,'',''),(43,69,0,'',''),(43,70,1,'',''),(10,70,0,'',''),(11,70,0,'',''),(15,70,0,'',''),(25,70,0,'',''),(29,70,0,'',''),(33,70,0,'',''),(55,71,1,'',''),(76,71,0,'',''),(5,71,0,'',''),(54,71,0,'',''),(18,72,1,'',''),(110,72,0,'',''),(12,72,0,'',''),(22,72,0,'',''),(46,72,0,'',''),(53,72,0,'',''),(12,73,1,'',''),(18,73,0,'',''),(22,73,0,'',''),(21,73,0,'',''),(42,73,0,'',''),(48,74,1,'',''),(6,74,1,'',''),(2,74,0,'',''),(40,74,0,'',''),(32,74,0,'',''),(41,74,0,'',''),(20,74,0,'',''),(6,75,1,'',''),(3,75,0,'',''),(40,75,0,'',''),(48,75,0,'',''),(2,75,0,'',''),(32,75,0,'',''),(20,75,0,'',''),(41,75,0,'',''),(3,76,1,'',''),(15,76,1,'',''),(65,76,0,'',''),(25,77,1,'',''),(10,77,0,'',''),(43,77,0,'',''),(11,77,0,'',''),(15,77,0,'',''),(9,78,1,'',''),(26,78,1,'',''),(4,78,0,'',''),(34,78,0,'',''),(49,78,0,'',''),(50,78,0,'',''),(10,79,1,'',''),(43,79,1,'',''),(25,79,0,'',''),(110,80,1,'',''),(46,80,1,'',''),(31,80,0,'',''),(53,80,0,'',''),(126,80,0,'','');

--
-- Table structure for table `investigadores`
--

CREATE TABLE `investigadores` (
  `id_investigador` int(10) unsigned NOT NULL AUTO_INCREMENT,
  `estado` int(11) NOT NULL DEFAULT '1',
  `GIR` int(10) unsigned NOT NULL,
  `email` varchar(255) COLLATE utf8_unicode_ci NOT NULL,
  `password` varchar(60) COLLATE utf8_unicode_ci NOT NULL,
  `nombre` varchar(255) COLLATE utf8_unicode_ci NOT NULL,
  `apellidos` varchar(255) COLLATE utf8_unicode_ci NOT NULL,
  `hirsch` varchar(255) COLLATE utf8_unicode_ci DEFAULT NULL,
  `DNI` varchar(255) COLLATE utf8_unicode_ci DEFAULT NULL,
  `telefono` varchar(255) COLLATE utf8_unicode_ci DEFAULT '',
  `foto` varchar(255) COLLATE utf8_unicode_ci DEFAULT 'img/user.png',
  `web` varchar(255) COLLATE utf8_unicode_ci DEFAULT '',
  `centro` int(10) unsigned DEFAULT NULL,
  `departamento` int(10) unsigned DEFAULT NULL,
  `lineas` longtext COLLATE utf8_unicode_ci,
  `descripcion` longtext COLLATE utf8_unicode_ci,
  `rango` int(11) NOT NULL DEFAULT '1',
  `idMathSciNet` varchar(255) COLLATE utf8_unicode_ci DEFAULT NULL,
  `idScopus` varchar(255) COLLATE utf8_unicode_ci DEFAULT NULL,
  `researchID` varchar(255) COLLATE utf8_unicode_ci DEFAULT NULL,
  `orcID` varchar(255) COLLATE utf8_unicode_ci DEFAULT NULL,
  `indicadorI1` varchar(255) COLLATE utf8_unicode_ci DEFAULT '',
  `indicadorI2` varchar(255) COLLATE utf8_unicode_ci DEFAULT '',
  `deleted_at` timestamp NULL DEFAULT NULL,
  `remember_token` varchar(100) COLLATE utf8_unicode_ci DEFAULT NULL,
  `centroinvest` varchar(255) COLLATE utf8_unicode_ci DEFAULT NULL,
  PRIMARY KEY (`id_investigador`),
  UNIQUE KEY `investigadores_email_unique` (`email`),
  KEY `investigadores_departamento_foreign` (`departamento`),
  KEY `investigadores_centro_foreign` (`centro`),
  CONSTRAINT `investigadores_centro_foreign` FOREIGN KEY (`centro`) REFERENCES `centros` (`id_centro`),
  CONSTRAINT `investigadores_departamento_foreign` FOREIGN KEY (`departamento`) REFERENCES `departamentos` (`id_departamento`)
) ENGINE=InnoDB AUTO_INCREMENT=148 DEFAULT CHARSET=utf8 COLLATE=utf8_unicode_ci;

--
-- Dumping data for table `investigadores`
--

INSERT INTO `investigadores` VALUES (1,1,1,'adrian.ronda@uva.es','$2y$10$notQtg4uJkJAUtbLcrjwIOCcmYi23Eli61OHH1V4jTh0eYbz189uu','Adrián','Ronda Pérez','','71940493N','983423535','img/user.png','',1,1,'','',0,'','','','','','',NULL,'mIgcm77NHmt0Qs6OHwWMQ8C1Fc63P5xUkY9PseBjUgkw9eQtHljRXdTxlmyT',NULL),(2,1,5,'﻿abia@mac.uva.es','$2y$10$PrZno1HnzyJzwt4XPoxQqu.gTfapeiY4fFtAPZ1/Y/qXbKIGFt5Oa','Luis María','Abia Llera','10 (WoS, 2017)','12246798B','983423796','img/user.png','',2,2,'Análisis Numérico de Ecuaciones Diferenciales. Análisis Numérico de modelos de población estructurados. ','',3,'22410','6603601951','','','','',NULL,NULL,NULL),(3,1,4,'isaias@mac.uva.es','$2y$10$HooR6wyPDoUxKp.6vqbmo.XKvi6Cx1ap7VkNhrktT2B1z2ilmZy8C','Isaías','Alonso Mallo','8 (Wos)','09269259Y','983423769','img/user.png','',2,2,'Solución numérica de problemas de evolución abstractos de valor inicial y de fronteras, reducción de orden, condiciones de frontera absorbentes','',3,'331030','','H-1251-2015','','','',NULL,'TatsYEDtUzx8GdylM38raylHGO2qMlYmskZdMAOsSuobRrywJuTd8SELxGAN',NULL),(4,1,13,'pedrocesar.alvarez@uva.es','$2y$10$B45IA5uMoNWZJ1i0xKSizuR64yMNzixOo7ekSIU79ZJyg4pq09xPu','Pedro César','Álvarez Esteban','4 (Scopus)','09305727L','983423930','img/user.png','',2,3,'Análisis de datos funcionales. Métodos estadísticos robustos. Técnicas de recorte y aplicaciones estadísticas. Estudio de métricas probabilísticas y de sus aplicaciones estadísticas. Métodos basados en remuestreo. Técnicas bootstrap. Bigdata. Eficiencia de vuelos basada en trayectorias. Detección de NTLs en el sector de las utilities.','',3,'845200','24559014400','A-4446-2017','0000-0002-8818-0194','','',NULL,'tDq8nMyc0MTVPdnVSiIVULs1ZpDpDKTE078tRKNOjNm6oM6R7soAH0VAiifM',''),(5,1,15,'joralv@eii.uva.es','$2y$10$HGi.xYsP7yX92EwFHKrxkOBKL/xkkJKReDZK8rfUr5lgUiMjEXuFu','Jorge','Álvarez López','3 (Scopus)','09769054B','983423792','img/user.png','',3,2,'Métodos numéricos para ecuaciones diferenciales ordinarias y en derivadas parciales.\r\nAnálisis numérico, sistemas dinámicos y modelización.','',0,'360162','15734569600','I-3215-2015','0000-0002-5408-9851','','',NULL,'UTKVYNHTgADEh71vG3m73PbEBsVLXDxChCh3fnRSggr7M0jy7itwFY0XvQHc',NULL),(6,1,5,'oscar@mat.uva.es','$2y$10$yrYjMPZFBavq0xORKGJf/.xSH1NjdI2a1RhVi817HmcRJkN40Um7m','Óscar','Angulo Torga','10 (ResearchID)','09310764L','983185835','img/user.png','',4,2,'Métodos numéricos para ecuaciones diferenciales. Modelos de dinámica de poblaciones y sus aplicaciones.','',3,'636509','6602854371','I-2123-2015','0000-0003-1092-543X','','',NULL,'JuFDutycdZuNBHORfVlLsJZEt3iQQAGST04NNpcH0AN1pIRUtM2zyRYH5Tmo',NULL),(7,1,15,'oscarr@wmatem.eis.uva.es','$2y$10$gJMUqMwmkQt/1vVsf98kDObgRuuBIH0gPmRtejwJ/.yBjAoLjVama','Óscar','Arratia García','6 (Scopus)','13131281Y','983423918','img/user.png','',3,2,'Sistemas Dinámicos, Dinámica Orbital, Grupos Cuánticos.','',0,'604495','','B-2599-2017','0000-0001-6825-6895','','',NULL,'RON10Mv9f7aGrGEwQcyYvx2twWnBD6OnORv8omYSan2SFe5Bc7u0zFfeC6U6',NULL),(8,1,7,'angbar@wmatem.eis.uva.es','$2y$10$jHLS5.tcSHwcYZZItzDA..KDFByRRqi6JJ8/9znNKJirjGYCWuiyy','Ángela Isabel','Barbero Díez','5 (Scopus)','09308649C','983423793','img/user.png','',3,2,'Teoría de Códigos, Network coding, Códigos de convolución, Códigos para dispositivos RFID, Aplicaciones criptográficas de los códigos','',3,'608040','56234974600','','','','',NULL,'mg02a9S1cuYIHue7XvHHsltDmIxUi9x7whgM60QZHRt0tBOnkNdTABO3giLt',NULL),(9,1,13,'eustasio.delbarrio@uva.es','$2y$10$piebhiXrIRTaoGpgkddPZ.nJi4jT26P.ZGgQeHxV2m05nc3Tp46Ey','Eustasio','del Barrio Tellado','','09784409W','983185870','img/user.png','',2,3,'','',85,'648625','6701641832','L-1019-2014','0000-0003-3764-5411','','',NULL,'71fNCEUaoihi8G63sCm9dSvR9ou7KEni7NezXUVYwzgGH15arN8mjcCp0Sku',''),(10,1,6,'pcabo@eco.uva.es ','$2y$10$JW.5mL43/K9XUohYdz4d4.hrrHpfc6R.FXrXHYu9VAWC1z9V07bDy','Francisco José','Cabo García','3 (Scopus)','09320832J','983186662','img/user.png','http://www.eco.uva.es/pcabo/index.htm',5,4,'Crecimiento económico.\r\nAplicación de la Teoría de Juegos dinámicos y Juegos evolutivos en: Economía medioambiental; Pensiones; Economía Laboral.','',3,'773535','7801411705','J-9102-2014','orcid.org/0000-0003-2958-9595','','',NULL,'QyP7MaJbZztOQER4VVPAxIF7nI126Lf3lK0dR0ekU54Gw3iHqcWv41sFFJRe',NULL),(11,1,6,'mariapaz.calvo@uva.es','$2y$10$Jv.Dhdf5.z7GH4zGVHT1Eet0Nj.u/PbW5fpF.C5baRL8E49wn97Di','Mari Paz','Calvo Cabrero','17 (WoS)','03446697D','983185884','inv05042017_34foto_mp_2.jpg','http://hermite.uva.es/maripaz/',2,2,'Análisis Numérico. Resolución numérica de ecuaciones diferenciales.','',24,'331348','24282799600','F-5348-2015','0000-0001-5830-9658','','',NULL,'1dtBSqJNlOAO2hGlhNYByp0IEdvuJmibWSUiDHnKujMszHRtu61MLnanSawO',''),(12,1,14,'campillo@agt.uva.es','$2y$10$Sq2pjYWlCTEtt79PlgmNbOVdLjgj6wkf8hh72Cg8RrqtNSA2zPk7S','Antonio','Campillo López','14 (MatSciNet)','10029983M','983423052','img/user.png','',2,5,'Singularidades, Geometría Algebraica, Álgebra Conmutativa, Codificación, Combinatoria, Computación. ','',53,'44730','','','','','',NULL,'dcPJGEPmW9FHh7B2xSWoEJGjNxKH8zDXvTmR9WRwljZM8xo5BL9wZql0SPEI',NULL),(13,1,8,'fcano@agt.uva.es','$2y$10$PdcsutIs36kr1m8Sbpl7IOjxizljI2bj0IYcFWp/tsqaVTFLv6z/6','Felipe','Cano Torres',NULL,'12234226C','983423044','img/user.png','',2,5,NULL,NULL,2,'44880',NULL,NULL,NULL,'','',NULL,'zP3sLfghNuZcqYJxeHU10LSn9Et8OJSV6fVFa9ogmgwS9o0fyrWH9CcE9Anb',NULL),(14,0,8,'jcano@agt.uva.es','$2y$10$9dTRK.TZ.dChRPijpoce4ejl07pTJRALsY9IUI/R3ZeDZYLdP9kP.','José María','Cano Torres','','09285156X','983423927','img/user.png','',2,5,'','',2,'334436','','','','','',NULL,NULL,''),(15,1,6,'bego@mac.uva.es','$2y$10$Jp4SXCasAefS9gN7MWvuseJ93MaylKAHYl2CYUljvxgSVO6al1hre','Begoña','Cano Urdiales','8 (WoS)','12379188J','983423180','img/user.png','http://hermite.uva.es/bego',2,2,'L3:  Análisis numérico, sistemas dinámicos y modelización.','',75,'604482','6701489813','H-1330-2015','0000-0002-9212-9156','','',NULL,'Oi7eYI1ydgSDfBmbtz6YOODqXZwq0Cbp7GRh3Mk2XOjh5EcR89FgqI68Ti4N',NULL),(16,0,8,'carnicer@agt.uva.es','$2y$10$P8gbN/9YMU2jSYYhgkpy1.M4Fy8rOc35cLQ.isWTORGV4oRxxLO4y','Manuel Mariano','Carnicer Arribas',NULL,'','983423049','img/user.png','',2,5,NULL,NULL,2,NULL,NULL,NULL,NULL,'','','2016-07-08 09:36:38',NULL,NULL),(17,1,28,'eduardo@mat.uva.es','$2y$10$Qreu/P3OGSTHTka4yiY9mO0bRTcWnN460nFyyE.M21pHNN.pim.tS','Eduardo','Cuesta Montero','6','12366058Q','983185836','img/user.png','',4,2,'- Análisis y discretización de ecuaciones de evolución no locales.\r\n- Problemas de valores iniciales con derivadas de orden no entero en tiempo.\r\n- Problemas de difusión cruzada y sus discretizaciones. Aplicaciones en restauración de imagen.\r\n- Procesado de imagen mediante modelos de ecuaciones en derivadas parciales con modelos no lineales y no locales.\r\n- Modelos matemáticos en teledetección para localización de zonas afectadas por incendios, actividad minera,... ','',2,'712520','','L-6366-2014','0000-0002-7508-6545','','',NULL,'LVYtZgYozEUnMALubmkiXF6dE4uS7C00cDC97wmLTbMF6CsiT2mnn3nAQBmM',''),(18,1,14,'fdelgado@agt.uva.es','$2y$10$T65SVA3hF83Y6MknWMjyQ.yelDLn9o3c3uIgzRz10mVrpDy.uyylm','Félix','Delgado de la Mata','11 (MathSciNet)','10052567A','983423050','inv26052017_45dkeklbhbnddebikc.png','',2,5,'Singularidades. Curvas algebraicas y analíticas. Funciones zeta. Polares y lugares críticos. Series de Poincaré. Semigrupos.','Singularities. Algebraic and analytic curves. Zeta functions. Critical locus, discriminants and polar curves. Poincaré series. Semigroups. ',25,'56325','7101822871','L-3922-2014','0000-0002-6705-3866','','',NULL,'Vu1DK5KOmzI0Mu1FIjAuF9TcPlfIeLRx7pJhgTg06OjhVkYSdwDdK6lihV7t',NULL),(19,2,16,'jmd@agt.uva.es','$2y$10$AOKN2jiSO6tpxyofBmgxAen/85GWuqmpgwHVYxyyaoy3eD9EZreYi','Jesús Manuel','Domínguez Gómez',NULL,'12224561S','983423047','img/user.png','',2,5,NULL,NULL,0,'196717',NULL,NULL,NULL,'','',NULL,NULL,NULL),(20,1,28,'angel@mac.uva.es','$2y$10$A4.KR5i32vbBymj2OfQOaO84AB6J4HFDdluwe8vF7TJ9fAqEjWgYi','Ángel','Durán Martín','7','09324559Z','983184862','img/user.png','',4,2,'Modelización con ecuaciones en derivadas parciales, análisis teórico y análisis numérico  de la dinámica de ondas no lineales y dispersivas.\r\nModelización con ecuaciones en derivadas parciales de difusión cruzada, análisis teórico y análisis numérico  del filtrado de imágenes.','',3,'636453','35993192100','L-2890-2014','0000-0002-6001-3829','','',NULL,'tEU98yt4hFRVRdUvyYwJYcflZ9FTj1U0zvthKgv82C8MtAg95vOAFcQ7R049',''),(21,1,14,'santiago.encinas@uva.es','$2y$10$WtASCn3KEVEBwwbEyeaGVuu1j.UsrELMTCbZF2wfh9DmB4kjb1kbm','Santiago','Encinas Carrión','7 (MathScinet)','12373603V','983423261','img/user.png','www.singacom.uva.es/~santi',2,5,'Resolución de singularidades. Geometría Algebraica.','',3,'640775','55920413300','HLQ-2715-2023','0000-0003-2404-6671','','',NULL,'ZReGl9LAGQKtSKv3Pq8uDUgjazl5BRzn71TkxZK8eYaCBuS0M3YpADhs6OQj',''),(22,1,14,'jifarran@eii.uva.es','$2y$10$MpeUzfmzgTFld0st2qjb8enSryq3WYLBTk5jPkrfsFDK6TaUEspWS','José Ignacio','Farrán Martín','5','09298804L','921112420','img/user.png','wmatem.eis.uva.es/~ignfar/',14,2,'Códigos correctores de errores a partir de la Geometría Algebraica (códigos AG) \r\nDistancias de Feng-Rao de semigrupos numéricos y sus aplicaciones en códigos en criptografía \r\nGeometría Algebraica computacional sobre cuerpos finitos ','',3,'658471','6701851833','J-2624-2016','0000-0003-2008-3678','','',NULL,'JHQlsUpQhGrlIHWdYsppWXl2bP6h1E2l9G94B0YUcOKJVtQx9ElVb2RzlsR2',NULL),(23,1,12,'miguelaf@eio.uva.es','$2y$10$Ej.wigswuEqZxsxLJqqT3esghFyN0svqsg/7xQiIO0yaVwpOnV1G2','Miguel Alejandro','Fernández Temprano','6 Scopus','09305720N','983423945','img/user.png','',3,3,'Inferencia estadística con restricciones.\r\nFiabilidad, disponibilidad y mantenibilidad de sistemas complejos.\r\nAnálisis estadístico del crecimiento y la globalización empresarial.','',2,'618821','23396367000','I-2874-2015','0000-0002-1272-8950','','',NULL,'KsCBvZ2rP5giMJgJX5xzlsqdHLKhOrNxLSKXqcV32NxlZHhtt26RU3YHdfIf',NULL),(24,0,2,'jfinat@agt.uva.es','$2y$10$1FHfYSZrzATJBp/KpZG4MuPWyGs9xaFPdCW2rox8qU1RnWaZBo5Pm','Francisco Javier','Finat Codes',NULL,'12208259C','983185681','img/user.png','',7,5,NULL,NULL,2,'66900',NULL,NULL,NULL,'','',NULL,NULL,NULL),(25,1,6,'frutos@mac.uva.es','$2y$10$uPQpopL6s3b0oCm6mqkPuuqrOJeuI4t2g/5kLy3qy6LI3c5QnILFe','Francisco Javier','de Frutos Baraja','12 (WOS)','09256668L','983184680','','http://hermite.uva.es/frutos',2,2,'Métodos numéricos para ecuaciones diferenciales ordinarias y en derivadas parciales. Finanzas computacionales. ','',53,'260227','7003624596','J-5466-2014','0000-0002-5012-6061','','',NULL,'a41menXjh1ICQdmwrMkFymPCo9Z0MK1eEfTxBpmYSIRd1v6Nu8h8Y9tVGDoq',NULL),(26,1,13,'lagarcia@eio.uva.es','$2y$10$T6n1.7TqFWjk38WBXr8zyOq5t4oHpcOG1rXqcrF7w6sHtMFZcLPni','Luis Ángel','García Escudero','11 (scopus)','06571418L','983185878','img/user.png','http://www.eio.uva.es/infor/personas/langel.html',3,3,'Estimación robusta: Técnicas de recorte y aplicaciones estadísticas. \r\nClasificación y reconocimiento de patrones. Problemas de modalidad.\r\nTeoría asintótica en Análisis Multivariante.\r\nAnálisis de Datos Funcionales.','',3,'647481','6507635213','K-4279-2014','0000-0002-7617-3034','','',NULL,'PdBkq5UvAY3XvqasaX0NIGQq15KzaMqtJgpPAI7g7vIH2NO52IDTGGdmJnkj',NULL),(28,0,10,'amegar@eii.uva.es','$2y$10$TGWS9bvaTWrR50.NVc0FcOWtPXdpwsSuf8Y64ybwgoO3U5vkcBUoy','Amelia','García Garrosa',NULL,'06566986A','921112421','img/user.png','',7,2,NULL,NULL,2,'658489',NULL,NULL,NULL,'','',NULL,NULL,NULL),(29,1,6,'anagar@eco.uva.es','$2y$10$.TAxSBZwj59PfO8gOMKiK.OO4lHF4I5Jg3HpD5igufbrex/LHloOm','Ana','García González','','','983186566','img/user.png','',5,4,'Dinámica de Sistemas. \r\nAplicación de la Teoría de Juegos dinámicos y Juegos evolutivos en: Economía medioambiental y Pensiones. \r\nPlanes y Fondos de Pensiones. Integración con la Seguridad Social','',3,'900026','25637091000','B-1953-2017','orcid.org/0000-0002-2670-9574','','',NULL,'LuO4Q8bMioO5h0GRzMTo1xkCSEXZfsrK1Nmw2iuS6KrhKbxpQly74kxcYTbc',''),(30,1,19,'lapresta@uva.es','$2y$10$p1HYEAgEBng0W1IVTfP32Oo34wD3ePtujnPJ4LWMBywq.vzWCoKAi','José Luis','García Lapresta','19 (WoS); 20 (Scopus); 26 (Google Scholar)','16789262K','983184391','img/user.png','https://eco.uva.es/lapresta/',5,4,'Modelización de preferencias, elección social, toma de decisiones, consenso','',3,'321160','6602436228','G-8289-2015','0000-0001-5720-4387','','',NULL,'F1ygmC3Ji24nOTk690F6kUvZuXDE4a0DqEDQOLnmhK3rhwICNAp47KJeUm2i',''),(31,1,16,'pgimenez@uva.es','$2y$10$oe/sFhhJVt4xAChGCLqraOa.QxHk9e2BvjPuuRYRCFlZw8repyJSC','Philippe T.','Gimenez','','X1878844C','983423053','inv07022017_44imaginary.jpg','',2,5,'Commutative Algebra, Algebraic Geometry, Computer Algebra, Algebraic Combinatorics','',543,'339539','7004054413','D-5902-2016','0000-0002-5436-9837','','',NULL,'OgSfl3ibKuUtd1WLsruioldGGjbO7j4PRJHmDTowc3Q2kS75bq04MQsbeEpc',''),(32,1,18,'lourdes@eco.uva.es','$2y$10$aMPGE.aa/36I3HO1wdQO../jomylBr092dUrL49hg2yhZd849/aUm','María Lourdes','Gómez Valle','','12760598Z','983186567','img/user.png','',5,4,'Estudio de modelos de valoración de derivados financieros con procesos estocásticos. Métodos numéricos aplicados a las Finanzas. ','',3,'953454','23984745400','D-7192-2016','0000-0002-1419-0752','','',NULL,'lkKVbvgiVm7QurIvhCtQv9XOxFQK2J3o9kYhEMXim90qizrMcC5qFhmTkUt4',NULL),(33,1,6,'cesareo@mac.uva.es','$2y$10$TtQFHDuNIeka44/icACmquURV4tr5tTG4M3y4lPoQov8M0fQaOPcy','Cesáreo Jesús','González Fernández','631472 (MathSciNet)','09765885Q','983423183','img/user.png','',2,2,'Análisis numérico de Ecuaciones en Derivadas Parciales Parabólicas y sus aplicaciones.','',3,'631472','','','','','',NULL,'UfpOOZC28NGL9UgtgKUONprxuhd0LSQoYipzIX2CdHHmUpxbjZxnFJX3IJ22',NULL),(34,1,13,'alfonsog@eio.uva.es','$2y$10$942obNHKLGztEpb0MOLbVeB1pE4rC9B8b.p6MYjjyt72bknS3/b2y','Alfonso','Gordaliza Ramos','12 (WoS)','12734257P','983184973','inv19012017_41Alfonso Gordaliza.jpg','',3,3,'Estadística Robusta, Modelos de Mezcla, Análisis Cluster.','',542,'306326','6603492966','B-6231-2017','0000-0002-0343-2154','','',NULL,NULL,NULL),(35,0,18,'pedrojos@fae.uva.es','$2y$10$QG3A3LrMiZiqRtJaHkJWRuP7uPdHU4YEfzZoz0jR2..ToVShgJ0Ti','Pedro José','Gutiérrez Díez','','13104288S','983184396','img/user.png','',5,8,'','',2,'','','','','','',NULL,NULL,''),(36,1,28,'cesargv@mat.uva.es','$2y$10$gNi8d9oRc0I708w/MBD.S.LEGK0OMyBiJBHffzL1OrnW89F6N9sc6','César','Gutiérrez Vaquero','12 (Scopus)','09317403B','983185836','img/user.png','',4,2,'Optimización vectorial y set-valued. Análisis variacional.','',3,'755405','56219909200','G-8656-2015','0000-0002-8223-2088','','',NULL,'P2V2HsJvCKLirmpDWpISxORqbXqoYRVrmmzmeOeShzLNrUnxlRxtvsNXCDnN',''),(37,1,20,'robhor@tel.uva.es','$2y$10$POBj2ueB3CElbOSHVdHxlOmilsLxaxKofOELPmSub8KglINDLxyU2','Roberto','Hornero Sánchez','26 (Según WoS)','11780691E','983185570','img/user.png','www.gib.tel.uva.es',4,9,'Ingeniería Biomédica, Procesado de Señales Biomédicas, Análisis no lineal, Análisis Espectral, Magnetoencefalogramas, Electroencefalogramas, Caos, Transformadas Wavelets, Redes, Neuronales, Imágenes Médicas, Telemedicina.\r\n','',3,'857287','6602804361','B-5398-2008','0000-0001-9915-2570','','',NULL,'nyT8ydXOkrlZtOUvx27hmDaupvUr88tgqET5dOGad9M9OOlF00ZTKen3UQOH',NULL),(38,1,18,'ricar@eio.uva.es','$2y$10$OclL.vzFprHmfIKCThFQGOQSoqr2GE4QqVWSfHtp1tgL1Zn0mu.BG','Ricardo','Josa Fombellida','7 (WoS)','12760019X','983186313','img/user.png','',2,3,'Programación dinámica, control estocástico, modelos dinámicos de inversión y consumo, planes de pensiones, juegos diferenciales','',2,'684431','56586183300','L-1331-2014 ','0000-0001-7872-4621','','',NULL,'QLcgpMKIfpUPxlzVM2o5jxmNcdUEdE6puuMiBU3840njxaw8rmKYxGnSucXL',NULL),(39,1,19,'boni@eco.uva.es','$2y$10$WSWfydnaKlx6Bmi7ncsWW.RWDkgeB3.5tj2yUqGfx2T5CurKLkia.','Bonifacio','Llamazares Rodríguez','9 (WoS); 9 (Scopus)','09772326V','983186544','img/user.png','http://www.eco.uva.es/boni/',5,4,'Toma de Decisiones; Investigación de Operaciones; Teoría de funciones.','',25,'666798','6507038091','A-2526-2013','0000-0002-7538-4833','','',NULL,NULL,NULL),(40,1,5,'lopezmar@mac.uva.es','$2y$10$j07haWJ/pqgT6N119K.d2eOlVTbKOaBhBwAP2F9gMGHCLAmgUxjKi','Juan Carlos','López Marcos','15','09257799T','983423797','img/user.png','',2,2,'Análisis de problemas  de dinámica de poblaciones estructuradas con aplicaciones a la Ecología, la Demografía, la Medicina, etc. Análisis de métodos de colocación para problemas parabólicos con términos no locales\r\n','',3,'115805','6603031468','D-7301-2016','0000-0003-1870-2433','','',NULL,'lOkynRDWbElJN0jVtUa5kbG8oEsThkb0NGwmHAMKl3D8ZDlVwhLRAD0Q7Pe9',NULL),(41,1,5,'malm@mac.uva.es','$2y$10$aAhRQvJIH8nuzzoEbRd68OZWkANXaVrs/gsYTpbFCYIIiS/Sgs9mu','Miguel Ángel','López Marcos','10 (Scopus)','09281662N','983184629','img/user.png','',2,2,'Métodos numéricos para ecuaciones diferenciales. Modelos de dinámica de poblaciones con aplicaciones a la Ecología, la Demografía, la Medicina, etc.','',3,'331496','6603097439','D-6117-2016','0000-0002-9778-888X','','',NULL,'TCmf87mGNYCxXnBMYsSbtJYkrrsfOLq2eapOE42LDZdTWjMCa6zQN8vPgVfW',NULL),(42,1,14,'marijuan@mat.uva.es','$2y$10$2SqCTPVtrOzy8kODfMORZegQmXFr4Qwvymwa3fm/SoJ40XqM1ytbG','Carlos','Marijuán López','5 (MathSciNet)','13049279E','983423731','img/user.png','',7,2,'Teoria de grafos, Matemática discreta, Problemas espectrales inversos, Semigrupos numericos','',0,'291516','18836994100','H-9852-2015','0000 0002 0241 8158','','',NULL,NULL,NULL),(43,1,6,'guiomar@eco.uva.es','$2y$10$fUa5nK/RNyRNGGg3TaGPeetkDNKSj2EuM08W10rXDnAbIgCMQS83C','Guiomar','Martín Herrán','24 (Scopus); 22 (WOS)','09297169V','983423330','inv17012017_38Guiomar_Martin_Herran_AERNA.JPG','http://www.eco.uva.es/guiomar/',5,4,'Optimización Dinámica y aplicaciones. Control Óptimo. Juegos dinámicos. Aplicaciones a problemas de crecimiento económico, medioambientales y de marketing. ','',25,'631074','6603374184','J-5442-2014','0000-0002-9161-2349','','',NULL,'MZNR69iVeejZ7kNjEGbgdAI8BLiYupajEX5mod31UKllg5GPgOLU83Qfq8qF',''),(44,1,2,'mlmartin@eis.uva.es','$2y$10$P7jXb8DDIRCS60oWYm04FeXU1nF8h7y03MPj25.qksxVDSEaiXl0G','María Luisa','Martín Pérez',NULL,'','921112455','img/user.png','',3,2,NULL,NULL,2,NULL,NULL,NULL,NULL,'','',NULL,NULL,NULL),(45,1,16,'carmen@mat.uva.es','$2y$10$rXeSpyjMjMPaTTg2.aW31.GBE99USLzq6.qe5fQ5G0dP9a3Qsaoaq','María del Carmen','Martínez Martínez',NULL,'09291293Y','983423511','img/user.png','',9,2,NULL,NULL,0,'634752',NULL,NULL,NULL,'','',NULL,'w75bDuFNLaYLOpxlz2mSJpHEZzrm2ZheHu8jKuKkoea7YIwmQxxcvDTHi2qA',NULL),(46,1,7,'Edgar.Martinez@uva.es','$2y$10$9Yukq5mcEMF0lkk8kVg.vOjSxIsqFmlSmbBuwAFHrd5qc0cL5SGEG','Edgar','Martínez Moro','6','09333427G','983184499','inv15092018_54explicando.jpg','http://www.singacom.uva.es/~edgar/',10,10,'My main interest is in algebraic coding theory, especially in the connections between codes, algebraic geometry and computer algebra tools (mainly Groebner basis). This developed from earlier research on association schemes and their computer algebra manipulation, and these topics continue to be important in current research. My most recent work are concerned with polynomial codes over rings, gradient descent like decoding methods, minimal codewords in codes and post quantum cryptography related to hard coding problems.','',3,'657085','22035537100','K-7516-2014','0000-0003-1243-2049','','',NULL,'8EIFwC1gfrHz7CXOvArWv2LWlI5ockeoTVTpkRFxikSblg5rrogwZpnu1xke',NULL),(47,1,19,'panero@eco.uva.es','$2y$10$sqjpNy1EbX4QtMx8ZfOO.uyvK2/2SlY9yn8oRy.f3Q4A0ms/hfAd2','Miguel','Martínez Panero','5 (WOS y Scopus)','09753392N','983186591','img/user.png','http://www2.eco.uva.es/panero/',5,4,'Elección Social, Toma de Decisiones, Representación Proporcional','',2,'690885','7801547964','H-5597-2015','0000-0002-9405-8830','Índice de Hirsch (Google Scholar): 7','',NULL,NULL,NULL),(48,1,18,'julia@eco.uva.es','$2y$10$779eeu5O.DUs/b7GKq.cKuuNkSfv1pB01HMPm5h8o780gQg26DLSm','Julia','Martínez Rodríguez','7 (SCOPUS)','11416251V','983186567','img/user.png','',5,4,'Estudio de modelos de valoración de derivados financieros con procesos estocásticos. \r\nOptimización dinámica con aplicaciones en Biomedicina y Economía. \r\nMétodos numéricos aplicados a la Economía Financiera y a la Biomedicina. ','',3,'614458','23985535600','D-6603-2016','0000-0001-8937-4217','','',NULL,'A5AYYhSqUfC09cuPusgR97zlU2HhtugqGCQULU1RjL5kO3lAgla38hAqMNDG',NULL),(49,1,13,'carlos.matran@uva.es','$2y$10$FvzmRD2rXBKiPHbOzMZw0uwqOfCydyj7W.CtWKTnKTy/nytimBTKS','Carlos','Matrán Bea','20 en ResearchID (fecha 12 de enero de 2024)','22916762E','983423112','img/user.png','',2,3,'Similaridad de distribuciones, robustez estadística, análisis multivariante, métricas probabilísticas, validación de modelos estadísticos.','',53,'121365','6603920342','J-6916-2014','0000-0002-8267-3465','','',NULL,NULL,'Universidad de Valladolid'),(50,1,13,'agustinm@eio.uva.es','$2y$10$ynAUolEA7ZvO2z7JSmTI1OGyvu.O2oGErax/J63/3fR9Jy0GKqcvy','Agustín','Mayo Íscar','9 en WEb of Science y en Scopus en fecha 19 enero de 2017','09766882R','983184170','img/user.png','',11,3,'Estadística Robusta, Modelos de Mezcla, Clustering','',3,'840995','AgustinMayo','L-7215-2014','https://orcid.org/0000-0003-0951-6508','','',NULL,NULL,NULL),(51,0,19,'lmeneses@eco.uva.es','$2y$10$og4ku6yNyDeTDtMK8DKcXeWf19Wj6ZkUbMxrUXz/nEm95mencbnAW','Luis Carlos','Meneses Poncio',NULL,'09314804B','983186566','img/user.png','',5,4,NULL,NULL,2,'755311',NULL,NULL,NULL,'','',NULL,NULL,NULL),(52,1,8,'jorge.mozo@uva.es','$2y$10$weayroNet5gV3HIcIvdlVOMQ.5A4v99N6g4L0Og7DsW65Q15eq.h6','Jorge','Mozo Fernández','','12371979A','983184100','img/user.png','http://jorgemozo.blogs.uva.es',2,5,'Análisis asintótico, perturbaciones singulares, foliaciones holomorfas.','',3,'656176','','','','','',NULL,'bjkdi3LkCRgvO28eP8PDyhC5FifI1oTkliIb7e2GyKxwErNVcZ9CGSc73DJJ',NULL),(53,1,7,'cmunuera@arq.uva.es','$2y$10$pwVbvrhaA0o7KfN5NHkAmu6IPQFMQEZSsZtK3hBmuIK.9ZVDjJAO6','Carlos','Munuera Gómez','','09275489A','983185268','img/user.png','',6,2,'Códigos Correctores de Errores. Criptografía. Seguridad de las comunicaciones.','',3,'311248','6601963533','','0000-0001-8386-3060','','',NULL,NULL,NULL),(54,1,15,'carnun@wmatem.eis.uva.es','$2y$10$MefpO4t8nlG0MbzG93HeteyPNp/Cb4OCJx3K4nTmRy5n0SzlXARIG','Carmen','Núñez Jiménez','9 (Scopus)','12753947X','983423792','img/user.png','',3,2,'Sistemas dinámicos no autónomos. ','',3,'363846','7101931720','H-8997-2015','0000-0002-4344-6956','','',NULL,'3ikkWNNBrjtO5thWhYwglORyiQaSIh4miDUY81bM4wboH1U4AuQLzGVC6SUX',NULL),(55,1,15,'rafoba@wmatem.eis.uva.es','$2y$10$hyhoQ3vauktTAEzK.kdAUefBKBKPFwtJ.QUlvWfXxDBV.KMf68vSm','Rafael','Obaya García','14 (Scopus)','10821557B','983423795','img/user.png','',3,2,'Ecuaciones diferenciales no-autónomas. Dinámica casi-periódica y cas-automórfica. Sistemas dinámicos monótonos. Teoría de control no autónoma. Bifurcación  en teoría teoría de osciladores no lineales. Modelización en biología e ingeniería.','',543,'206631','','','','','',NULL,'G2WjRMfT3E7D41Sfl7AsRAGg4qTXhfNmdoBqLOrR4vCqPBbHJ9RL8gmIO5Zh',NULL),(56,1,9,'olmo@fta.uva.es','$2y$10$RODtk6upFSwZwbPHYFvX/uV9KdlzNW4h9hkZqueG9oyr/Po9O25Eq','Mariano','del Olmo Martínez',NULL,'12353826C','983423146','img/user.png','',2,11,NULL,NULL,2,'133745',NULL,NULL,NULL,'','',NULL,'WE8CBMkiVn7C8i58YbqYNIT5cdIvj5tZzyXMtEkVGcGusulLxzpdNacRpr3e',NULL),(57,0,17,'ortega@am.uva.es','$2y$10$3A9PrtxF2b9nI1PiuCghQuMxuV2Gz9DE0IVypz8qYvJx8gF9pgriC','Tomás','Ortega del Rincón',NULL,'71244514J','983184472','img/user.png','',10,10,NULL,NULL,2,'255228',NULL,NULL,NULL,'','',NULL,NULL,NULL),(58,1,4,'palencia.math@gmail.com','$2y$10$aLFDRGncUqTBTX06YPnxQeGyfccloV3LJIAXAxf8TZrXCkKxHmKoK','César','Palencia de Lara',NULL,'','983185805','img/user.png','',4,2,NULL,NULL,3,'280468',NULL,NULL,NULL,'','',NULL,NULL,NULL),(59,0,11,'jfpascual@maf.uva.es','$2y$10$.UrO0oScGd1HECGA0GJsv.wD9xd9/ZIGZXxAN8hR5jpFDR2sS9DZK','José Fernando','Pascual Sánchez',NULL,'','983423178','img/user.png','',2,2,NULL,NULL,3,NULL,NULL,NULL,NULL,'','',NULL,NULL,NULL),(60,1,19,'maitepe@eco.uva.es','$2y$10$ij0Mxnue/WVbkrUIrMBnP.xFOM8l78uj7Wyzmql9Z8TViq5KSiU8i','María Teresa','Peña García','4 (WoS)','13144972N','983186544','img/user.png','http://www2.eco.uva.es/maitepe/',5,4,'Elección Social, Toma de Decisiones, Representación Proporcional','',2,'953490','36462947800','H-5637-2015','0000-0003-4594-7225','','',NULL,NULL,NULL),(61,1,18,'perezesp@eaee.uva.es','$2y$10$x6kf3CqTNMtRvvFcEBrvGur7FHPwnHvWvWjOWv9YyS/qf4jotBI2y','Ana','Pérez Espartero','3','12372011N','983423317','inv18012017_37AnaPerez.jpg','http://www5.uva.es/espartero/Ana.htm',5,4,'Econometría financiera, Volatilidad estocástica, Medición del bienestar, Indicadores de pobreza','',2,'','','H-4268-2015','0000-0003-2653-4505','','',NULL,'EMVmxDqhw0Ji6StvTRjDoX1b2prZfLBZeDEE8obrjkTaz2UwUQOqlwfKD2CE',NULL),(62,0,15,'terper@wmatem.eis.uva.es','$2y$10$3HWKIVLEY2tJn/bWQbTJU.GirzF3uaL1xZox0tzjeyotErEvbJRBW','María Teresa','Pérez Rodríguez',NULL,'09737371E','983423794','img/user.png','',3,2,NULL,NULL,2,'311312',NULL,NULL,NULL,'','',NULL,NULL,NULL),(63,0,7,'anicolas@maf.uva.es','$2y$10$yPWUyqpybESk4HE6NK8Q3uu8aR1dfN4KqY1qZa0AMEpPH5u/OLYCa','Alejandro','Piñera Nicolás','5','10907638A','975129248','img/user.png','',12,2,'Códigos detectores y correctores de errores. Teoría de caracteres.','',2,'848262','6507537360','','0000-0001-6499-0072','','',NULL,'x8M3wWe5IC9ILEya66tXAz82ySgO1o0FofLEnv3m9UyJMYHpbkyivWw95uM6',NULL),(64,1,16,'mpisoner@maf.uva.es','$2y$10$4YNpYJlrTCO2wyvL5gbvheyUoal8rFpn8D5vsm5b7uyKfDEfmast2','Miriam','Pisonero Pérez','4 (MathSciNet)','09274153R','983185259','img/user.png','',6,2,'Problemas espectrales inversos no negativos, Teoría de Grafos, Algebra Lineal.','',2,'337492','18837658900','H-9116-2015','0000-0001-6092-7922','','',NULL,'kmlgLVi6YpXpClESRMLvhqMNJxn00PH12tX2e1LsGiRlbFoLrOzhV5l9RZEz',NULL),(65,1,4,'ana@mat.uva.es','$2y$10$sVDyumSrmFw0sYn4MgB7iel4NAto7fFJRMQUh8rVHNqqo9r89c4HO','Ana María','Portillo de la Fuente','3 (Scopus)','09299152E','983184547','','',9,2,'','',3,'615152','6603663273','','0000-0003-3686-5033','','',NULL,NULL,''),(66,1,20,'jesus.poza@tel.uva.es','$2y$10$y7WKdScBYz247RaV3tvOHuMvPtj1H7p0.pPx7ZA8fwWfDDavZ6PWe','Jesús','Poza Crespo','13 (Scopus)','72882772G','983423000','img/user.png','http://www.gib.tel.uva.es/index.php?option=com_jumi&fileid=94&Itemid=100&lang=es&Id=68',4,9,'Procesado de señales biomédicas. Análisis tiempo-frecuencia. Análisis wavelet. Teoría de la información. Acoplamiento Neuronal.','',2,'','36913078800','B-4509-2008','0000-0001-8577-9559','','',NULL,'bQp0ckQYoTULEpuLBt917JHSzt0BVRKgSX7uMjJoWuJoJ5FhRqxrBqWjqkaF',NULL),(67,0,2,'revilla@mac.uva.es','$2y$10$C.x5Dj5r7VWQ9ewuZ89I..dbav9nf4WFgLhvbBWXOXbYyKI.aOJUG','Miguel Ángel','Revilla Ramos',NULL,'12199961W','983423182','img/user.png','',2,2,NULL,NULL,2,'214300',NULL,NULL,NULL,'','',NULL,NULL,NULL),(68,1,18,'cpalmero@eco.uva.es','$2y$10$QrPkTlMCfZIT.d/oRytFfuAQwbuzWyHnLMdfWS.KfeQXhifMSjrU6','Carlos','Rodríguez Palmero',NULL,'09287276Z','983423329','img/user.png','',5,4,NULL,NULL,2,'621682',NULL,NULL,NULL,'','',NULL,NULL,NULL),(69,0,15,'jesroj@wmatem.eis.uva.es','$2y$10$WBV0qEFM0NlrLEmUF/.LteNGOWe7IlfoPL32XZIAlLv6wmDnPtuay','Jesús','Rojo García',NULL,'13048651S','983423390','img/user.png','',3,2,NULL,NULL,2,'280695',NULL,NULL,NULL,'','',NULL,NULL,NULL),(70,1,12,'crueda@eio.uva.es','$2y$10$8vZWpf3.NpfO4uco8Hel6ePpcLYrOjdKEkkGZbqvRJiyBLbxkO9ga','Cristina','Rueda Sabater','7 (Scopus)','09282319W','983184168','inv23012017_46FOTO14.jpg','http://www.eio.uva.es/infor/personas/cristina.html',11,3,'Inferencia Estadística con Restricciones\r\n Métodos estadísticos en Demografía\r\nAnálisis discriminante\r\nEstimación de áreas pequeñas\r\nMétodos estadísticos en Bioinformática','Perfil Docente: Profesora y responsable de diferentes asignaturas relacionadas con la Bioestadística en la UVa, destacando la docencia en el Grado en Medicina, en el Grado en Estadística y en el Máster en Investigación Biomédica.\r\n\r\nPerfil Investigador: Coordinadora del Grupo de Investigación Reconocido (GIR) por la UVa en Inferencia con Restricciones. Este GIR desarrolla metodología estadística específica para resolver problemas pertenecientes a diferentes ámbitos, dado que la Inferencia Estadística con restricciones es una rama de la estadística aplicable a una gran variedad de disciplinas, como la medicina, la bioinformática y la biología. Asimismo, este grupo de investigación implementa herramientas de software para la metodología que desarrolla y las pone a disposición de los usuarios. \r\n\r\nNº Sexenios de investigación: 4. Fecha último sexenio concedido: 31/12/2012\r\n Publicaciones en primer cuartil (Q1): 11; en segundo cuartil (Q2): 11 (referencia 2013)\r\n Índice h: 10. Índice Research Gate (RG Score): 24.24\r\n Miembro electo del ISI . \r\n Editora Asociada de la Revista TEST.\r\n Editora Asociada de la revista Journal of the Indian Society of Agricultural Statistics.\r\n Miembro del Comité Científico del Instituto de Matemáticas de la UVa (IMUVA).\r\n Miembro de la Comisión Académica del Doctorado en Matemáticas de la UVa.\r\n\r\n',53,'314631','','','','','',NULL,'9pgrhC8LdjCn2eGnO4RwNuI8RcwHe81cJYmh6NombtIPgVM2cweTfWXmpczH',NULL),(71,0,2,'jsaez@eio.uva.es','$2y$10$1cmDfR.DkBDimre3spsi4e46EkIHFsKC3KpMlCZcEbu2s9XcBbghm','Jesús','Sáez Aguado',NULL,'12219203Q','983186417','img/user.png','',2,3,NULL,NULL,2,'667582',NULL,NULL,NULL,'','',NULL,NULL,NULL),(72,0,12,'bosal@eio.uva.es','$2y$10$uv3xwSFj/hYlq/Mgo00gFuMxgN3pgPtXdTOeKZd2Z6cP/n56kCKHy','Bonifacio','Salvador González','','11699574A','983186414','img/user.png','',2,3,'','',2,'153660','6602003545','','0000-0003-2814-8536','','',NULL,'Eespt4ghWPKIv3u9xnjFMeECdOwOZDoi1vEH62mDdTGruXi4CSCRAebHn2sc',NULL),(73,1,2,'augusto@mat.uva.es','$2y$10$uF7IiqXzQ07YGBYXLakiG.H5DRR22er9.evJ5ZOlXea5ZSPOZyPrO','Luis Augusto','San José Nieto','8 (Scopus)','09272043F','983185707','img/user.png','',7,2,'Inventarios. Programación lineal. Análisis Multivariante','',2,'730128','8628326100/8931747300','S-5346-2016','0000-0002-5705-8583','','',NULL,'jTdOmLC41US0fULfK6GMULm2ZSwBeUijif0rdDyjyhjtlMfRE3ESoj0n1ro2','Universidad de Valladolid'),(74,1,15,'meusan@eis.uva.es','$2y$10$ue7tRRfK9ZKMY7dYqAfB5.ryyaZUabve4O3dJeaOvfwXXCgic.q6u','María Eugenia','San Saturio Lapeña',NULL,'','983423388','img/user.png','',3,2,NULL,NULL,0,'153970',NULL,NULL,NULL,'','',NULL,NULL,NULL),(75,1,9,'mariano.santander@uva.es','$2y$10$6WnnautweS/TkfICPb6INeVd6p2I7FnDCqVN//7TzLlXuVq/EOwfu','Mariano','Santander Navarro','','','983423148','img/user.png','',2,11,'','',0,'154345','','','','','',NULL,'TdRCwcMvryOyNVWdM40bTrr0Kmb4svrRhggvhSMsOns2aQ6CLq5xUDKvppNi',NULL),(76,1,15,'anamaria.sanz@uva.es','$2y$10$zr4euj83N8yRQ4Vy.JPvHuBWZ1Jd60V2ZzAE3U1iwiVHzg05nHE8K','Ana María','Sanz Gil','11 (Scopus)','09338602G','983184472','img/user.png','',10,10,'Dinámica topológica en sistemas dinámicos no autónomos.\r\nAplicaciones a EDOs, ecuaciones diferenciales con retardo y EDPs parabólicas no autónomas y recurrentes. \r\nModelización matemática.','',3,'642204','7102064116','H-7334-2015','0000-0003-1616-1477','','',NULL,'U8MSdK0O8y7C0KnwaBfRTCMaqa6UPsmzCvC7tlHyu7kxzTDK5EimHxpGMaPF',''),(77,1,27,'jsanzg@am.uva.es','$2y$10$5SRRu3qQX06pdCF7Paif1eaQp3THxZGVThUFKR9Vym5CTa9/.IhCm','Javier','Sanz Gil','5 (MathSciNet)','09318807N','983184644','img/user.png','http://javiersanzgil.blogs.uva.es/',2,5,'Teoría asintótica de ecuaciones diferenciales y en diferencias; problemas de extensión e interpolación en clases ultraholomorfas y ultradiferenciables de funciones','',25,'641126','56235143800','I-2226-2015','0000-0001-7338-4971','','',NULL,'1gMqSUTeF1HTRygulgEhKybUVHr5QXGbYTKLTE8CvBvm32rkdi2BTNKGcC8b',NULL),(78,1,8,'fsanz@agt.uva.es','$2y$10$K2oxf/xogHlP.CGAT7PbLOM1rfFC8V2KBMAmp2TpG7ro1X58/itXG','Fernando','Sanz Sánchez','5','12328088L','983423672','img/user.png','',2,5,'- Campos de vectores analíticos reales\r\n- Ecuaciones diferenciales ordinarias\r\n- Geometría real y geometría o-minimal\r\n- Gérmenes de difeomorfismos holomorfos (dinámica compleja)\r\n- Desarrollos asintóticos','En cuanto a la investigación, dentro de la línea general sobre las ecuaciones diferenciales y los sistemas dinámicos, he trabajado en diversos temas específicos: campos reales analíticos, problema del gradiente, foliaciones holomorfas, sumabilidad y desarrollos asintóticos, difeomorfismos holomorfos. Esta diversidad de temas y de técnicas usadas (y algunas desarrolladas) se extiende también a la gran cantidad de colaboradores con los que he publicado artículos de investigación, lo que prueba mi capacidad para desarrollar proyectos. En el futuro a corto plazo, tengo hasta un total de seis trabajos en preparación en fase final de redacción (como se explica en la memoria de esta solicitud), lo que garantiza mi continuidad como investigador en el futuro. \r\n      Es importante destacar el alto contenido internacional de mi carrera profesional: \r\n- Tesis en cotutela Valladolid-Dijon, ya defendida; \r\n- 9 de entre los 15 profesores con los que he colaborado están en Francia, Canadá o Brasil; - Un total de 17 estancias de al menos un mes en centros internacionales, la más destacada  de 6 meses en el Fields Institute de Toronto (ver abajo).\r\n- Hasta 13 ponencias invitadas y una decena de comunicaciones en congresos internacionales en los 60 congresos o encuentros de todo tipo en los que he participado; \r\n- Más de 30 conferencias o seminarios en centros visitados; \r\n- Participación activa en proyectos europeos como la Red TMR y convenios hispano-brasileños; \r\n- Investigador principal en dos Acciones Integradas con Portugal y Francia; \r\n-Miembro del Centro “Tordesillas” de Relaciones con Iberoamérica, CTRI-UVa (anteriormente Inst. de Estudios con Iberoamérica y Portugal).\r\n	Quiero señalar que en mi investigación también está presente una fuerte componente de promoción de la investigación: por un lado una parte de mis colaboraciones lo han sido con jóvenes doctores y, por otro, he dirigido una tesis y varios trabajos de máster y de doctorado que han derivado en publicaciones. En tercer lugar, he sido responsable de una beca postdoctoral del programa de “Incorporación de jóvenes doctores extranjeros, José Castillejo”\r\n	En cuanto a labor docente, me he ocupado de asignaturas muy dispares, tanto en cuanto a la titulación (licenciatura, grado, máster, doctorado, escuelas doctorales y también algunos cursos de formación doctoral en Canadá y Francia), como en contenidos.\r\n	En los últimos años también he tenido algunas responsabilidades académicas y administrativas (Coordinador Programa Erasmus, Responsable Local de Matemáticas para las PAEU). \r\n	Debo señalar finalmente que este currículum que presento ha valido ya la “qualification” francesa para poder optar a la categoría de Professeur des Universités en Francia (equivalente a la Acreditación para Catedrático de Universidad en España), en febrero de 2014.\r\n',2,'623470','','','','','',NULL,NULL,NULL),(79,1,6,'sanzsern@mac.uva.es','$2y$10$yryle5Np0/l2TTKSXzbSJu2SJSuqRI.T.FUZa1OOUR/fctlqFqVt.','Jesús María','Sanz Serna','18 (MathSciNet)','12212858L','983423798','img/user.png','http://sanzserna.org/intro.php',2,1,'','',0,'154465','','','','','',NULL,NULL,NULL),(80,0,2,'tena@agt.uva.es','$2y$10$0zSuzWYS7OmPtz73fJ/9LuvH4l6O8LGpt2y7e01JX49y5TKVqc7kW','Juan Gabriel','Tena Ayuso',NULL,'08651827D','983423045','img/user.png','',2,5,NULL,NULL,0,NULL,NULL,NULL,NULL,'','',NULL,NULL,NULL),(81,1,2,'areguera@agt.uva.es','$2y$10$qCH52bF//E7mscKrgi.ONeBVz2IkB.30kbqCpT9y3cbQnfc8ASBTe','Ana José','Reguera López','','13125460G','983423048','img/user.png','',2,5,'','',0,'351624','','','','','',NULL,'b6Sf50q5lzmnZ0WqDScoutPRhgMFRh6g986MSSSiZvsmuCAsKroI8liKdtO5',''),(82,1,9,'jnegro@fta.uva.es','$2y$10$9Ha.24ZAEjlv3vYHSjWtueoDj2tvla9sZKOM3eC3Enagkcb.nMaZy','Javier','Negro Vadillo','','12228874G','983423040','img/user.png','',2,11,'','',3,'271809','','','','','',NULL,NULL,''),(83,1,9,'luismiguel.nieto.calzada@uva.es','$2y$10$aBOjWdp9Wx1I59UIoAojS.2DzICZoFZ3vwn.ivolRKc6eHglSYi/.','Luis Miguel','Nieto Calzada','24 (WOS)','12733105Y','983423754','inv12012017_25nietocalzada.jpg','http://www.ftao.uva.es/lmnieto/',2,11,'Mecánica Cuántica en el espacio de fases y sus aplicaciones físicas. Supersimetría en Mecánica Cuántica. Estados coherentes: el modelo de Jaynes-Cummings en óptica cuántica y hamiltonianos isoespectrales. Expansiones de álgebras de Cayley-Klein. Simetrías de las ecuaciones en diferencias finitas. Funciones de Wigner en óptica. Cálculos exactos en Física Atómica. Supersimetría en espacios de curvatura constante. Problemas mecanocuánticos con masas dependientes de la posición. Soluciones viajeras de ecuaciones no lineales. Sistemas dinámicos supersiéetricos y superintegrables clásicos y cuánticos. Aplicaciones de la QFT y de la teoría de extensiones autoadjuntas a la modelización matemática del grafeno y otros metamateriales.','Mathematical Physics Group web page: http://mathphys.uva.es/',0,'131330','7006767697','http://www.researcherid.com/rid/L-1692-2014','http://orcid.org/0000-0002-2849-2647','','',NULL,'hdU8b3hYk9g8JWahg2Ce5eybWeybeRk83rs4U2qYfcM9O45aFbd4DoEARZvV',NULL),(84,1,9,'izquierd@fta.uva.es','$2y$10$IihvuVO9E2oEoOTWqcPMNOw03gLxFQrPUPU49Qp.A2Rel.3TlL6eu','José Manuel','Izquierdo Rodríguez',NULL,'25382427H','983423263','img/user.png','',2,11,NULL,NULL,2,'263301',NULL,NULL,NULL,'','',NULL,NULL,NULL),(85,1,2,'cedricmc@icmat.es','$2y$10$6Eu3Mxq0L5V9DhPGRCKZheRx3dTIUdvAhmEovV3UvSMnsy3xHsi.O','Cedric','Martínez Campos',NULL,'45632993G','983185882','img/user.png','',2,2,NULL,NULL,0,'841807',NULL,NULL,NULL,'','',NULL,NULL,NULL),(86,1,27,'fgcubillo@am.uva.es','$2y$10$NUyQIXfQHAi0Ug/23Gwd0e9/p0Mdd4/OYHm2xfzlJLcoJwxTqMg6a','Fernando','Gómez Cubillo','4 (WoS, enero 2017)','09278875P','983184636','img/user.png','',2,5,'Análisis Funcional, Análisis Armónico, Física Teórica, Teoría de la Señal','',2,'698936','','L-3406-2014','0000-0001-8691-357X','','',NULL,'fqm5DZjBTWaxkQszTWnqqDmz11vKf8GBNFKCrgSY5PwtXmqx54XGIIwIcIVu',''),(87,1,9,'gadella@fta.uva.es','$2y$10$t7VHQBjYW5arQmHdx2uqWuq.9JnvXNJy1lbeGdFauawwzp/8At22m','Manuel','Gadella Urquiza',NULL,'12191057E','983423145','img/user.png','',2,11,NULL,NULL,2,'70350',NULL,NULL,NULL,'','',NULL,NULL,NULL),(89,0,2,'laguna@eio.uva.es','$2y$10$Upww.z6WOLxLZJuKDqc4gOMWdBQGVzfiGxJLS4BY8g0POYq/i3Lci','Juan','García Laguna',NULL,'00356812J','983184974','img/user.png','',2,3,NULL,NULL,2,NULL,NULL,NULL,NULL,'','','2016-07-08 09:38:11',NULL,NULL),(90,1,2,'mnjmhd@am.uva.es','$2y$10$6NLGgKqFdeaunq32Upcrbeuib5Jgs52eFepZ5YXiaOSWGl5AKgiqS','Manuel','Núñez Jiménez',NULL,'12714052C','983423924','img/user.png','',2,5,NULL,NULL,0,NULL,NULL,NULL,NULL,'','',NULL,NULL,NULL),(91,0,6,'alfonso.alamo@uva.es','$2y$10$FM6yB7VbshHsfvea0lwzEu2GDe968Oy5eytRFw5kmFUBtqC2UCdzG','Alfonso','Álamo Zapatero',NULL,NULL,'983423181','img/user.png','',NULL,NULL,NULL,NULL,0,NULL,NULL,NULL,NULL,'','',NULL,NULL,NULL),(92,2,13,'hristo.inouzhe@uva.es','$2y$10$1w.4eYWm5AgARGEraHNVo.4hqBFY4MNEwZol35LGxKKrvZlAAXxfq','Hristo','Inouzhe Valdés','',NULL,'983423111','img/user.png','',1,1,'','',2,'','','','','','',NULL,NULL,NULL),(93,2,2,'jesusjavier.jimenez@unican.es','$2y$10$sMtmh8ZfqSI6GXjVJDdb5OnRgNQzUtOjudv0aRB/X9G4qU.rL6Ozm','Jesús Javier','Jiménez Garrido','',NULL,'','img/user.png','',NULL,1,'','',2,'','','','','','',NULL,'0Ki8nA9PpLFfFQ259hNxyv921zTDYSCNNnzuxncRGb1cB1IQAJqWb9rWPWYK','Universidad de Cantabria'),(94,1,12,'yolanda.larriba@uva.es','$2y$10$zWxCUIKJeMCo91me6EUI2OrlBKhrlT2vQb4oicAXWXWKBDd3xzPtq','Yolanda','Larriba González','',NULL,'983185877','img/user.png','',2,3,'','',2,'1359353','57193728433','','','','',NULL,NULL,''),(95,1,2,'iaclon@wmatem.eis.uva.es','$2y$10$QGKvGxLDysH6D.KX7qV5reEYZtTqDVnnibWdW8swGUd6rDFfmVlvi','Iacopo Paolo','Longo','',NULL,'983423799','img/','',3,2,'Non-autonomous ordinary and functional differential equations of Carathéodory type. \r\nBifurcation Theory.','',0,'','','','','','',NULL,NULL,NULL),(96,1,8,'beatriz.molina@uva.es','$2y$10$mT3uSrBuUI/YPk/Ztw.BleVBAwglzSoJe.LQCF2enivZkiUrKxjHi','Beatriz','Molina Samper','',NULL,'983423046','img/user.png','',2,5,'','',2,'','','','','','',NULL,NULL,'Universidad de Valladolid'),(97,2,13,'marina.agullo@uva.es','$2y$10$foKiS/65cTxpfVA2QszCQOcIaVouQB.xb3.PtJB0RetlUw3tWITlG','Marina','Agulló Antolín','',NULL,'983184869','img/user.png','',NULL,1,'','',2,'','','','','','',NULL,'5USRXXBFVcGcJVvIzT8hU81NgbX05GIdBSd2egMj1xCvwod0S58fvCGUTe18','Universidad de Valladolid'),(98,0,17,'matias.arce@uva.es','$2y$10$tkBMVlnqOfbtmEGl9YvTQ.c93i8CR0MHX8aK2Dav0AiHUSi39bgaS','Matías','Arce Sánchez',NULL,NULL,'983184472','img/user.png','',NULL,NULL,NULL,NULL,1,NULL,NULL,NULL,NULL,'','',NULL,NULL,NULL),(99,1,2,'ismael.maroto@uva.es','$2y$10$1UgRlOVw/.L3n70di8.NkuyP0D.0dZjuxNWb/5CbuhhMaFtyf5/HW','Ismael','Maroto Camarena','',NULL,'983423799','img/user.png','',1,1,'','',0,'','','','','','',NULL,NULL,''),(100,0,1,'julio.pastor@uva.es','$2y$10$zwhZMm3iNXAfZK9Gjal.SuXsulu147jCTQL8o8qrA1HD3nAgE1QqS','Julio','Pastor Benito','',NULL,'983423944','img/user.png','',2,3,'','Operador de Informática',9,'','','','','','',NULL,'OwATCOOckglQsRczqrSvJ01AzxARysWT9l0PmmOfQEfWjiXFuacgbymF0DOe',NULL),(101,1,15,'andres.riaguas@uva.es','$2y$10$yZgsMvet3uogYYxfj5WTHe4JofKRYWhXen4vCmQLCJjiGi/A433Z6','Andrés','Riaguas Guedán','',NULL,'975129419','img/user.png','',1,2,'','',0,'348426','6603494131','G-3307-2016','orcid.org/0000-0001-6097-1202','','',NULL,'E2zgwXfYCaHsRhXYFpBV6oQjycHaYhSDR3JEXzwYh5kdK89GznMcPHqtsdta',''),(102,0,19,'raquel.gonzalez.pozo@uva.es','','Raquel','González del Pozo','',NULL,'','img/user.png','',5,4,'','',1,'','','','','','',NULL,NULL,NULL),(103,2,13,'pgordaliza94@gmail.com','','Paula','Gordaliza Pastor','',NULL,'','img/user.png','',1,1,'','',2,'','','','','','',NULL,NULL,'BCAM'),(104,1,2,'mario.moran-canon@univ-rennes1.fr','','Mario','Morán Cañón','',NULL,'','img/user.png','',1,1,'','',0,'','','','','','',NULL,NULL,NULL),(105,0,13,'chojat_alvaro@hotmail.com','','Álvaro','Alonso Isla','',NULL,'','img/user.png','',1,1,'','',0,'','','','','','',NULL,NULL,NULL),(106,1,2,'anas.2720@gmail.com','','Anastacia','Londoño Rodríguez','',NULL,'','img/user.png','',1,1,'','',0,'','','','','','',NULL,NULL,''),(107,1,2,'oziel_gm@ciencias.unam.mx','','Oziel','Gómez Martínez','',NULL,'','img/user.png','',1,1,'','',0,'','','','','','',NULL,NULL,''),(108,1,2,'eccehomo@ciencias.unam.mx','','Jesús Alberto','Palma Márquez','',NULL,'','img/user.png','',1,1,'','',0,'','','','','','',NULL,NULL,''),(109,0,6,'paulamaria.lopez@uva.es','$2y$10$hlRluuPdd/BlX3ZTFDvMW.fyVrmGwEmErGwk/cy3pvHCozwOpLr8S','Paula María','López Pérez','',NULL,'983185882','img/user.png','',2,2,'','',2,'','','','','','',NULL,'HGcGzhO709reIGYiCVf7NjiliDbp7PRbTjsCiDK1DZPOZPaRNoVKMpL0vyJ2',NULL),(110,1,14,'diego.ruano@uva.es','$2y$10$5LQzPokK8ynG.au/6/K8neC0AsQPqAeUTLDxRzErUqg.HjFHDrHBC','Diego','Ruano Benito','13 (Web of Science), 14 (Scopus), 18 (Google Scholar)',NULL,'983185084','inv22032018_16Diego2017_squareMini2.jpg','http://www.singacom.uva.es/~ruano/',2,5,'Coding Theory and Cryptography using Algebra and Geometry: Linear codes, Algebraic Coding Theory, Decoding Algorithms, Network Coding, McEliece Cryptosystem, Quantum Stabilizer Codes, Secret Sharing.','',65,'809126','35273277800','F-4732-2011','0000-0001-7304-0087','','',NULL,'0F0c8gz5SsL4Z4bvtbfhoGHGBm4YlU0a5t891GG8OH0rpa0hqsXbRM9jlyus','Universidad de Valladolid'),(111,1,2,'ecfmd@hotmail.com','$2y$10$qf7Oqb.npLnbGUyH/Kp7DO9nsNbDk9PgF31X5.G99QoFL1jjptdzy','Eduardo','Camps Moreno','',NULL,'','img/user.png','',8,1,'','',0,'','','','','','',NULL,NULL,''),(112,0,13,'raulandres.torres@uva.es','$2y$10$1EyRnOt6n2N3JTiYj3IyDez1WGCQjtgQF1790k0JxDB9jAlZc3tv6','Raúl Andrés','Torres Díaz','2',NULL,'983424169','inv18022019_36Logo.jpg','https://sites.google.com/site/raulandrestorresdiaz/',2,3,'Multivariate Analysis, Multivariate Extreme Value Theory, Copulas.','',2,'1140547','56900545500','O-1189-2018','0000-0002-3462-8416','','',NULL,'ZEVpROZ2zUndwLy6hVFReLw2wdJ6tJ2PseJE4tVE2nB6pHpwN7zdSmL5g4yE',NULL),(113,1,14,'daniel.camazon@uva.es','$2y$10$ZLy9WdnRzUCZu4gLqFayNOKs9KmAP3P3ZmQ9fPsm0jeBLQneUd3xe','Daniel','Camazón Portela','',NULL,'','img/user.png','',1,1,'','',1,'','','','','','',NULL,NULL,NULL),(114,0,13,'alberto.gonzalez.sanz.96@gmail.com','','Alberto','González Sanz','',NULL,'','img/user.png','',2,3,'','',1,'','','','','','',NULL,NULL,''),(118,1,2,'','','Alejandro','Rodríguez Collado','',NULL,'','img/user.png','',1,1,'','',0,'','','','','','',NULL,NULL,NULL),(119,1,6,'joserodolfo.morales@uva.es','','José','Rodolfo Morales','',NULL,'','img/user.png','',1,1,'','',2,'','','','','','',NULL,NULL,''),(120,1,14,'seyma.bodur@uva.es','','Seyma','Bodur','',NULL,'','img/user.png','',1,1,'','',1,'','','','','','',NULL,NULL,''),(121,1,14,'alvaro.samperio@uva.es','','Alvaro','Samperio Valdivieso','',NULL,'','img/user.png','',1,1,'','',1,'','','','','','',NULL,NULL,''),(122,1,27,'ignacio.miguel@uva.es','$2y$10$ECxTzKuEyAugTb1K/CO.D.oniroagFiAJUhEFeGNY7HFTPF57IRxe','Ignacio','Miguel Cantero','',NULL,'983185879','img/user.png','',2,5,'','',1,'','','','','','',NULL,'dQ2pFRbPlALwhkhWsvrGzPEzYUrTwuvDlHCd04guPaw7qdSKquYbWezBIPiQ','Universidad de Valladolid'),(124,2,14,'carlosjesus.moreno@uva.es','$2y$10$i.13ewAJqPgLQh9D/WrsXutmEntGKXLONrYn.AyavuLl81LxtNP9i','Carlos Jesús','Moreno Ávila','',NULL,'','img/user.png','',2,5,'','',0,'','','','','','',NULL,'bvUAwmfQtjKTNkQ5uFV6sHK3yZgGkewYnCUV9LQeSNRyWzIWAmz54slELRkQ',''),(125,1,9,'diego.saez@uva.es','$2y$10$H3mzKasME/KtTlqLDSR72ez2nP8/Z6.zfrfoPUIPgw6Z38H9VGo8C','Diego','Sáez Gómez ','',NULL,'','img/user.png','',2,11,'','',0,'','','','','','',NULL,'5KLx7CCtwdPje2E2WXqCoRXylBETXe9HhoKfHmwFIJGjKGVBAUruc36GXCmj','Universidad de Valladolid'),(126,1,14,'umberto.martinez@uva.es','$2y$10$CJxis3fN00LZZXDLYopkYOJwk8yYCBB1CMzzi1gjExWXxQlH6JBvq','Umberto','Martínez Peñas','',NULL,'','img/user.png','',2,5,'','',3,'','','','','','',NULL,NULL,'Universidad de Valladolid'),(127,1,16,'rodrigo.san-jose@uva.es','$2y$10$F0F34Me/Pm5zd8RHTpeg3O0rAn8iqQTcCyX5Lw.ZDNUHxg/6aVhx2','Rodrigo','San José Rubio','',NULL,'983184646','img/user.png','https://sites.google.com/view/rodrigosan-jose',2,5,'','',1,'1568908','57471166500','HZH-6725-2023 ','0000-0002-0944-7584','','',NULL,'radXxMI22pOpmQlDO7uWmWlp6djMwIkF0fY3MttwYmkqY3cNgIjNHndIdH58','Universidad de Valladolid'),(128,2,19,'raqueg18@ucm.es','','Raquel','González del Pozo','',NULL,'','img/user.png','',1,1,'','',2,'','','','','','',NULL,NULL,'Universidad Complutense de Madrid'),(129,2,19,'patrizip@ucm.es','','Patricia','Pérez Asurmendi','',NULL,'','img/user.png','',1,1,'','',2,'','','','','','',NULL,NULL,'Universidad Complutense de Madrid'),(130,1,4,'carlos.arranz@uva.es','','Carlos','Arranz Simón','',NULL,'','img/user.png','',2,2,'','',1,'','','','','','',NULL,NULL,'Universidad de Valladolid'),(131,1,16,'alberto.fernandez.boix@uva.es','','Alberto','Fernández Boix','',NULL,'','img/user.png','',2,5,'','',2,'','','','','','',NULL,NULL,'Universidad de Valladolid'),(132,1,6,'victor.gaton@uva.es','$2y$10$bgwum.Abu50GaeXEm9hbYeHm8CSGMHbxIoXC81y2LGkGcU2Ew9lRm','Víctor','Gatón Bustillo','',NULL,'','img/user.png','',2,2,'','',2,'','','','','','',NULL,NULL,'Universidad de Valladolid'),(133,1,15,'jesus.duenas@uva.es','','Jesús','Dueñas Pamplona','',NULL,'','img/user.png','',3,2,'','',1,'','','','','','',NULL,NULL,'Universidad de Valladolid'),(134,1,6,'beatriz.gomez.martin@uva.es','','Beatriz','Gómez Martín','',NULL,'','img/user.png','',2,2,'','',1,'','','','','','',NULL,NULL,'Universidad de Valladolid'),(135,1,1,'mario.gonzalez.sanchez@uva.es','','Mario','González Sánchez','',NULL,'','img/user.png','',2,5,'','',1,'','','','','','',NULL,NULL,'Universidad de Valladolid'),(136,1,8,'maria.martin.vega@uva.es','','María','Martín Vega','',NULL,'','img/user.png','',2,5,'','',1,'','','','','','',NULL,NULL,'Universidad de Valladolid'),(137,1,13,'david.rodriguez.vitores@uva.es','','David','Rodríguez Vítores','',NULL,'','img/user.png','',2,3,'','',1,'','','','','','',NULL,NULL,'Universidad de Valladolid'),(138,1,9,'carlos.san-millan@uva.es','','Carlos','San Millán Carpintero','',NULL,'','img/user.png','',2,11,'','',1,'','','','','','',NULL,NULL,'Universidad de Valladolid'),(139,1,9,'cesar.romaniega@uva.es','','César','Romaniega Sancho','',NULL,'','img/user.png','',2,11,'','',1,'','','','','','',NULL,NULL,'Universidad de Valladolid'),(140,1,9,'jose.munoz.castaneda@uva.es','','José María','Muñoz Castañeda','',NULL,'983423267','img/user.png','',2,11,'','',2,'791731','23091546300','D-8357-2018','0000-0003-4263-0564','','',NULL,NULL,'Universidad de Valladolid'),(141,1,16,'josebrox@uva.es','','José Ramón','Brox López','',NULL,'','img/user.png','',2,5,'','',2,'1081521','55944491400','','0000-0001-9822-5838','','',NULL,NULL,'Universidad de Valladolid'),(142,1,14,'luisjose.santana@uva.es','','Luis José','Santana Sánchez','',NULL,'','img/user.png','',2,5,'','',2,'','','','','','',NULL,NULL,'Universidad de Valladolid'),(143,1,18,'pedro.gutierrezdiez@uva.es','','Pedro José','Gutiérrez Díez','',NULL,'983423382','img/user.png','',5,8,'','',2,'','','','','','',NULL,NULL,'Universidad de Valladolid'),(144,1,14,'adrian.fidalgo22@uva.es','','Adrián','Fidalgo Díaz','',NULL,'','img/user.png','',2,5,'','',1,'','','','','','',NULL,NULL,'Universidad de Valladolid'),(145,1,2,'jesus.tapia@uva.es','$2y$10$Dr3qRRvC.vH/J.qlHdHA2uqxloZpi.jg63c5dPotQ5QQfOgcwVf4y','Jesús Alberto','Tapia García','5',NULL,'983185873','img/user.png','',2,3,'Metaheuristicas en problemas de localización de Investigación Operativa\r\nAnálisis envolvente de datos \r\nQimiometría','',2,'','57195605856','','0000-0001-6750-560X','','',NULL,'cthMRvPg45rPkoPNpygILc16FjGT2oNfEJTexrcFMFFiZWsTgfAIIaSVMNx3','Universidad de Valladolid'),(146,1,2,'anibal.bregon@uva.es','$2y$10$7S83ibze/nYHokH/ejGd.OaQPVc1U7dPMMO0qGyhFdE4uWs6ENYBi','Anibal','Bregón Bregón','18',NULL,'983185619','img/user.png','',14,1,'Inteligencia Artificial, Diagnóstico Automático de Dispositivos, Sistemas Basados en Conocimiento, Diagnóstico basado en Consistencia, Razonamiento basado en Modelos, Supervisión y Diagnosis, Prognosis, Big Data, Deep Learning','',2,'','57211399489','R-6700-2018','0000-0001-6752-1159','','',NULL,'AsAjnzBDG1DUhCPSyR7w7j6Orti0UYzE7H3TkagH48OtlmbahPgaRGsB7buB','Universidad de Valladolid'),(147,1,2,'miguelamp@uva.es','$2y$10$ZrysYyyDdQUfgOC8BCFNh.zO1/Qt.SbdkY35gW53Kqrp9tcTOqvRq','Miguel Ángel','Martínez Prieto','',NULL,'921112419','img/user.png','',14,1,'','',2,'','23390008800','A-4891-2011','0000-0003-4418-561X','','',NULL,'K8864IYT4WpOfMkcwut7OwBlnD9Ij8f3ts7YZj1a6t6Ty1OjBQmNAD8gqHaH','Universidad de Valladolid');

--
-- Table structure for table `libros`
--

CREATE TABLE `libros` (
  `id_libro` int(10) unsigned NOT NULL AUTO_INCREMENT,
  `referencia` varchar(255) COLLATE utf8_unicode_ci DEFAULT NULL,
  `titulo` varchar(255) COLLATE utf8_unicode_ci NOT NULL,
  `series` varchar(255) COLLATE utf8_unicode_ci DEFAULT '',
  `nota` varchar(255) COLLATE utf8_unicode_ci DEFAULT '',
  `publisher` varchar(255) COLLATE utf8_unicode_ci DEFAULT '',
  `anho` int(10) unsigned NOT NULL,
  `paginas` varchar(255) COLLATE utf8_unicode_ci DEFAULT '',
  `ISBN` varchar(255) COLLATE utf8_unicode_ci DEFAULT '',
  `claseMR` varchar(255) COLLATE utf8_unicode_ci DEFAULT '',
  `numeroMR` varchar(255) COLLATE utf8_unicode_ci DEFAULT '',
  `revisorMR` varchar(255) COLLATE utf8_unicode_ci DEFAULT '',
  `DOI` varchar(255) COLLATE utf8_unicode_ci DEFAULT '',
  `URL` varchar(255) COLLATE utf8_unicode_ci DEFAULT '',
  `CODEN` varchar(255) COLLATE utf8_unicode_ci DEFAULT '',
  `coautores` varchar(255) COLLATE utf8_unicode_ci DEFAULT '',
  `indicadorL1` varchar(255) COLLATE utf8_unicode_ci DEFAULT '',
  `indicadorL2` varchar(255) COLLATE utf8_unicode_ci DEFAULT '',
  `indicadorL3` varchar(255) COLLATE utf8_unicode_ci DEFAULT '',
  PRIMARY KEY (`id_libro`),
  UNIQUE KEY `referencia` (`referencia`)
) ENGINE=InnoDB AUTO_INCREMENT=48 DEFAULT CHARSET=utf8 COLLATE=utf8_unicode_ci;

--
-- Dumping data for table `libros`
--

INSERT INTO `libros` VALUES (1,'MR2284824','Lectures on empirical processes','EMS Series of Lectures in Mathematics','Theory and statistical applications, With a preface by Juan A. Cuesta Albertos and Carlos Matrán','European Mathematical Society (EMS), Zürich',2007,'x+254','978-3-03719-027-2','60-02 (60-06 60B11 60B12 60F17 62F03 62G30)','2284824','M. Csörg&#337;','10.4171/027','http://dx.doi.org/10.4171/027','','del Barrio, Eustasio and Deheuvels, Paul and van de Geer, Sara','','',''),(2,'MR1270017','Numerical Hamiltonian problems','Applied Mathematics and Mathematical Computation','','Chapman & Hall, London',1994,'xii+207','0-412-54290-0','65-02 (34A45 58F05 65L99 70-08 70H05)','1270017','B. M. Herbst','','','','Sanz-Serna, J. M. and Calvo, M. P.','','',''),(3,'MR735794','Introducción a la geometría de los sistemas diferenciales','Colección de Monografías y Memorias de Matemáticas [Collection of Monographs and Memoirs in Mathematics], XXX','','Instituto ``Jorge Juan\'\' de Matemáticas, Madrid',1983,'iii+256','','32-01 (14D05 32C38 32C40 58G07)','735794','J. S. Joel','','','','Cano Torres, Felipe and Hermida Alonso, José Ángel and L{^e} D{~u}ng Tráng','','',''),(4,'MR895357','Desingularization strategies for three-dimensional vector fields','Lecture Notes in Mathematics','','Springer-Verlag, Berlin',1987,'x+194','3-540-17944-5','32C45 (32L99 58F14 58F18)','895357','Dominique Cerveau','','','','Cano Torres, Felipe','','',''),(5,'MR1764566','Symmetries of differential equations and numerical applications','Textos de Matemática. Série B [Texts in Mathematics. Series B], 22','','Universidade de Coimbra, Departamento de Matemática, Coimbra',1999,'ii+107','972-8564-11-2','35A30 (35F20 65P10)','1764566','Sebastian Reich','','','','Durán, Angel','','',''),(8,'MR2030386','El espacio de foliaciones holomorfas de codimensión uno','Monografías del Seminario Iberoamericano de Matemáticas [Monographs of the Seminario Iberoamericano de Matemáticas]','','Instituto Interuniversitario de Estudios de Iberoamerica y Portugal, Tordesillas',2003,'139','84-932818-9-1','32S65 (37F75)','2030386','Jorge Mozo Fernández','','','','Calvo Andrade, Omegar','','',''),(9,'MR2007766','Integrabilidade de equac c~oes diferenciais no plano complexo','Monografías del Instituto de Matemática y Ciencias Afines [Monographs of the Institute of Mathematics and Related Sciences]','','Instituto de Matemática y Ciencias Afines, IMCA, Lima; Pontificia Universidad Católica del Perú, Lima',2002,'47','','37F75 (34M35)','2007766','Jorge Mozo Fernández','','','','Pereira, Jorge V.','','',''),(10,'MR2007123','Desarrollos asintóticos y sumabilidad','Monografías del Instituto de Matemática y Ciencias Afines [Monographs of the Institute of Mathematics and Related Sciences]','','Instituto de Matemática y Ciencias Afines, IMCA, Lima; Pontificia Universidad Católica del Perú, Lima',2001,'86','9972-753-86-7','34M30 (30E15 34-01 40C15 41A60)','2007123','Javier Sanz','','','','Mozo Fernández, Jorge','','',''),(11,'MR2724458','Asymptotic analysis of differential equations','','','Imperial College Press, London',2010,'xxiv+405','978-1-84816-608-0; 1-84816-608-7','34-01 (34A25 34E20 34M30 34M60)','2724458','Jorge Mozo Fernández','10.1142/p735','http://dx.doi.org/10.1142/p735','','White, Roscoe B.','','',''),(16,'MR3222041','Current challenges in stability issues for numerical differential equations','Lecture Notes in Mathematics','Lectures from the CIME-EMS Summer School on Applied Mathematics held in Cetraro, June 2011, Edited by Dieci and Guglielmi, Fondazione CIME/CIME Foundation Subseries','Springer, Cham; Fondazione C.I.M.E., Florence',2014,'x+313','978-3-319-01299-5; 978-3-319-01300-8','65-06','3222041','','10.1007/978-3-319-01300-8','http://dx.doi.org/10.1007/978-3-319-01300-8','','Beyn, Wolf-Jürgen and Dieci, Luca and Guglielmi, Nicola and Hairer, Ernst and Sanz-Serna, Jesús María and Zennaro, Marino','','',''),(17,'MR1027835','Dirac kets, Gamow vectors and Gelcprime fand triplets','Lecture Notes in Physics','The rigged Hilbert space formulation of quantum mechanics','Springer-Verlag, Berlin',1989,'viii+119','3-540-51916-5','81-02 (46N50 47A40 47A70 81R99)','1027835','B. Geyer','10.1007/3-540-51916-5','http://dx.doi.org/10.1007/3-540-51916-5','','Bohm, A. and Gadella, M.','','',''),(31,'MR3469433','Nonautonomous linear Hamiltonian systems: oscillation, spectral theory and control','Developments in Mathematics','','',2016,'xxi+497','978-3-319-29023-2; 978-3-319-29025-6','34B20 (34A30 37Jxx 49N10 70Hxx 93C05)','3469433','Diogo Pinheiro','10.1007/978-3-319-29025-6','http://dx.doi.org/10.1007/978-3-319-29025-6','','Johnson, Russell and Obaya, Rafael and Novo, Sylvia and Nú~nez, Carmen and Fabbri, Roberta','','',''),(33,NULL,'Recent trends on Zeta functions in Algebra and Geometry','Contemporary Mathematics,  Vol. 566 ','','AMS-RSME',2012,'344','978-0-8218-6900-0','','','','','','','A.Campillo, G.Cardona, A. Melle, W.Veys, W.Zúñiga-Galindo (Editors)','','',''),(43,NULL,'Valuation Theory in interaction','EMS Series of Congress Reports','','EMS',2014,'670','978-3-03719-149-1','','','','','','','A.Campillo, F.V.Kulhmann, B.Teissier','','',''),(44,NULL,'A.Campillo, D.H.Ruipérez','Colección Aquilafuente','','Ediciones Universidad de Salamanca',2015,'276','978-84-9012-574-8','','','','','','','El legado matemático de Juan Bautista Sancho Guimerá','','',''),(45,NULL,'Computations and Combinatorics in Commutative Algebra (EACA School, Valladolid 2013)','Lecture Notes in Mathematics 2176','','Springer',2017,'','978-3-319-51318-8','','','','10.1007/978-3-319-51319-5','http://link.springer.com/book/10.1007/978-3-319-51319-5','','Anna M. Bigatti, Philippe Gimenez, Eduardo Sáenz-de-Cabezón','','',''),(46,NULL,'Monomial ideals, computations and applications (MONICA, Castro Urdiales, July 2011)','Lecture Notes in Mathematics 2083','','Springer',2013,'xii+194','978-3-642-38741-8','','MR3157474','','10.1007/978-3-642-38742-5','http://www.springer.com/gp/book/9783642387418','','Anna M. Bigatti, Philippe Gimenez and Eduardo Sáenz-de-Cabezón','','',''),(47,NULL,'Advances in algebraic geometry codes','Series on Coding Theory and Cryptology, 5','','World Scientific Publishing Co. Pte. Ltd., Hackensack, NJ',2008,'viii+444','978-981-279-400-0; 981-279-400-X ','94-06 (14G50 94B27)','2516523','','','https://www.worldscientific.com/worldscibooks/10.1142/6767#t=toc','','Martínez-Moro, Edgar and Munuera, Carlos and Ruano, Diego','','','');

--
-- Table structure for table `lineas_articulos`
--

CREATE TABLE `lineas_articulos` (
  `id_linea` int(10) unsigned NOT NULL AUTO_INCREMENT,
  `nombre` varchar(255) COLLATE utf8_unicode_ci NOT NULL,
  PRIMARY KEY (`id_linea`)
) ENGINE=InnoDB AUTO_INCREMENT=7 DEFAULT CHARSET=utf8 COLLATE=utf8_unicode_ci;

--
-- Dumping data for table `lineas_articulos`
--

INSERT INTO `lineas_articulos` VALUES (1,'No se ha especificado ninguna línea de investigación para esta publicación.'),(2,'(L1): Ecuaciones diferenciales, sistemas dinámicos y singularidades. Métodos algebro-geométricos y analíticos.'),(3,'(L2): Álgebra conmutativa y singularidades. Métodos combinatorios, computacionales y topológicos.'),(4,'(L3): Análisis numérico, sistemas dinámicos y modelización.'),(5,'(L4): Métodos estadísticos y de investigación operativa.'),(6,'(L5): Matemáticas interdisciplinares.');

--
-- Table structure for table `migrations`
--

CREATE TABLE `migrations` (
  `migration` varchar(255) COLLATE utf8_unicode_ci NOT NULL,
  `batch` int(11) NOT NULL
) ENGINE=InnoDB DEFAULT CHARSET=utf8 COLLATE=utf8_unicode_ci;

--
-- Dumping data for table `migrations`
--

INSERT INTO `migrations` VALUES ('2015_09_09_090445_create_investigadores_table',1),('2015_09_09_090537_create_tipos_table',1),('2015_09_09_090545_create_actividades_table',1),('2015_09_09_090611_create_articulos_table',1),('2015_09_09_090619_create_libros_table',1),('2015_09_09_090848_create_girs_table',1),('2015_09_09_091419_create_investigador_articulos_table',1),('2015_09_09_091428_create_investigador_libros_table',1),('2015_09_09_105615_create_proyectos_table',1),('2015_09_09_105850_create_investigador_proyectos_table',1),('2015_10_23_112129_create_centros_table',1),('2015_10_23_112135_create_departamentos_table',1),('2015_10_23_113611_foreign_investigadores',1),('2016_03_17_110255_create_congresos_table',1),('2016_03_17_110310_create_visitantes_table',1),('2016_03_17_110323_create_miscelaneas_table',1),('2016_03_17_110338_create_convocatorias_table',1),('2016_04_06_105540_create_congreso_investigadores_table',1),('2016_10_19_103243_create_workshops_table',2),('2017_01_10_093731_create_incollections_table',2),('2017_01_10_121009_create_investigador_incollections_table',3),('2017_01_10_123440_create_lineas_articulos_table',3),('2017_01_10_124538_foreign_articulos',3),('2017_01_10_134532_foreign_articulos2',3),('2017_02_14_100519_create_documentacions_table',4),('2017_03_17_131940_complete_documentacion_tabla',5),('2017_03_20_111622_foreign_documentacion',6),('2017_03_27_075645_create_presentaciones_table',7),('2017_04_17_112153_create_ciclos_table',8),('2017_04_19_105214_create_comite_asesores_table',8);

--
-- Table structure for table `miscelaneas`
--

CREATE TABLE `miscelaneas` (
  `id_miscelanea` int(10) unsigned NOT NULL AUTO_INCREMENT,
  `titulo` varchar(255) COLLATE utf8_unicode_ci NOT NULL,
  `enlace` varchar(255) COLLATE utf8_unicode_ci DEFAULT '',
  `descripcion_corta` longtext COLLATE utf8_unicode_ci,
  `autor` int(10) unsigned NOT NULL,
  `portada` tinyint(1) NOT NULL DEFAULT '0',
  `agenda` tinyint(1) NOT NULL DEFAULT '0',
  `created_at` timestamp NULL DEFAULT NULL,
  `updated_at` timestamp NULL DEFAULT NULL,
  `descripcion_larga` longtext COLLATE utf8_unicode_ci,
  PRIMARY KEY (`id_miscelanea`),
  KEY `miscelaneas_autor_foreign` (`autor`),
  CONSTRAINT `miscelaneas_autor_foreign` FOREIGN KEY (`autor`) REFERENCES `investigadores` (`id_investigador`)
) ENGINE=InnoDB AUTO_INCREMENT=36 DEFAULT CHARSET=utf8 COLLATE=utf8_unicode_ci;

--
-- Dumping data for table `miscelaneas`
--

INSERT INTO `miscelaneas` VALUES (2,'La iraní Sada Zahedi, Royal Institute of Technology (Suecia), recibe uno de los EMS Prizes. Es la única mujer.','https://t.co/CWBXs7I4cl','',1,0,0,'2016-07-22 07:36:16','2016-07-22 07:36:16',NULL),(4,'El Instituto de Matemáticas de la Universidad de Valladolid (IMUVa), premio de investigación 2018 del Consejo Social ','http://comunicacion.uva.es/export/sites/comunicacion/bf95a07f-2dd8-11e8-9536-d59857eb090a/','El Instituto de Matemáticas de la Universidad de Valladolid (IMUVa) ha sido distinguido con el Premio de Investigación 2018 que otorga el Consejo Social de la UVa para reconocer la labor de investigación y transferencia de conocimiento que se desarrolla en el seno del Instituto.',9,0,1,'2018-03-23 12:43:35','2018-04-13 16:11:42',NULL),(5,'Conferencia \'Mentiras, malditas mentiras y estadísticas. Estadística: el mejor antídoto contra la desinformación\' ','http://www.museocienciavalladolid.es/opencms/mcva/QueOfrecemos/Actualidad/EventosPropios/eventospropios/eventopropio_0730.html','El Museo de la Ciencia de Valladolid organiza el martes 10 de abril, a las 19 h,  la charla  \'Mentiras, malditas mentiras y estadísticas. Estadística: el mejor antídoto contra la desinformación\'. Una conferencia, de entrada libre hasta completar aforo, incluida en el VIII ciclo ‘Increíble… pero falso’, iniciativa desarrollada gracias a la colaboración del Centro Buendía de la Universidad de Valladolid.\r\n \r\n',9,0,0,'2018-04-10 05:17:46','2018-04-13 16:11:30',NULL),(6,'Presentación del Máster de Investigación en Matemáticas y del Doctorado en Matemáticas de la UVa','','El próximo jueves 17 de mayo a las 17:00 habrá una breve presentación del Máster de Investigación en Matemáticas y del Doctorado en Matemáticas de la UVa. Tendrá lugar en el aula 101 del Aulario-Biblioteca. Intervendrán Luis Abia (coordinador del Máster), Alfonso Gordaliza (coordinador del Doctorado) y Félix Delgado (director del IMUVA), que hablará sobre el Instituto y los grupos de investigación (GIR) de Matemáticas de la UVA.\r\n',9,0,0,'2018-05-15 04:31:00','2018-05-23 15:05:57',NULL),(7,'Presentación Proyecto TIMMIS','','Proyecto de la UVA para fomentar la realización de TFG en grupos multidisciplinares.Presentación  dirigida a estudiantes y profesores del Grado en Matemáticas interesados en participar en esta iniciativa.\r\n\r\nMiércoles 3 de octubre de 2018. 16:30\r\nSala de Grados I, Facultad de Ciencias\r\n',9,0,1,'2018-09-28 09:26:20','2018-10-04 08:10:43',NULL),(8,'Presentación de la Fundación CARTIF','','Presentación de la Fundación CARTIF (P. Tecnológico, Boecillo) La Fundación CARTIF acoge, cada año, a varios estudiantes del Grado en Matemáticas para la realización de sus prácticas (curriculares y extracurriculares), integrándolos en algunos de sus proyectos. Durante su presentación, José Ramón Perán, Director General de Cartif, expondrá el interés de la Fundación en integrar a Graduados en Matemáticas en sus proyectos.\r\n\r\nMiércoles 3 de octubre de 2018, 17:00\r\n\r\nSala de Grados I, Facultad de Ciencias',9,0,1,'2018-09-28 09:36:21','2018-10-04 08:10:36',NULL),(9,'Presentación del volumen en honor de Antonio Campillo','http://www.imuva.uva.es/uploads/ac65-imuva-bodoni.pdf','Presentación del volumen en honor de Antonio Campillo con ocasión de su 65 cumpleaños\r\n\r\n26/11/2018, 17:00 a 20:30\r\n\r\nSala de Grados I, Facultad de Ciencias\r\n',100,0,1,'2018-10-09 09:33:31','2018-10-31 07:06:19',NULL),(11,'Investigadora del IMUVa ayuda a desvelar los secretos de la cultura vaccea','http://vps280516.ovh.net/divulgamat15/index.php?option=com_content&task=view&id=18027&Itemid=33','Ana Portillo, miembro del IMUVA y profesora del Departamento de Matemática Aplicada de la UVa, explica su contribución en el \"ABCdario de las Matemáticas\".',9,0,0,'2018-12-21 08:37:09','2019-01-11 11:27:02',NULL),(12,'Abierto el proceso de preselección en el Máster en Análisis Económico y Finanzas de la UVa','http://maef.uva.es/','',9,0,0,'2018-12-21 08:39:18','2019-01-11 11:26:49',NULL),(13,'Planificación de las convocatorias de la Agencia Estatal de Investigación hasta el final del Plan Estatal de Investigación Científica y Técnica y de Innovación 2017-2020','http://www.ciencia.gob.es/stfls/MICINN/AEI/ficheros/Planificacion_final_Plan_Estatal.pdf','La Agencia Estatal de Investigación publica un calendario de apertura y resolución de convocatorias de I+D+I ',9,0,1,'2019-06-07 10:18:05','2019-09-02 08:47:46',NULL),(14,'Las mates, claves para el empleo y la productividad','https://www.elnortedecastilla.es/valladolid/mates-claves-empleo-20191014185930-nt.html','Artículo de El Norte de Castilla del 15/10/2019',9,0,1,'2019-10-15 05:54:36','2019-11-08 10:36:32',NULL),(15,'Modelos compartimentales: un estudio comparativo de la evolución de la pandemia de COVID19 en China y Castilla y León.','http://157.88.39.5:3838/sample-apps/covid19/informe/COVID19-AnalisisComparadoChinaCyL.html','Se analizan los datos de evolución de la epidemia de COVID19 en las provincias chinas desde el punto de vista de modelos compartimentales y regresión no lineal. Las conclusiones se aplican a la predicción de la evolución en Castilla y León',9,0,0,'2020-04-01 05:45:26','2020-05-27 07:16:57',NULL),(16,'Curso de verano de la UIMP \"Matemáticas vs. COVID-19\"','http://matematicas.uclm.es/cemat/covid19/2020/07/10/curso-matematicas-vs-covid-19/','En el marco de la iniciativa \"Acción Matemática contra el coronavirus\" el Comité Español de Matemáticas colabora con la Universidad Internacional Menéndez Pelayo en la organización del curso de verano \"Matemáticas vs. COVID-19\".',9,0,0,'2020-07-17 08:43:39','2020-09-02 08:45:32',NULL),(17,'La Subdirectora del IMUVa galardonada con el Premio Consejo Social 2020','http://consejosocial.uva.es/la-catedratica-de-la-uva-guiomar-martin-herran-recibe-este-jueves-el-premio-consejo-social-2020/','La catedrática de Métodos Cuantitativos Guiomar Martín-Herrán recibirá este jueves el Premio Consejo Social 2020 en reconocimiento a su trayectoria académica en la UVa. El galardón será entregado durante el Acto de Apertura del Curso 2020-2021 que tendrá lugar en el Claustro del Palacio de Santa Cruz bajo la presidencia del rector de la UVa.',9,0,1,'2020-09-23 08:52:58','2020-10-07 07:47:58',NULL),(18,'3ª BYMAT Conference – Bringing Young Mathematicians Together','https://bymat.webs.upv.es/index/','La conferencia \'3ª BYMAT Conference – Bringing Young Mathematicians Together\', dirigida a estudiantes de doctorado en todas las áreas de matemáticas, se llevará a cabo online del 1 al 3 de diciembre de 2020, con participación y asistencia gratuitas.\r\n',9,0,1,'2020-09-23 09:34:33','2020-10-07 07:47:52',NULL),(19,'Concurso de Modelización Matemática (CMM-IMI). Edición 2020','http://blogs.mat.ucm.es/cmm/edicion-2020/','El Instituto de Matemática Interdisciplinar (IMI) organiza este concurso de modelización matemática con la colaboración y cofinanciación de la Sociedad Española de Matemática Aplicada y el Comité Español de Matemáticas.',9,0,1,'2020-10-07 07:46:13','2020-11-11 07:03:09',NULL),(20,'Presentación del Libro Blanco de las Matemáticas','https://www.fundacionareces.es/fundacionareces/es/publicaciones/listado-de-publicaciones/libro-blanco-de-las-matematicas.html?tipo=2','La Fundación Ramón Areces y la RSME presentaron el 22 de octubre el Libro Blanco de las Matemáticas, aportación colectiva de más de 60 especialistas que han aportado su visión en los campos de la educación, las salidas profesionales, el impacto socioeconómico, la divulgación de las matemáticas, la igualdad de género, la internacionalización y la investigación.',9,0,1,'2020-10-30 06:38:37','2020-11-11 07:02:57',NULL),(21,'Ciclo de Conferencias RedIUM: Rosa Crujeiras','http://wpd.ugr.es/~iemath/events/event/ciclo-de-conferencias-redium-rosa-crujeiras/','El Ciclo de Conferencias de RedIUM comienza el viernes, 18 de diciembre a las 10:00 con la conferencia \"Sobre estadística no paramétrica con datos direccionales\", por Rosa M. Crujeiras Casais (U. de Santiago de Compostela). \r\n',9,0,1,'2020-12-14 14:45:25','2021-01-12 07:05:09',NULL),(22,'Anuncio: Master School on the study of Geometry, Analysis and Applications (GAiA 2021)','https://www.ciem.unican.es/gaia-2021/','El Departamento de Matemáticas, Estadística y Computación de la Universidad de Cantabria  organiza la \'Master School on the study of Geometry, Analysis and Applications\' del 25 de enero al 5 de febrero.',100,0,1,'2021-01-14 06:24:19','2021-05-24 05:20:24','El Departamento de Matemáticas, Estadística y Computación de la Universidad de Cantabria  organiza la \'Master School on the study of Geometry, Analysis and Applications\' del 25 de enero al 5 de febrero.'),(23,'Anuncio: Ayudante de Investigación en Matemática Aplicada en la UC3M','http://mcyt.educa.madrid.org/empleo/inscripcionDemandaProfesional/mostrar_oferta.asp?co digo=38486','Se convoca una plaza de Ayudante de Investigación en la Escuela Politécnica Superior de la Universidad Carlos III de Madrid. Fecha de incorporación: 1 de marzo de 2021.',100,0,1,'2021-01-14 06:39:41','2021-05-24 05:20:15','Se convoca una plaza de Ayudante de Investigación en la Escuela Politécnica Superior de la Universidad Carlos III de Madrid. Fecha de incorporación: 1 de marzo de 2021.'),(24,'Ciclo de Conferencias RedIUM: Fernando Casas, \"Una breve introducción a la Integración Numérica Geométrica\"','http://wpd.ugr.es/~iemath/ciclo-de-conferencias-redium/','Métodos de integración numérica para las ecuaciones diferenciales que surgen en varias disciplinas y que tienen como característica común el hecho de que su solución posee ciertas características cualitativas.',100,0,1,'2021-02-15 08:01:05','2021-05-24 05:12:42','Resumen: Métodos de integración numérica para las ecuaciones diferenciales que surgen en varias disciplinas y que tienen como característica común el hecho de que su solución posee ciertas características cualitativas, heredadas a menudo de principios de simetría (conservación de la energía, momento angular etc.). Se trata entonces de construir procedimientos numéricos para obtener aproximaciones a esas soluciones de manera que también preserven esas propiedades cualitativas. Ello ocasiona muy a menudo queademás el error cometido por esas aproximaciones tiene un mejor comportamiento a largo plazo. La charla se orientaría a proporcionar, mediante ilustraciones sencillas, algunas de las principales características de los métodos de integración numérica geométrica y cómo, a pesar de ser un área eminentemente del análisis numérico, otras partes de las matemáticas también entran en juego (geometría simpléctica, álgebras y grupos de Lie, combinatoria, álgebras de Hopf, etc.).'),(25,'Ciclo de Conferencias RedIUM: Ana María Aguilera \"Análisis de datos Funcionales. Introducción y Aplicaciones\"','http://wpd.ugr.es/~iemath/events/event/ciclo-de-conferencias-redium-ana-maria-aguilera/','Fecha y hora: 19 de marzo de 2021, 10:00-11:00\r\nLugar: Sala virtual Zoom TESLA (UGR).',9,0,1,'2021-03-16 09:13:13','2021-05-24 05:12:33','RESUMEN: El análisis de datos funcionales (FDA) es una rama de la estadística que ha sido objeto de investigación intensiva en las tres últimas décadas tanto desde el punto de vista metodológico como aplicado. Estos datos son funciones que proceden de la observación de una o varias variables aleatorias en un argumento continuo. Por ello, los problemas de modelización e inferencia estadística con este tipo de datos se desarrollan en el marco de los espacios de Hilbert con la norma inducida por su producto escalar. En la mayoría de los casos se dispone de muestras de curvas obtenidas al observar una variable aleatoria en el tiempo que se pueden ver como realizaciones de un proceso estocástico. Dado que las curvas se observan de forma discreta, el primer paso en FDA suele ser la aplicación de métodos de aproximación numérica para la suavización de las curvas mediante proyección en una base de funciones apropiada a la naturaleza de los datos (splines, wavelets, trigonométricas, etc.). El objetivo de esta charla es introducir las herramientas y métodos estadísticos básicos del FDA a través de aplicaciones con datos reales en distintas áreas como medioambiente, ciencias de la salud, quimiometría, economía o ingeniería.'),(26,'SIAM Activity Group on Linear Algebra Best Paper Prize','https://www.siam.org/conferences/cm/program/special-events/la21-special-events','El miembro del IMUVa César Palencia recibe el premio al mejor artículo 2021 del \"SIAM Activity Group on Linear Algebra\".',9,0,1,'2021-05-18 08:59:27','2021-09-30 15:12:40','El miembro del IMUVa César Palencia recibe el premio al mejor artículo 2021 del \"SIAM Activity Group on Linear Algebra\". El trabajo, titulado \"Spectral Sets and Numerical Ranges\" (en coautoría con \r\nM. Crouzeix, U. Rennes 1, Francia) será presentado en la \"SIAM Conference on Applied Linear Algebra (LA21)\" el jueves 20 de mayo.\r\n\r\nMás información en\r\n\r\nhttps://www.siam.org/conferences/cm/program/special-events/la21-special-events'),(27,'Seminario RedIUM (28/05/2021): \"Estimación en áreas pequeñas\", por Domingo Morales (CIO, U. Miguel Hernández)','http://wpd.ugr.es/~iemath/ciclo-de-conferencias-redium/','Conferencia mensual  online de la red RedIUM.',9,0,1,'2021-05-24 05:18:13','2021-06-21 07:38:45','Title: Small area estimation\r\n\r\nSpeaker: Domingo Morales\r\n\r\nAffiliation: Instituto Universitario Centro de Investigación Operativa. Universidad Miguel Hernández de Elche.\r\n\r\nAbstract: Statistical Offices design surveys to estimate population parameters and select sample sizes to achieve an a priori fixed precision.In practice, statisticians are often required to give estimates of subpopulations or small areas, where sample sizes are small.Direct estimators of small area parameters, calculated using only the sample data from the corresponding area, are not reliable enough. The  use  of  models  that  include  auxiliary  variables  and  borrow  strength  from  cross-sectional data or time  and spatial correlation may produce estimates that are more accurate. Small  Area  Estimation  is  a  part  of  statistical  science  that  improves  the  efficiency  of  direct estimators by combining methodologies from survey sampling and finite population inference with statistical models.The talk introduces the model-based approaches and outlines some recent advances related to empirical best predictors of small area bivariate parameters, like ratios of sums or sums of ratios. An application to real data from the Spanish household budget survey illustrates the statistical methodology by giving estimators of ratios of food household expenditures by provinces.'),(28,'First Bilbao Workshop on Algorithmic Fairness (FBWAF21)','https://wp.bcamath.org/fbwaf21/programme/','The First Bilbao Workshop on Algorithmic Fairness (FBWAF21), organized by the BCAM, will be hosted online from 21st to 23rd June 2021',9,0,1,'2021-06-01 08:34:08','2021-09-30 15:12:32','We are pleased to invite you to the First Bilbao Workshop on Algorithmic Fairness (FBWAF21) that BCAM will host online from 21st to 23rd June 2021. This event aims to give an overview of the fair learning problem, from its origin to the current state-of-the-art, discussing future research opportunities. During these three days, invited speakers will present some of the latest methodological developments in this area as well as different applications in several domains.\r\n\r\nThe provisional schedule can be found at https://wp.bcamath.org/fbwaf21/programme/. Registration is free but necessary to attend the talks, and is now open at the link https://wp.bcamath.org/fbwaf21/registration/. Additional information is available at the official web of the workshop https://wp.bcamath.org/fbwaf21.\r\n\r\nWe would be delighted to have you join us and hope you find the workshop useful and enjoyable. If you have any further questions, please do not hesitate to contact us at iwaf21@bcamath.org.\r\n\r\n\r\nBest regards,\r\n\r\nThe Organizing Committee of the FBWAF21.'),(29,'Workshop \"New Bridges between Mathematics and Data Science\"','http://nbmds.uva.es/','La Red Estratégica de Matemáticas (REM) y el IMUVa organizan el encuentro \"New Bridges between Mathematics and Data Science\" del 8 al 11 de noviembre de 2021 en Valladolid.',9,0,1,'2021-09-30 15:11:50','2022-04-26 08:48:13','La comprensión del mundo a través de los datos y la computación siempre ha estado en el centro de los descubrimientos científicos. En la última década, los enfoques basados principalmente en los datos, como las redes neuronales, han tenido mucho éxito. Sin embargo, la razón de este éxito es hasta cierto punto misteriosa y plantea múltiples preguntas sobre la solidez, explicabilidad, interpretabilidad y equidad de los algoritmos utilizados. La respuesta a estas preguntas es crucial cuando se trata de la toma de decisiones.\r\n\r\nEn los últimos años, ha aumentado la actividad para tender puentes entre estas nuevas ideas y otros enfoques bien establecidos basados en modelos típicamente derivados de primeros principios. Sin embargo, el coste computacional de estos últimos los hace inasequibles salvo en dimensiones bajas, limitación de la que están exentas las redes neuronales. El establecimiento de conexiones sólidas entre estos dos puntos de vista diferentes ya ha demostrado ser extremadamente fructífero.\r\n\r\nLa Red Estratégica de Matemáticas (REM) y el IMUVa organizan un workshop de una semana de duración, del 8 al 11 de noviembre de 2021, en Valladolid, con el objetivo de reunir a investigadores en matemáticas, aprendizaje automático y ciencia de datos, para intercambiar ideas y avanzar en la construcción de nuevos puentes entre estos campos y hacer visible el trabajo ya realizado. El workshop se estructurará en torno a cinco sesiones plenarias a cargo de científicos de referencia en el panorama internacional, además de tres mesas redondas y una serie de aproximadamente 30 minisimposios temáticos.\r\n\r\n'),(30,'Daniel Sanz Alonso, graduado en Matemáticas por la UVa, recibe el Premio José Luis Rubio de Francia 2020','https://www.rsme.es/premios/premio-jose-luis-rubio-de-francia/daniel-sanz-alonso-premio-jose-luis-rubio-de-francia-2020/','La Real Sociedad Matemática Española concede de nuevo a un egresado por la Universidad de Valladolid su premio de mayor prestigio, el José Luis Rubio de Francia',9,0,1,'2021-10-21 08:45:37','2022-04-26 08:48:03',''),(31,'Ciclo de Conferencias RedIUM: Juan Carlos Cortés \"Sobre el Tratamiento de la Incertidumbre en las Ecuaciones Diferenciales y sus Aplicaciones\"','http://wpd.ugr.es/~iemath/ciclo-de-conferencias-redium/','Conferenciante: Juan Carlos Cortés, IMM, Universitat Politècnica de València: http://www.upv.es/ficha-personal/jccortes\r\nFecha: 3 de diciembre de 2021, a las 12:00 horas, por MS-TEAMS.   ',9,0,1,'2021-12-02 09:25:58','2022-04-26 08:46:57','Resumen: La charla está divida en dos partes.\r\nEn la primera se presentarán las principales líneas de investigación del Instituto Universitario de Matemática Multidisciplinar de la Universitat Politècnica de València (IMM-UPV), con el ánimo de dar a conocer a todos los miembros de REDIUM los diferentes grupos de investigación que trabajan en el IMM-UPV, y fomentar posibles colaboraciones con otros grupos de REDIUM.\r\nEn la segunda parte, nos centraremos en la presentación de una de las líneas de investigación del IMM-UPV, que viene desarrollando el grupo MUNQU (Modelling and UNcertainty QUantification). El espíritu de esta parte de la charla es proporcionar una visión general de algunos de los problemas sobre los que ha trabajado el grupo MUNQU.\r\nVivimos en un mundo de creciente incertidumbre, y las ecuaciones diferenciales han demostrado ser, desde las primeras aportaciones en el siglo XVII, una herramienta poderosa para modelizar problemas fundamentales en disciplinas tan variadas como la Física, la Química, la Economía o la Epidemiología. El tratamiento de la incertidumbre en el contexto de las ecuaciones diferenciales es un área de investigación, relativamente reciente, que extiende la teoría clásica al contexto aleatorio haciendo uso de importantes resultados de la Teoría de la Probabilidad. En sus aplicaciones, las ecuaciones diferenciales con aleatoriedad permiten modelizar, con mayor realismo, problemas del mundo real donde la incertidumbre no puede ser obviada, apoyándose para ello en la combinación de Métodos Estadísticos, Optimización y Programación Computacional.\r\nEn la charla se presentarán dos de los principales enfoques existentes para tratar la incertidumbre en el contexto de las ecuaciones diferenciales, las Ecuaciones Diferenciales Estocásticas (EDEs) y las Ecuaciones Diferenciales Aleatorias (EDAs). Estos dos tipos de ecuaciones muchas veces son, erróneamente, nombradas de forma sinónima. Brevemente, se trazarán algunas de las principales diferencias entre EDEs y EDAs, y posteriormente se centrará la exposición en las EDAs, presentando algunos resultados recientes del grupo, tanto en el contexto teórico como en su aplicación a la modelización de problemas con datos reales. \r\n\r\nConexión a través del enlace:  \r\n\r\nhttps://teams.microsoft.com/l/meetup-join/19%3aLeMZPt8nZ1SLsapNDfvyqaaDfcgzKGsf00qllZyVnSI1%40thread.tacv2/1636127412839?context=%7b%22Tid%22%3a%228f0d452c-b7a4-4964-b810-8c397374477b%22%2c%22Oid%22%3a%22181facbb-61a8-40e7-a0bf-c07365f5b48e%22%7d  \r\n\r\n  '),(32,'Ciclo de conferencias “Estadística, Big Data y Ciencia de Datos”','https://eventos.uva.es/event_detail/77833/detail/ciclo-de-conferencias-lestadistica-big-data-y-ciencia-de-datosr.html','Del 16 al 24 de febrero. El objetivo es mostrar a los estudiantes de la UVa la utilidad de la Estadística, el Big Data y la Ciencia de Datos en diversos contextos de la vida cotidiana y en el día a día de empresas y administraciones públicas mediante conferencias.',9,0,1,'2022-02-11 11:20:50','2022-04-26 08:48:00','Ciclo de conferencias “Estadística, Big Data y Ciencia de Datos”, 16 al 24 de febrero, Facultad de Ciencias. El objetivo es mostrar a los estudiantes de la UVa la utilidad de la Estadística, el Big Data y la Ciencia de Datos en diversos contextos de la vida cotidiana y en el día a día de empresas y administraciones públicas mediante conferencias.'),(33,'Curso de doctorado \"Introduction to the models of preference aggregation in multicriteria and multiagent decision theory\"','http://escueladoctorado.uva.es/export/sites/doctorado/programas/economia/novedades/noticias/Curso-Introduction-to-the-models-of-preference-aggregation-in-multicriteria-and-multiagent-decision-theory-00001/','Curso impartido del 4 al 8 de julio de 2022 por Silvia Bortot (Università degli Studi di Trento). Orientado a dar una introducción a la representación y agregación de preferencias en el contexto de la Teoría de la Decisión multiagente y multicriterio.',9,0,1,'2022-06-29 10:04:56','2022-10-07 05:40:25',''),(34,'Paula Gordaliza premio Vicent Caselles 2023','https://www.rsme.es/2023/06/fallados-los-premios-de-investigacion-matematica-vicent-caselles-rsme-fundacion-bbva/','Paula Gordaliza, antigua miembro del IMUVa, y doctora por la UVa y la Université Paul Sabatier de Toulouse (Francia), ha recibido el premio Vicent Caselles en la edición 2023.',9,0,1,'2023-06-30 06:07:27','2024-01-11 09:05:18','La Real Sociedad Matemática Española y la Fundación BBVA han dado a conocer los nombres de los seis galardonados con los Premios de Investigación Matemática Vicent Caselles en su edición de 2023. El objetivo de estos galardones es apoyar y estimular a los jóvenes profesionales que desarrollan su labor en el campo de la investigación matemática. Una de las ganadoras es Paula Gordaliza Pastor, graduada y máster en Matemáticas por la Universidad de Valladolid. Paula Gordaliza realizó el doctorado en la UVa y la Université de Toulouse III-Paul Sabatier (Francia) y en la actualidad es investigadora posdoctoral en el Basque Center for Applied Mathematics (BCAM) y profesora asociada en la Universidad Pública de Navarra. La investigación de su tesis concierne a la interfaz entre la estadística matemática, la Inteligencia Artificial y la ciencia de datos, centrada mayoritariamente en la equidad en la predicción/clasificación de modelos en aprendizaje automático.'),(35,'Dos investigadores del IMUVa premiados por la SEIO y la Fundación BBVA','https://www.fbbva.es/galardonados/eustasio-del-barrio-marc-hallin-juan-cuesta-albertos-y-carlos-matran/','Eustasio del Barrio y Carlos Matrán han sido galardonados en la categoría de \"Mejor contribución metodológica en Estadística\", por el “Distribution and Quantile Functions, Ranks, and Signs in dimension d: a measure transportation approach\", publicado en Annals of Statistcs.',9,1,1,'2024-02-06 12:05:44','2024-02-06 12:13:20','Eustasio del Barrio y Carlos Matrán han sido galardonados en la categoría de \"Mejor contribución metodológica en Estadística\", por el “Distribution and Quantile Functions, Ranks, and Signs in dimension d: a measure transportation approach\",  publicado en Annals of Statistcs, resultado de una investigación conjunta con los profesores Marc Hallin (Université Libre de Bruxelles) y Juan Cuesta-Albertos (Universidad de Cantabria).');

--
-- Table structure for table `presentaciones`
--

CREATE TABLE `presentaciones` (
  `id_presentacion` int(10) unsigned NOT NULL AUTO_INCREMENT,
  `tipo` varchar(255) COLLATE utf8_unicode_ci NOT NULL,
  `titulo` varchar(255) COLLATE utf8_unicode_ci NOT NULL,
  `participantes` longtext COLLATE utf8_unicode_ci,
  `fecha` date NOT NULL,
  `lugar` varchar(255) COLLATE utf8_unicode_ci NOT NULL,
  `hora` time NOT NULL,
  `url` varchar(255) COLLATE utf8_unicode_ci NOT NULL,
  `documento` varchar(255) COLLATE utf8_unicode_ci DEFAULT NULL,
  `estado` int(11) NOT NULL DEFAULT '3',
  `comentarios` longtext COLLATE utf8_unicode_ci,
  `imagen` varchar(255) COLLATE utf8_unicode_ci DEFAULT NULL,
  `cartelH` varchar(255) COLLATE utf8_unicode_ci DEFAULT NULL,
  `cartelV` varchar(255) COLLATE utf8_unicode_ci DEFAULT NULL,
  `portada` tinyint(1) NOT NULL DEFAULT '0',
  `agenda` tinyint(1) NOT NULL DEFAULT '0',
  `proponente` int(10) unsigned NOT NULL,
  `email` varchar(255) COLLATE utf8_unicode_ci NOT NULL,
  PRIMARY KEY (`id_presentacion`),
  KEY `proponente` (`proponente`),
  KEY `proponente_2` (`proponente`),
  KEY `proponente_3` (`proponente`),
  CONSTRAINT `presentaciones_proponente_foreign` FOREIGN KEY (`proponente`) REFERENCES `investigadores` (`id_investigador`) ON DELETE NO ACTION ON UPDATE NO ACTION
) ENGINE=InnoDB AUTO_INCREMENT=11 DEFAULT CHARSET=utf8 COLLATE=utf8_unicode_ci;

--
-- Dumping data for table `presentaciones`
--

INSERT INTO `presentaciones` VALUES (2,'Tipo Prueba','Presentación de Prueba','Adrián Ronda, Julio Pastor','2018-03-01','Edificio LUCIa','04:00:00','http://imuva.uva.es/es/presentaciones/create',NULL,1,'La prueba es $Holi`2>ad$',NULL,NULL,NULL,0,0,1,'adrian.ronda@uva.es'),(3,'Concurso IMUVA','\"Las Matemáticas del Planeta Tierra\" - Fase Final','Grupos finalistas en la cuarta edición del concurso IMUVA \"Las Matemáticas del Planeta Tierra\"','2017-04-26','Auditorio del Museo de la Ciencia de Valladolid','11:30:00','','pre1942017_MPE2017-FaseFinal.pdf',1,'Programa:\r\n\r\n11:30. Presentaciones de los trabajos realizados por los grupos finalistas:\r\n\r\n           I.E.S. Gil y Carrasco de Ponferrada, León\r\n\r\n           I.E.S. Virgen de la Calle de Palencia\r\n\r\n           I.E.S. Virgen de la Encina de Ponferrada, León\r\n\r\n           I.E.S. Hipólito Ruiz López de Belorado, Burgos (accésit, fuera de concurso)\r\n\r\n12:45. Conferencia “Es la hora de los matemáticos”, a cargo de Alfonso Gordaliza Ramos, catedrático de la Universidad de Valladolid\r\n\r\n13:15. Entrega de Premios presidida por D. Fernando Rey, Consejero de Educación de la Junta de Castilla y León.\r\n','pre1942017_MPE2017-FaseFinal.png',NULL,NULL,1,1,9,'tasio@eio.uva.es'),(4,'Semana de la Ciencia 2017','Las matemáticas del análisis de imágenes.','','2017-11-14','','13:00:00','','pre8112017_SemanadelaCiencia2017.pdf',1,'El análisis de imágenes es un campo al que contribuyen muchas disciplinas científicas, con objetivos diversos como el procesado de señales biomédicas, visión artificial o la teledetección, entre otros. Las cuestiones fundamentales sobre cómo representar y procesar la información visual son abordadas por ingenieros, físicos, informáticos o matemáticos, con diferentes puntos de vista. La interacción de investigadores con perfiles, metodologías y áreas de aplicación tan diversas requiere un lenguaje común que es proporcionado por las Matemáticas.\r\n\r\nEl IMUVA se suma a la celebración de la Semana de la Ciencia 2017 con dos conferencias que ilustran el papel de las Matemáticas en el análisis de imágenes en el contexto biomédico a cargo de investigadores destacados en el área.',NULL,NULL,NULL,1,1,9,'tasio@eio.uva.es'),(5,'Presentación','Presentación Proyecto TIMMIS','Se trata de un proyecto de la UVA para fomentar la realización de TFG en grupos multidisciplinares. La presentación va dirigida a estudiantes y profesores del Grado en Matemáticas  interesados en participar en esta iniciativa.\r\nhttps://www.camaravalladolid.com/proyectos/interreg-timmis/','2018-10-03','Sala de Grados I, Facultad de Ciencias','16:30:00','',NULL,1,'',NULL,NULL,NULL,1,1,9,'tasio@eio.uva.es'),(6,'Presentación','Presentación del volumen en honor de Antonio Campillo','Ignacio Luengo Velasco,\r\nEvelia García Barroso,\r\nPhilippe Gimenez,\r\nJosé Ignacio Farrán,\r\nHenar Herrero Sanz,\r\nMercedes Siles Molina,\r\nJesús Sanz-Serna,\r\nFrancisco Marcellán','2018-11-26','Sala de Grados I, Facultad de Ciencias','17:00:00','','pre9102018_AC65-IMUVA-bodoni.pdf',1,'Presentación del volumen en honor de Antonio Campillo con ocasión de su 65 cumpleaños\r\n',NULL,NULL,NULL,1,1,100,'julio.pastor@uva.es'),(8,'Presentación','Presentación del informe sobre el impacto socioeconómico de la investigación y tecnología matemáticas\", impulsado por la REM y realizado por Afi','','2019-10-14','Sala de Prensa del Palacio de Santa Cruz','12:00:00','',NULL,1,'',NULL,NULL,NULL,1,1,9,'tasio@eio.uva.es'),(10,'Presentación','Blockchain y Data Scientist en Madison','Alejandro Alfonso (Developer Senior Blockchain Digital TS)\r\nIsabel Fernández Isasi (Manager Data Scientist y egresada del Grado en Matemáticas de la UVA)\r\nMarta García (Recursos Humanos) ','2019-10-09','Sala de Grados I, Facultad de Ciencias','17:00:00','','pre8102019_PresentacionMadison.pdf',3,'La empresa MADISON, con oficina en Valladolid, ha manifestado su interés en contratar a Graduad@s en Matemáticas de la UVA. Por este motivo, presentarán la empresa el próximo miércoles 9 de octubre a las 17:00 en la Sala de Grados I de la Facultad de Ciencias. Vendrán Alejandro Alfonso (Developer Senior Blockchain Digital TS), Isabel Fernández Isasi (Manager Data Scientist y egresada del Grado en Matemáticas de la UVA) y Marta García (Recursos Humanos) para informaros de las perspectivas profesionales para Graduad@s en Matemáticas en esta empresa y también sobre la posibilidad de realizar Prácticas Externas allí.',NULL,NULL,NULL,1,1,9,'tasio@eio.uva.es');

--
-- Table structure for table `proyectos`
--

CREATE TABLE `proyectos` (
  `id_proyecto` int(10) unsigned NOT NULL AUTO_INCREMENT,
  `nombre` varchar(255) COLLATE utf8_unicode_ci NOT NULL,
  `GIR` int(10) unsigned NOT NULL,
  `tipo` int(10) unsigned NOT NULL,
  `descripcion` varchar(255) COLLATE utf8_unicode_ci DEFAULT '',
  `referencia` varchar(255) COLLATE utf8_unicode_ci DEFAULT '',
  `anho` int(4) DEFAULT NULL,
  `activo` tinyint(1) NOT NULL DEFAULT '1',
  `indicadorP1` varchar(255) COLLATE utf8_unicode_ci DEFAULT '',
  `indicadorP2` varchar(255) COLLATE utf8_unicode_ci DEFAULT '',
  `indicadorP3` varchar(255) COLLATE utf8_unicode_ci DEFAULT '',
  PRIMARY KEY (`id_proyecto`),
  KEY `proyectos_gir_foreign` (`GIR`),
  CONSTRAINT `proyectos_gir_foreign` FOREIGN KEY (`GIR`) REFERENCES `girs` (`id_gir`) ON DELETE NO ACTION ON UPDATE NO ACTION
) ENGINE=InnoDB AUTO_INCREMENT=81 DEFAULT CHARSET=utf8 COLLATE=utf8_unicode_ci;

--
-- Dumping data for table `proyectos`
--

INSERT INTO `proyectos` VALUES (1,'﻿Geometría algebraica de las singularidades, computación e información',14,1,'','MTM2007-64704',2007,0,'','',''),(2,'Técnicas de remuestreo, de recorte y métricas probabilísticas. Aplicaciones estadísticas',13,1,'','MTM2008-06067-C02-01',2008,0,'','',''),(3,'Poblaciones estructuradas y heterogeneidad espacial: métodos numéricos y aplicaciones',5,1,'','MTM2008-06462-C02-02',2008,0,'','',''),(4,'Estabilidad, bifurcación y caos en dinámica no autónoma. Aplicaciones en Biología y en Ingeniería',15,1,'','MTM2008-00700',2008,0,'','',''),(5,'Juegos diferenciales como herramienta en el Análisis Económico: Crecimiento Económico Sostenible en un marco de Comercio Internacional y  Problemas de Marketing',6,1,'','ECO2008-01551',2008,0,'','',''),(6,'Diseño de Métodos Estadísticos Isotónicos con Aplicaciones en Bioinformática y en estimación de áreas pequeñas',12,1,'','MTM2009-11161',2009,0,'','',''),(7,'Estudio de la dependencia respecto de los parámetros de las soluciones de ciertas ecuaciones de la Física Matemática',2,1,'','MTM2009-12561',2009,0,'','',''),(8,'Preferencias y elección social: caracterizaciones de sistemas de votación y análisis de la consistencia',19,1,'','ECO2009-07332',2009,0,'','',''),(9,'Un procedimiento alternativo para la resolución de modelos económicos dinámicos no lineales',18,1,'','ECO2009-10231',2009,0,'','',''),(10,'Álgebra y geometría en dinámica real y compleja II',8,1,'','MTM2010-15471',2010,0,'','',''),(11,'Retos en integración numérica: geometría, oscilaciones y procesos estocásticos',6,1,'','MTM2010-18246-C03-01',2010,0,'','',''),(12,'Métodos numéricos para ecuaciones de evolución con términos no locales',4,1,'','MTM2010-19510',2010,0,'','',''),(13,'Algoritmos criptográficos con curvas elípticas y códigos correctores',2,1,'','MTM2010-21580-C02-02',2010,0,'','',''),(14,'Aproximación numérica eficiente de propiedades geométricas de ecuaciones en derivadas parciales',4,1,'','MTM2011-23417',2011,0,'','',''),(15,'Modelización, análisis y simulación numérica de la dinámica de poblaciones estructuradas',5,1,'','MTM2011-25238',2011,0,'','',''),(16,'Técnicas de remuestreo, de recorte, y métricas probabilísticas. Aplicaciones estadísticas',13,1,'','MTM2011-28657-C02-01',2011,0,'','',''),(17,'Análisis dinámico de problemas económicos y medioambientales. Crecimiento económico sostenido y miopía e incentivos creíbles en juegos diferenciales',6,1,'','ECO2011-24352',2011,0,'','',''),(18,'Métodos dinámicos, modelización matemática y computación en dimensión finita e infinita',15,1,'','MTM2012-30860',2012,1,'','',''),(19,'Análisis de perturbaciones singulares: estudio asintótico, capas límite y multiescala',2,1,'','MTM2012-31439',2012,1,'','',''),(20,'Singularidades, valoraciones y geometría. Algebras Graduadas',14,1,'','MTM2012-36917-C03-01',2012,1,'','',''),(21,'Geometría e información. Problemas discretos, aritméticos y no conmutativos',14,1,'','MTM2012-36917-C03-02',2012,1,'','',''),(22,'Contribuciones de la inferencia con restricciones en regresión, clasificación, datos circulares y procedimientos robustos, y aplicaciones a la Biomedicina',12,1,'','MTM2012-37129',2012,1,'','',''),(23,'Decisiones colectivas y bienestar social',19,1,'','ECO2012-32178',2012,1,'','',''),(24,'Álgebra y Geometría en Dinámica Real y Compleja III',8,1,'','MTM2013-46337-C2-1-P',2013,1,'','',''),(25,'Retos en integración numérica: De las estructuras algebraicas a simulaciones de Montecarlo',6,1,'','MTM2013-46553-C3-1-P',2013,1,'','',''),(26,'Análisis numérico de problemas de evolución no lineales y no locales',4,1,'','MTM2014-54710-P',2014,1,'','',''),(27,'Análisis numérico de modelos de dinámica de poblaciones estructuradas y aplicaciones',5,1,'','MTM2014-56022-C2-2-P',2014,1,'','',''),(28,'Nuevos retos en sistemas dinámicos supersimétricos y superintegrables',9,1,'','MTM2014-57129-C2-1-P',2014,1,'','',''),(29,'Técnicas de remuestreo, de recorte, y métricas probabilísticas. Aplicaciones estadísticas',13,1,'','MTM2014-56235-C2-1-P',2014,1,'','',''),(30,'Sostenibilidad del crecimiento económico y de los acuerdos comerciales y medioambientales. Un enfoque de juegos dinámicos',6,1,'','ECO2014-52343-P',2014,1,'','',''),(32,'Modelización dinámica de planes de pensiones estocásticos',18,2,'','VA056A09',2009,0,'','',''),(33,'Ecuaciones diferenciales no autónomas. Modelización en Ingeniería y Biología',15,2,'','VA060A09',2009,0,'','',''),(34,'Sostenibilidad del crecimiento económico en un contexto de comercio internacional mediante un enfoque de juegos diferenciales',6,2,'','VA001A10-1',2010,0,'','',''),(35,'Mercado de dinero y mercados de activos en equilibrio general monetario',18,2,'','VA016A10-1',2010,0,'','',''),(36,'Una primera aproximación a la caracterización meteorológica del viento diario en Castilla y León: Análisis de vientos extremos (PAVICYLEX)',2,2,'','VA025A10-2',2010,0,'','',''),(37,'Métodos dinámicos y numéricos para modelos matemáticos no autónomos. Aplicaciones a Ingeniería',15,2,'','VA1118A12-1',2012,1,'','',''),(38,'Técnicas de remuestreo, de recorte y métricas probabilísticas. Aplicaciones estadísticas',13,2,'','VA212U13',2013,1,'','',''),(39,'Estudio numérico de modelos complejos descritos mediante ecuaciones en derivadas parciales y sus aplicaciones en biología, ecología y finanzas (NABECOFIN)',5,2,'','VA191U13',2013,1,'','',''),(40,'Diseño y análisis de reglas posicionales de decisión colectiva y aplicaciones a la formación de grupos',19,2,'','VA066U13',2013,1,'','',''),(41,'Métodos numéricos de problemas de evolución y aplicaciones',5,3,'','GR137-FUNCIONAMIENTO',NULL,0,'','',''),(42,'Métodos numéricos de problemas de evolución y aplicaciones',5,3,'','GR137-INFRAESTRUCTURAS',NULL,0,'','',''),(43,'Social software for elections, the allocation of tenders and coalition/alliance formation (SSEAC).',19,4,'','European Science Foundation. (AKA, DFG, CICYT)',NULL,1,'','',''),(44,'The EU in the new complex geography of economic systems: models, tools and policy evaluation',6,4,'Inicio: 22/03/2012 Fin: 21/03/2016','COST Action financiada por el programa marco de la Unión Europea (EU RTD Framework Programme)',0,1,'','','(Responsable del Nodo 4) '),(45,'Critical Transitions in Complex Systems',15,4,'Inicio: 01/04/2015 Fin: 2019-04-01','MSCA-ITN-2014-ETN - Marie Skłodowska-Curie Innovative Training Networks',2014,1,'','',''),(46,'Resolución Numérica de Ecuaciones en Derivadas Parciales de Evolución Temporal',4,1,'','MTM2015-66837-P',2016,1,'','',''),(47,'Singularidades, Valoraciones y Álgebras Graduadas. Codificación.',14,1,'','MTM2015-65764-C3-1-P',2016,1,'','',''),(48,'Métodos de Dinámica no Autónoma con Aplicación en Modelización Matemática',15,1,'','MTM2015-66330-P',2016,1,'','',''),(51,'Diseño e implementación de nuevos procedimientos de inferencia estadística con restricciones para resolver aplicaciones en biomedicina y otros ámbitos.',12,1,'','MTM2015-7217-R',2015,1,'','',''),(52,'Valoracion de lade la conectividad estructural para la definición de subgrupos biológicamente válidos dentro de la esquizofrenia. ',1,2,'','GRS1263/A/16',2016,0,'','',''),(55,'Modelización matemática del grafeno y de otros metamateriales defectos, propiedades electrónicas, fotónicas y aplicaciones.',9,3,'Subvencion: 120.000 €\r\nPeriodo: 2016-2018\r\nConvocatoria: Subvenciones del programa de apoyo a proyectos de investigación cofinanciadas por el Fondo Europeo de Desarrollo Regional.\r\nPublicacion de la resolucion: BOCYL 31 agosto 2016, p. 39013','VA057U16',2016,1,'','',''),(56,'Extracción, selección y clasificación de características de la señal de magnetoencefalograma. Aplicación a sujetos de control y pacientes con diversas patologías',1,1,'','TEC2011-22987',2012,0,'','',''),(57,'Aproximación numérica de ecuaciones de convección-difusión',6,1,'','MTM2013-42538-P',2014,0,'','',''),(58,'ANÁLISIS DINÁMICO DE LAS POLÍTICAS MEDIOAMBIENTALES Y JUEGOS DINÁMICOS. CONSISTENCIA TEMPORAL Y SOSTENIBILIDAD DEL CRECIMIENTO ECONÓMICO Y DE LOS ACUERDOS  MEDIOAMBIENTALES',6,1,'','ECO2017-82227-P',2017,0,'','',''),(59,'Álgebra y Geometría en sistemas dinámicos y foliaciones singulares',8,1,'','MTM2016-77642-C2-1-P',2017,1,'','',''),(60,'Agregación de la Informacion. Aplicaciones a la economía del  bienestar y a las decisiones sociales.',19,1,'','ECO2016-77900-P',2017,1,'','',''),(61,'Técnicas de remuestreo, de recorte y métricas probabilísticas. Aplicaciones estadísticas.',13,1,'',' MTM2017-86061-C2-1-P',2018,1,'','',''),(62,'Análisis Dinámico de las Políticas Medioambientales  y Juegos Dinámicos. Consistencia Temporal y Sostenibilidad del Crecimiento Económico y de los Acuerdos Medioambientales',6,1,'','ECO2017-82227-P',2017,0,'','',''),(63,'Modelización matemática y análisis de regulaciones medioambientales, incentivos y uso eficiente de energías limpias en un entorno dinámico',6,3,'','VA024P17',2017,0,'','',''),(64,'Análisis Dinámico de las Políticas Medioambientales  y Juegos Dinámicos. Consistencia Temporal y Sostenibilidad del Crecimiento Económico y de los Acuerdos Medioambientales',6,1,'','ECO2017-82227-P',2017,0,'','',''),(65,'Modelización matemática y análisis de regulaciones medioambientales, incentivos y uso eficiente de energías limpias en un entorno dinámico',6,3,'','VA024P17',2017,0,'','',''),(67,'Análisis Dinámico de las Políticas Medioambientales  y Juegos Dinámicos. Consistencia Temporal y Sostenibilidad del Crecimiento Económico y de los Acuerdos Medioambientales',6,1,'','ECO2017-82227-P',2017,1,'','',''),(68,'Modelización matemática y análisis de regulaciones medioambientales, incentivos y uso eficiente de energías limpias en un entorno dinámico',6,3,'','VA024P17',2017,0,'','',''),(69,'Inversión en tecnologías limpias y políticas medioambientales: Modelización matemática y análisis mediante juegos dinámicos',6,3,'','VA169P20',2020,1,'','',''),(70,' Juegos dinámicos, descuento no constante y consistencia temporal en problemas medioambientales.',6,2,'','VA105G18',2018,0,'','',''),(71,'Ecuaciones diferenciales no autónomas. Dinámica, modelización y computación.',15,1,'Ecuaciones diferenciales no autónomas. Dinámica, modelización y computación.\r\n','RTI2018-096523-B-I00  ',2019,1,'','',''),(72,'Singularidades y Geometría Algebraica. Semigrupos y AG-códigos correctores.',14,1,'','PGC2018-096446-B-C21 ',2019,1,'','',''),(73,'Singularidades, Geometría Algebraica, Álgebra Conmutativa y Combinatoria',1,2,'','VA166G18',2018,1,'','',''),(74,'Modelización y Análisis Numérico en problemas de evolución con aplicaciones a Biología, Finanzas y Mecánica de Fluidos',18,1,'','PID2020-113554GB-I00',2021,1,'','',''),(75,'Análisis numérico de problemas de evolución no lineales con aplicaciones a la modelización en Biomatemática y Finanzas Cuantitativas',5,2,'','VA193P20',2020,1,'','',''),(76,'Resolución numérica precisa en tiempo de ecuaciones en derivadas parciales',4,1,'','PGC2018-101443-B-I00',2019,1,'','',''),(77,'Inversión en tecnologías limpias y políticas medioambientales: modelización matemática y análisis mediante juegos dinámicos',6,2,'','VA169P20',2020,1,'','',''),(78,'Desarrollo de metodologías de clasificación y validación para datos complejos',13,1,'','PID2021-128314NB-I00',2022,1,'','',''),(79,'Análisis Dinámico De La Regulación Ambiental: Contexto Social Y Aspectos Geográficos',6,1,'Financiado por la Agencia Estatal de Investigación; Unión Europea.-Next Generation UE, Plan de Recuperación, Transformación y Resiliencia, MICINN. Ministerio de Ciencia e Innovación . 01/12/2022-30/11/2024 ','TED2021-130390B-I00',2022,1,'','',''),(80,'Teoría de Códigos y Tendencias Algebraicas para Criptografía, Almacenamiento de Datos Distribuidos, Aprendizaje Automático e Información Cuántica.',14,1,'Entidades Financiadoras: Agencia Estatal de Investigación; Unión Europea-Next Generation UE, Plan de Recuperación, Transformación y Resiliencia, MICINN, Ministerio de Ciencia e Innovación. 01/12/2022-30/11/2024 ','TED2021-130358B-I00',2022,1,'','','');

--
-- Table structure for table `tipos`
--

CREATE TABLE `tipos` (
  `id_tipo` int(10) unsigned NOT NULL AUTO_INCREMENT,
  `nombre` varchar(255) COLLATE utf8_unicode_ci NOT NULL,
  `descripcion` varchar(255) COLLATE utf8_unicode_ci DEFAULT '',
  `imagen` varchar(255) COLLATE utf8_unicode_ci DEFAULT '',
  PRIMARY KEY (`id_tipo`)
) ENGINE=InnoDB AUTO_INCREMENT=14 DEFAULT CHARSET=utf8 COLLATE=utf8_unicode_ci;

--
-- Dumping data for table `tipos`
--

INSERT INTO `tipos` VALUES (1,'No se ha especificado ningún tipo','Aquí se recogen los eventos de los que no se desea especificar ningún tipo o los eventos importados a la nueva apliación desde versiones anteriores.','logo_im.png'),(2,'Ateneo','','logo_im_a.png'),(3,'El IMUva os Habla','','logo_im_h.png'),(4,'Seminario','','logo_im_s.png'),(5,'Conferencia','','logo_im_c.png'),(6,'Explora','','logo_im_e.png'),(7,'Visibilidad de las Matemáticas','','logo_im_v.png'),(9,'Seminario de Doctorado','','logo_im_sd.png'),(10,'Curso de Doctorado','','logo_im_cd.png'),(11,'Escuela de Doctorado','','logo_im_ed.png'),(12,'Otros de Doctorado','','logo_im_od.png'),(13,'Doctorado','','logo_im_d.png');

--
-- Table structure for table `tiposDocumentacion`
--

CREATE TABLE `tiposDocumentacion` (
  `id_tipoDoc` int(10) unsigned NOT NULL AUTO_INCREMENT,
  `nombre` varchar(255) COLLATE utf8_unicode_ci NOT NULL,
  `descripcion` varchar(255) COLLATE utf8_unicode_ci DEFAULT NULL,
  PRIMARY KEY (`id_tipoDoc`)
) ENGINE=InnoDB AUTO_INCREMENT=5 DEFAULT CHARSET=utf8 COLLATE=utf8_unicode_ci;

--
-- Dumping data for table `tiposDocumentacion`
--

INSERT INTO `tiposDocumentacion` VALUES (1,'Otros',NULL),(2,'Actas del Consejo',NULL),(3,'Convocatorias del consejo',''),(4,'Actas del Comité Científico','');

--
-- Table structure for table `visitantes`
--

CREATE TABLE `visitantes` (
  `id_visitante` int(10) unsigned NOT NULL AUTO_INCREMENT,
  `nombre` varchar(255) COLLATE utf8_unicode_ci NOT NULL,
  `centroProc` varchar(255) COLLATE utf8_unicode_ci DEFAULT '',
  `fechaI` date DEFAULT NULL,
  `fechaF` date DEFAULT NULL,
  `grupoAcogida` int(10) unsigned DEFAULT NULL,
  PRIMARY KEY (`id_visitante`),
  KEY `visitantes_grupoacogida_foreign` (`grupoAcogida`),
  CONSTRAINT `visitantes_grupoacogida_foreign` FOREIGN KEY (`grupoAcogida`) REFERENCES `girs` (`id_gir`)
) ENGINE=InnoDB DEFAULT CHARSET=utf8 COLLATE=utf8_unicode_ci;

--
-- Dumping data for table `visitantes`
--


--
-- Table structure for table `workshops`
--

CREATE TABLE `workshops` (
  `id_workshop` int(10) unsigned NOT NULL AUTO_INCREMENT,
  `nombre` varchar(255) COLLATE utf8_unicode_ci NOT NULL,
  `fechaI` date NOT NULL,
  `fechaF` date NOT NULL,
  `lugar` varchar(255) COLLATE utf8_unicode_ci NOT NULL,
  `comentarios` longtext COLLATE utf8_unicode_ci,
  `URL` varchar(255) COLLATE utf8_unicode_ci DEFAULT '',
  `documento` varchar(255) COLLATE utf8_unicode_ci DEFAULT NULL,
  `participantes` int(10) unsigned DEFAULT NULL,
  `email` varchar(255) COLLATE utf8_unicode_ci DEFAULT '',
  `estado` int(11) NOT NULL DEFAULT '3',
  `proponente` int(10) unsigned NOT NULL,
  `portada` tinyint(1) NOT NULL DEFAULT '0',
  `agenda` tinyint(1) NOT NULL DEFAULT '0',
  `indicadorW1` varchar(255) COLLATE utf8_unicode_ci DEFAULT '',
  `indicadorW2` varchar(255) COLLATE utf8_unicode_ci DEFAULT '',
  PRIMARY KEY (`id_workshop`),
  KEY `workshops_proponente_foreign` (`proponente`),
  CONSTRAINT `workshops_proponente_foreign` FOREIGN KEY (`proponente`) REFERENCES `investigadores` (`id_investigador`)
) ENGINE=InnoDB AUTO_INCREMENT=35 DEFAULT CHARSET=utf8 COLLATE=utf8_unicode_ci;

--
-- Dumping data for table `workshops`
--

INSERT INTO `workshops` VALUES (1,'6th International Workshop on New challenges in Quantum Mechanics: Integrability and Supersymmetry','2017-06-27','2017-06-30','Sala de Grados 1, Facultad de Ciencias de la U. de Valladolid','The “6th International Workshop on New challenges in Quantum Mechanics: Integrability and Supersymmetry” will be organized to celebrate the 60th birthday of Professor Véronique Hussin, an internationally recognized expert in many branches of mathematical physics. She has made remarkable contributions in this field since the beginning of the eighties up to now: quantum groups, coherent states, integrable and superintegrable systems, representations of Lie groups and Lie algebras, special functions, nonlinear equations and other topics that show her wide range of interest.\r\nThe workshop programme is precisely centered around the topics in which Véronique has been working for many years. We are sure that many of her present and former collaborators, working in different countries, as well as many other researchers, will come to Valladolid to share with her this unique occasion.','http://eventos.uva.es/event_detail/7003/detail/6th-international-workshop-on-new-challenges-in-quantum-mechanics_-integrability-and-supersymmetry.html',NULL,0,'',1,9,1,1,'',''),(2,'IV Encuentro Conjunto RSME-SMM','2017-06-19','2017-06-22','Palacio de Congresos Conde Ansúrez, Valladolid','Cuarto encuentro conjunto de la Real Sociedad Matemática Española y la Sociedad Matemática Mexicana','http://rsme-smm-2017.uva.es/','',0,'',1,9,1,1,'',''),(3,'Colloquium 2017: Celebrating Contributions of Antonio Campillo to Mathematics','2017-06-23','2017-06-23','Aula Magna. Facultad de Ciencias. Universidad de Valladolid','Celebrating Contributions of Antonio Campillo to Mathematics','http://www.singacom.uva.es/ColoquioCampillo2017/index.html','wkshp962017_Cartel-Colloquium2017-AntonioCampillo.pdf',0,'',1,1,1,1,'',''),(4,'V Jornadas de Trabajo sobre Sistemas de Votación','2017-05-05','2017-05-06','Valladolid','Las V Jornadas de Trabajo sobre Sistemas de Votación se celebrarán en Valladolid durante la tarde del viernes 5 de mayo y la mañana del sábado 6 de mayo de 2017','http://www.eco.uva.es/presad/jtSV5/index.html',NULL,0,'',1,9,1,1,'',''),(5,'Annual meeting of the SEIO Working Group on Multivariate Analysis and Classification, AMyC','2017-10-26','2017-10-27','Edificio LUCIA, Universidad de Valladolid','The III International Workshop on Proximity Data, Multivariate Analysis and Classification will take place during October, 26-27, 2017 in Valladolid (Spain). It is organized by the Multivariate Analysis and Classification Spanish SEIO Group AMyC (http://amyc.seio.es/). AMyC is a Working Group of more than 50 researchers from all the Spanish universities. Every year, the Working Group organizes a meeting to promote the communication among its members and between them and other researchers, and to contribute to the development of the Multivariate Analysis and Classification field and related problems and applications. ','http://www.eio.uva.es/wamyc/',NULL,0,'',1,9,1,1,'',''),(6,'XVI Jornadas de Trabajo en Mecánica Celeste (en homenaje a Antonio Elipe en su 60 cumpleaños)','2017-06-19','2017-06-21','Soria',' Las Jornadas de Trabajo en Mecánica Celeste son una iniciativa nacida en 1998 en el seno del Grupo de Mecánica Espacial de la Universidad de Zaragoza que se han convertido en un clásico del panorama científico de España. Hoy en día, estas reuniones permiten a los distintos grupos que trabajan en Mecánica Celeste, bien dentro de la Astronomía, Sistemas Dinámicos o cualquier otra rama del conocimiento, disfrutar de las ventajas que ofrece un punto de encuentro periódico, estimulante y bien asentado.\r\n\r\nCada edición de las Jornadas se ha venido organizando por una universidad o grupo de investigación diferente. La presente edición será la decimosexta y será acogida de nuevo por la Universidad de Valladolid, esta vez en su Campus de Soria. ','http://albergueweb.uva.es/xvijtmc/',NULL,0,'',1,9,1,1,'',''),(7,'XV Seminario de Matemática Discreta en Valladolid','2017-06-07','2017-06-09','Aula Alan Turing, Escuela de Ingeniería Informática, Universidad de Valladolid','Del 7 al 9 de junio de 2017 se celebrará en la Universidad de Valladolid el XV Seminario de Matemática Discreta destinado a investigadores interesados, en general, en Teoría de Grafos, Problemas Espectrales Inversos, Teoría Discreta de Potencial y Geometría Computacional.\r\n\r\n','http://smd.blogs.inf.uva.es',NULL,0,'',1,9,1,1,'',''),(8,'Methodological Advances in Statistics Related to Big Data','2015-06-08','2015-06-12','Castro Urdiales, Cantabria','\r\nThe workshop “Methodological advances in Statistics related to BIG DATA” will be an international scientific meeting organized by the IMUVA, the Mathematical Institute of the University of Valladolid, Spain on behalf of REDIUM, the network of Spanish mathematical resarch institutes. The meeting will be held  at CIEM (International Center for Mathematical Meetings) in Castro-Urdiales, Cantabria, Spain. The workshop will include two short  courses (6 hours each) to be given by leading research  experts on the field. A second scientific activity will consist of  plenary conferences covering the main methodological challenges from the point of view of mathematical statistics in the Big Data setting. The workshop will include, as well, oral contributions to be selected from proposals by young researchers interested in the topic. The number of participants is limited to 70.\r\n','http://157.88.39.7/workshop/','wkshp1372017_CartelBigDataCIEM.pdf',0,'',1,9,0,0,'',''),(9,'New Perspectives in Markov Chain Monte Carlo','2015-06-08','2015-06-12','Valladolid',' Markov Chain Monte Carlo (MCMC) methods are undoubtedly among the most important algorithms in science. The school New Perspectives in Markov Chain Monte Carlo is aimed at providing a survey of several recent developments in MCMC. There will be three courses of lectures taught by leading researchers; additionally, some participants will be given the opportunity of presenting their own results.\r\n\r\nThe school is addressed to mathematicians, statisticians, and scientists interested in MCMC. PhD students and postdoctoral researchers attending the school may be financially supported by the organization.\r\n\r\nThe school will take place at the University of Valladolid (Spain), June 8-12, 2015. It is organized by Jesús María Sanz-Serna and Mari Paz Calvo. \r\n\r\nCourses\r\n\r\n    Exact approximations of MCMC algorithms, by Christophe Andrieu, University of Bristol (United Kingdom)\r\n\r\n    MCMC-based integrators for SDEs, by Nawaf Bou-Rabee, Rutgers - The State University of New Jersey (USA)\r\n\r\n    MCMC in High Dimensions, by Andrew Stuart, University of Warwick (United Kingdom)\r\n\r\n\r\n','http://wmatem.eis.uva.es/npmcmc/',NULL,0,'',1,9,0,0,'',''),(10,'Workshop \"Modelling, Theory and Numerical Approximation of Nonlinear Wave Problems\" 2017','2017-10-23','2017-10-24','Facultad de Ciencias','The workshop is devoted to the physical and mathematical treatment of models for Nonlinear Waves. Speakers: Ricardo Barros (Loughborough University), Vassilios Dougalis (University of Athens), Dimitrios Mitsotakis (Victoria University of Wellington), Manuel G. Velarde (Instituto Pluridisciplinar, UCM, Madrid).','','wkshp1892017_NonlinearWaves2017.pdf',0,'',1,9,1,1,'',''),(11,'Seventh Iberoamerican Congress on Geometry','2018-01-22','2018-01-26','Edificio Rector Tejerina. Universidad de Valladolid','The wealth of mathematics to which Riemann surfaces and algebraic curves are central, as a tool is now stunning, in differential geometry, topology, algebraic geometry, singularities, mathematical physics, dynamics, hyperbolic geometry and other subjects constantly developing new techniques to work with curves, and applying them in ever changing and evolving directions. The Iberoamerican Congresses on Geometry (ICG’s) are unique in bringing people from these diverse mathematical communities together, and fostering an exchange of ideas among mathematicians in different fields, united by Riemann surfaces and related constructions.\r\n\r\nThe 7th congress will showcase the recent advances in a broad range of geometric subjects. The program consists of nine plenary talks, seven special sessions and a poster session. Plenary talks, about current issues and of historical interest, are in such core areas traditionally represented at the ICG’s as Teichmüller theory, Riemann surfaces, abelian varieties, dynamics, and foliations, but also in more differential-geometric pursuits of minimal surfaces and study of min-max surfaces, and topics in probability, tropical geometry, and mathematical physics. Topics of the special sessions are algebraic surfaces, abelian varieties, hyperbolic geometry and Teichmüller theory, algebraic and complex geometry, topology of singularities, geometry and physics, and holomorphic and algebraic foliations.','http://iberoamericangeometry2018.uva.es/',NULL,0,'',1,9,1,1,'',''),(12,'Mass Transportation Theory: Opening perspectives in Statistics, Probability and Computer Science','2018-06-04','2018-06-08','Valladolid','The workshop “Mass Transportation Theory: Opening perspectives in Statistics, Probability and Computer Science” will be held at the IMUVA facilities in Valladolid, Spain. The workshop will include two short courses (5 hours each) to be given by leading research experts on the field. A second scientific activity will consist of plenary conferences covering the main methodological challenges and achievements of the Mass Transportation Theory from several points of view, notably those related to Statistics, Probability and Computer Science. The workshop will include, as well, oral contributions to be selected from proposals by young researchers interested in the topic. The number of participants is limited to 40.','http://www.imuva.uva.es/otinspandcs2018/',NULL,0,'',1,9,1,1,'',''),(13,'ISAS 2018: International Symposium on Aggregation and Structures','2018-07-02','2018-07-05','Valladolid','The goal of ISAS (International Symposium on Aggregation and Structures) is to give the opportunity to researchers to present and discuss their latest (theoretically grounded) results about aggregation and structures, and to identify new trends in the field. The topic has to be understood in a wide sense: aggregation on structures and aggregation of structures.','http://isas2018.uva.es','wkshp952018_ISAS_18 - poster.pdf',0,'',2,9,1,1,'',''),(14,'VI Jornadas de Trabajo sobre Sistemas de Votación','2019-05-03','2019-05-04','Valdeavellano de Tera, Soria','Las VI Jornadas de Trabajo sobre Sistemas de Votación se celebrarán en Valdeavellano de Tera (Soria) durante la tarde del viernes 3 de mayo y la mañana del sábado 4 de mayo de 2019. ','http://www.eco.uva.es/presad/jtSV6/index.html',NULL,0,'',1,9,1,1,'',''),(15,' XVI Seminario de Matemática Discreta','2019-06-13','2019-06-15','Valladolid','Del 13 al 15 de junio de 2019 se celebrará en la Universidad de Valladolid el XVI Seminario de Matemática Discreta destinado a investigadores interesados, en general, en Teoría de Grafos, Computación Cuántica, Problemas Espectrales, Teoría Discreta de Potencial y Geometría Computacional. Más información en\r\n\r\nhttp://www.smd.blogs.inf.uva.es\r\n','http://www.smd.blogs.inf.uva.es',NULL,0,'',1,9,1,1,'',''),(16,'Formal and Analytic Solutions of Functional Equations 2019 (FASFE19)','2019-09-09','2019-09-12','Sala de Grados II, Facultad de Ciencias, Universidad de Valladolid','The Workshop FASFE19 will bring together experts and younger researchers in the field of Formal and Analytic Solutions of Functional Equations, with the aim of improving the exchange of ideas and creating new scientific collaborations.\r\nAmong other topics, we highlight the following ones:\r\n    Formal and analytic solutions for ordinary differential equations in the complex domain. Stokes multipliers.\r\n    Formal and analytic solutions of other kinds of functional equations: difference, q-difference, differential-difference, moment-differential and PD equations.\r\n    Summability of WKB solutions, singular perturbations problems.\r\n    Asymptotic expansions, Borel summability.\r\n    Algebraic study of solutions of differential equations and D-modules.\r\n\r\nThe abstracts of the talks can be found at http://eventos.uva.es/32275/section/20306/workshop-fasfe19.html\r\nThe schedule is available at http://eventos.uva.es/32275/section/17611/workshop-fasfe19.html','http://eventos.uva.es/32275/detail/workshop-fasfe19.html',NULL,26,'',1,77,1,1,'',''),(17,'Eighth Workshop \"New Challenges in Quantum Mechanics: Integrability, Supersymmetry and Quantum Technologies\"','2021-06-24','2021-06-24','Aula Magna, Aulario Facultad de Ciencias','','','wkshp2162021_8th_workshop-vallad_June_24_2021.pdf',0,'',1,9,1,1,'',''),(18,'VII Jornadas de Trabajo sobre Sistemas de Votación','2022-05-20','2022-05-21','Instituto de Estudios Europeos, Plaza de Santa Cruz 5, Valladolid','Las VII Jornadas de Trabajo sobre Sistemas de Votación se celebrarán en Valladolid durante la tarde del viernes 20 de mayo y la mañana del sábado 21 de mayo de 2022.\r\n\r\nEstas jornadas, complementarias de los Encuentros de la REES (Red Española de Elección Social), dan continuidad a anteriores ediciones que, con caracter bienal, se celebran desde 2009: las primeras jornadas y las quintas se celebraron en Valladolid, mientras que las segundas, terceras, cuartas y sextas tuvieron lugar en Valdeavellano de Tera (Soria).\r\n','http://www.eco.uva.es/presad/jtSV7/',NULL,0,'',1,9,1,1,'',''),(19,'XL Congreso Anual de la Sociedad Española de Ingeniería Biomédica (CASEIB 2022)','2022-11-23','2022-11-25','Facultad de Medicina, Universidad de Valladolid','Organizado por el Grupo de Ingeniería Biomédica de la Universidad de Valladolid y la Sociedad Española de Ingeniería Biomédica','https://caseib.es/2022/',NULL,0,'',1,9,1,1,'',''),(20,'New bridges between Mathematics and Data Science','2021-11-08','2021-11-11','Edificio de congresos Conde Ansúrez, Valladolid','The Spanish ‘Mathematical Strategic Network’ (‘Red Estratégica de Matemáticas’, REM) organizes a one-week workshop in 8-11 November 2021 in Valladolid, Spain, with the aim of bringing together researchers in mathematics, machine learning, and data science, to exchange ideas and progress in the construction of new bridges among these fields and make visible the work already done.','http://nbmds.uva.es',NULL,0,'',1,9,0,0,'',''),(21,'10th International Conference on Soft Methods in Probability and Statistics (SMPS 2022)','2022-09-14','2022-09-16','Edificio de congresos Conde Ansúrez, Valladolid','The SMPS conference is a biennial event joining experts representing existing approaches used in soft probability and statistics. In particular, we would welcome papers combining probability and statistics with fuzzy logic/possibility theory, applications of generalized theories of uncertainty and information, generalized random elements, genetic algorithms, neural networks, generalized probabilities and so on, as well as dealing with the analysis of functional, imperfect, incomplete, imprecise, and other type of data.','http://smps2022.uva.es/',NULL,0,'',1,9,0,0,'',''),(22,'SecureCAT | Kick-off workshop','2023-01-23','2023-01-26','Aguilar de Campoo','We will celebrate the Kick-off workshop of the project secureCAT on January 22nd-26th 2023: http://www.singacom.uva.es/~securecat/KOmeeting.html ','http://www.singacom.uva.es/~securecat/KOmeeting.html',NULL,0,'',1,110,1,1,'',''),(23,'Annual meeting of the SEIO working group on Multivariate Analysis and Classification (AMyC)','2023-07-11','2023-07-12','Valladolid','The V International Workshop on Proximity Data, Multivariate Analysis and Classification, organized by the Multivariate Analysis and Classification Spanish SEIO Group (AMyC), will take place during July,11-12, 2023 in Valladolid (Spain).','http://amyc.uva.es/',NULL,0,'',1,9,1,1,'',''),(24,'Modelling the Propagation of Fluids: Mathematical Analysis and Numerical Approximation','2023-06-26','2023-06-27','Universidad de Valladolid','Workshop aimed at presenting some recent advances in the formulation, theoretical analysis and numerical treatment of models of fluid propagation, bringing together mathematicians, physicists and all researchers and postgraduate students interested in the topic.','http://mpf.uva.es/',NULL,0,'',1,9,1,1,'',''),(25,'JMSS-70: Workshop on Numerical Analysis celebrating J.M. Sanz-Serna 70th birthday','2023-06-12','2023-06-13','Facultad de Ciencias, Universidad de Valladolid','JMSS-70 is a scientific meeting organized to honour J.M. Sanz-Serna, on the occasion of his 70th birthday. The workshop will contribute to share recent results in the field of Numerical Analysis that have been obtained by Sanz-Serna’s former students and recent collaborators.','http://jmss70.uva.es/',NULL,0,'',1,9,1,1,'',''),(28,'Fourth AERNA Workshop on Game Theory and the Environment','2023-09-04','2023-09-05','Instituto Universitario de Estudios Europeos, Universidad de Valladolid','Workshop of the AERNA Working Group on Game Theory and Environmental and Resource Economics. It invites submissions of papers that deal with environmental and resource economics problems using any of the branches of Game Theory. Theoretical and empirical contributions are welcome, including, but not limited to, coalition formation, strategic environmental policy, dynamic games, bargaining, behavioral economics, experimental economics and network economics.','https://aerna.org/workshops/',NULL,0,'',1,9,1,1,'',''),(29,'SecureCAT. Follow-up workshop','2024-01-10','2024-01-12','Aguilar de Campoo (Palencia)','Follow-up workshop of the project secureCAT','http://www.singacom.uva.es/~securecat/FUmeeting.html',NULL,18,'',1,9,1,1,'',''),(30,'De prueba','0000-00-00','0000-00-00','CIENCIAS','Lorem ipsum dolor sit amet, consectetur adipiscing elit, sed do eiusmod tempor incididunt ut labore et dolore magna aliqua. Ut enim ad minim veniam, quis nostrud exercitation ullamco laboris nisi ut aliquip ex ea commodo consequat. Duis aute irure dolor in reprehenderit in voluptate velit esse cillum dolore eu fugiat nulla pariatur. Excepteur sint occaecat cupidatat non proident, sunt in culpa qui officia deserunt mollit anim id est laborum.','',NULL,0,'',1,100,1,0,'','');


